000
CXUS52 KILM 021337
CLMCRE
CLIMATE REPORT
NATIONAL WEATHER SERVICE WILMINGTON NC
937 AM EDT MON OCT 02 2023
...................................
...THE N.MYRTLE BEACH SOUTH CAROLINA CLIMATE SUMMARY FOR THE MONTH OF SEPTEMBER 2023...
CLIMATE NORMAL PERIOD 1991 TO 2020
CLIMATE RECORD PERIOD 1931 TO 2023
WEATHER OBSERVED NORMAL DEPART LAST YEAR`S
VALUE DATE(S) VALUE FROM VALUE DATE(S)
NORMAL
................................................................
TEMPERATURE (F)
RECORD
HIGH 95 09/03/2010
LOW 46 09/26/1950
HIGHEST 93 09/05 MM MM 91 09/06
LOWEST 54 09/16 MM MM 49 09/24
AVG. MAXIMUM 82.0 83.2 -1.2 82.4
AVG. MINIMUM 65.6 67.7 -2.1 66.8
MEAN 73.8 75.5 -1.7 74.6
DAYS MAX >= 90 2 1.7 0.3 1
DAYS MAX <= 32 0 0.0 0.0 0
DAYS MIN <= 32 0 0.0 0.0 0
DAYS MIN <= 0 0 0.0 0.0 0
PRECIPITATION (INCHES)
RECORD
MAXIMUM 23.16 1999
MINIMUM 0.87 2012
TOTALS 3.55 6.65 -3.10 5.95
DAILY AVG. 0.12 0.22 -0.10
DAYS >= .01 8 10.9 -2.9
DAYS >= .10 7 6.0 1.0
DAYS >= .50 3 3.3 -0.3
DAYS >= 1.00 1 1.6 -0.6
GREATEST
24 HR. TOTAL 1.05 09/17 TO 09/17
DEGREE DAYS
HEATING TOTAL 2 3 -1 5
SINCE 7/1 2 0 2
COOLING TOTAL 273 317 -44 302
SINCE 1/1 1842 1877 -35
FREEZE DATES
RECORD
EARLIEST MM
LATEST MM
EARLIEST 01/01
LATEST 03/29
................................................................
WIND (MPH)
AVERAGE WIND SPEED 6.5
RESULTANT WIND SPEED/DIRECTION 1/020
HIGHEST WIND SPEED/DIRECTION 24/350 DATE 09/22
HIGHEST GUST SPEED/DIRECTION 41/330 DATE 09/22
SKY COVER
AVERAGE SKY COVER 0.29
AVERAGE RH (PERCENT) 76
WEATHER CONDITIONS. NUMBER OF DAYS WITH
THUNDERSTORM 6 MIXED PRECIP MM
HEAVY RAIN 6 RAIN 7
LIGHT RAIN 8 FREEZING RAIN 0
LT FREEZING RAIN 0 HAIL MM
HEAVY SNOW 0 SNOW 0
LIGHT SNOW 0 SLEET MM
FOG 13 FOG W/VIS <= 1/4 MILE 1
HAZE 2
- INDICATES NEGATIVE NUMBERS.
R INDICATES RECORD WAS SET OR TIED.
MM INDICATES DATA IS MISSING.
T INDICATES TRACE AMOUNT.
$$