000
CXUS54 KCRP 261210
CF6CRP
PRELIMINARY LOCAL CLIMATOLOGICAL DATA (WS FORM: F-6)
STATION: CORPUS CHRISTI
MONTH: APRIL
YEAR: 2024
LATITUDE: 27 46 N
LONGITUDE: 97 30 W
TEMPERATURE IN F: :PCPN: SNOW: WIND :SUNSHINE: SKY :PK WND
================================================================================
1 2 3 4 5 6A 6B 7 8 9 10 11 12 13 14 15 16 17 18
12Z AVG MX 2MIN
DY MAX MIN AVG DEP HDD CDD WTR SNW DPTH SPD SPD DIR MIN PSBL S-S WX SPD DR
================================================================================
1 87 73 80 9 0 15 T 0.0 0 19.3 35 170 M M 9 1 44 160
2 90 65 78 7 0 13 0.00 0.0 0 17.4 28 10 M M 4 1 36 360
3 83 49 66 -5 0 1 0.00 0.0 0 8.4 23 10 M M 1 29 20
4 91 50 71 0 0 6 0.00 0.0 0 9.5 21 140 M M 1 32 100
5 88 51 70 -2 0 5 0.00 0.0 0 15.1 31 150 M M 3 39 150
6 83 69 76 4 0 11 0.00 0.0 0 19.9 35 150 M M 8 42 150
7 86 72 79 7 0 14 0.00 0.0 0 10.0 17 160 M M 10 1 24 170
8 79 72 76 4 0 11 T 0.0 0 13.1 25 150 M M 10 1 32 150
9 90 75 83 11 0 18 0.01 0.0 0 18.4 35 140 M M 8 1 44 150
10 82 63 73 1 0 8 0.36 0.0 0 18.8 40 300 M M 4 138 53 300
11 90 51 71 -2 0 6 0.00 0.0 0 8.5 18 330 M M 1 24 330
12 86 54 70 -3 0 5 0.00 0.0 0 9.2 21 140 M M 5 1 31 170
13 84 65 75 2 0 10 0.00 0.0 0 15.5 28 140 M M 8 39 150
14 86 70 78 5 0 13 0.00 0.0 0 16.3 28 150 M M 8 35 150
15 84 73 79 6 0 14 0.00 0.0 0 20.4 31 140 M M 9 42 150
16 86 75 81 7 0 16 0.00 0.0 0 16.7 28 150 M M 10 18 38 140
17 88 75 82 8 0 17 T 0.0 0 11.6 31 140 M M 10 18 37 150
18 88 75 82 8 0 17 0.00 0.0 0 12.5 22 150 M M 9 1 31 170
19 91 72 82 8 0 17 0.00 0.0 0 10.9 20 130 M M 7 1 29 80
20 87 67 77 3 0 12 0.01 0.0 0 12.2 29 360 M M 8 1 35 360
21 73 58 66 -8 0 1 T 0.0 0 16.1 26 10 M M 8 3 38 350
22 75 61 68 -7 0 3 0.01 0.0 0 10.2 17 50 M M 7 23 70
23 80 60 70 -5 0 5 T 0.0 0 12.0 21 140 M M 9 29 160
24 86 73 80 5 0 15 0.00 0.0 0 13.3 22 110 M M 8 30 130
25 85 74 80 5 0 15 T 0.0 0 19.1 30 150 M M 9 42 150
================================================================================
SM 2128 1642 0 268 0.39 0.0 354.4 M 174
================================================================================
AV 85.1 65.7 14.2 FASTST M M 7 MAX(MPH)
MISC ----> 40 300 53 300
================================================================================
NOTES:
# LAST OF SEVERAL OCCURRENCES
COLUMN 17 PEAK WIND IN M.P.H.
PRELIMINARY LOCAL CLIMATOLOGICAL DATA (WS FORM: F-6) , PAGE 2
STATION: CORPUS CHRISTI
MONTH: APRIL
YEAR: 2024
LATITUDE: 27 46 N
LONGITUDE: 97 30 W
[TEMPERATURE DATA] [PRECIPITATION DATA] SYMBOLS USED IN COLUMN 16
AVERAGE MONTHLY: 75.4 TOTAL FOR MONTH: 0.39 1 = FOG OR MIST
DPTR FM NORMAL: 2.4 DPTR FM NORMAL: -1.24 2 = FOG REDUCING VISIBILITY
HIGHEST: 91 ON 19, 4 GRTST 24HR 0.37 ON 9-10 TO 1/4 MILE OR LESS
LOWEST: 49 ON 3 3 = THUNDER
SNOW, ICE PELLETS, HAIL 4 = ICE PELLETS
TOTAL MONTH: 0.0 INCH 5 = HAIL
GRTST 24HR 0.0 6 = FREEZING RAIN OR DRIZZLE
GRTST DEPTH: 0 7 = DUSTSTORM OR SANDSTORM:
VSBY 1/2 MILE OR LESS
8 = SMOKE OR HAZE
[NO. OF DAYS WITH] [WEATHER - DAYS WITH] 9 = BLOWING SNOW
X = TORNADO
MAX 32 OR BELOW: 0 0.01 INCH OR MORE: 4
MAX 90 OR ABOVE: 5 0.10 INCH OR MORE: 1
MIN 32 OR BELOW: 0 0.50 INCH OR MORE: 0
MIN 0 OR BELOW: 0 1.00 INCH OR MORE: 0
[HDD (BASE 65) ]
TOTAL THIS MO. 0 CLEAR (SCALE 0-3) 4
DPTR FM NORMAL -9 PTCLDY (SCALE 4-7) 8
TOTAL FM JUL 1 606 CLOUDY (SCALE 8-10) 13
DPTR FM NORMAL -193
[CDD (BASE 65) ]
TOTAL THIS MO. 268
DPTR FM NORMAL 57 [PRESSURE DATA]
TOTAL FM JAN 1 572 HIGHEST SLP M ON M
DPTR FM NORMAL 124 LOWEST SLP 29.51 ON 9
[REMARKS]