000
CXUS54 KFWD 010830
CF6CRS
PRELIMINARY LOCAL CLIMATOLOGICAL DATA (WS FORM: F-6)
STATION: CORSICANA
MONTH: FEBRUARY
YEAR: 2022
LATITUDE: 32 1 N
LONGITUDE: 96 24 W
TEMPERATURE IN F: :PCPN: SNOW: WIND :SUNSHINE: SKY :PK WND
================================================================================
1 2 3 4 5 6A 6B 7 8 9 10 11 12 13 14 15 16 17 18
12Z AVG MX 2MIN
DY MAX MIN AVG DEP HDD CDD WTR SNW DPTH SPD SPD DIR MIN PSBL S-S WX SPD DR
================================================================================
1 68 49 59 10 6 0 0.01 M M 4.9 12 170 M M 9 12 17 170
2 56 33 45 -5 20 0 1.76 M M 10.3 23 340 M M 10 12 32 350
3 34 22 28 -22 37 0 0.53 M M 16.5 23 340 M M 10 16 33 340
4 35 21 28 -22 37 0 0.00 M M 11.5 21 340 M M 8 26 340
5 48 19 34 -16 31 0 0.00 M M 5.1 12 230 M M 0 15 230
6 56 27 42 -8 23 0 0.00 M M 5.8 12 150 M M 0 17 160
7 60 31 46 -4 19 0 0.00 M M 8.4 22 340 M M 0 31 340
8 65 31 48 -2 17 0 0.00 M M 8.9 17 200 M M 0 27 210
9 70 35 53 2 12 0 0.00 M M 6.0 14 210 M M 0 19 210
10 73 36 55 4 10 0 0.00 M M 4.4 12 350 M M 0 15 340
11 75 47 61 10 4 0 0.00 M M 12.7 23 190 M M 0 8 31 190
12 62 30 46 -5 19 0 T M M 12.6 25 10 M M 7 41 20
13 65 23 44 -8 21 0 0.00 M M 6.8 17 260 M M 0 22 250
14 71 36 54 2 11 0 0.00 M M 9.5 20 210 M M 0 27 170
15 74 40 57 5 8 0 0.00 M M 15.9 30 170 M M 2 39 180
16 73 62 68 16 0 3 0.01 M M 19.3 28 170 M M 10 1 37 180
17 70 33 52 0 13 0 0.13 M M 16.9 28 310 M M 9 1 36 310
18 54 29 42 -10 23 0 0.00 M M 5.7 16 350 M M 0 21 360
19 64 29 47 -6 18 0 0.00 M M 4.6 10 180 M M 0 18 50
20 68 39 54 1 11 0 0.00 M M 11.7 22 190 M M 0 30 190
21 84 58 71 18 0 6 0.00 M M 16.6 33 170 M M 6 12 44 160
22 77 40 59 6 6 0 T M M 16.1 31 180 M M 5 44 200
23 40 27 34 -20 31 0 0.03 M M 12.8 20 340 M M 10 16 28 350
24 32 26 29 -25 36 0 0.02 M M 10.1 18 360 M M 10 16 26 10
25 38 25 32 -22 33 0 0.00 M M 10.4 18 360 M M 9 29 340
26 39 36 38 -16 27 0 0.10 M M 7.3 13 360 M M 10 1 17 350
27 57 34 46 -9 19 0 0.00 M M 9.4 18 350 M M 2 18 25 340
28 66 28 47 -8 18 0 0.00 M M 3.0 8 200 M M 0 15 180
================================================================================
SM 1674 946 510 9 2.59 M 283.2 M 117
================================================================================
AV 59.8 33.8 10.1 FASTST M M 4 MAX(MPH)
MISC ----> 33 170 # 44 160
================================================================================
NOTES:
# LAST OF SEVERAL OCCURRENCES
COLUMN 17 PEAK WIND IN M.P.H.
PRELIMINARY LOCAL CLIMATOLOGICAL DATA (WS FORM: F-6) , PAGE 2
STATION: CORSICANA
MONTH: FEBRUARY
YEAR: 2022
LATITUDE: 32 1 N
LONGITUDE: 96 24 W
[TEMPERATURE DATA] [PRECIPITATION DATA] SYMBOLS USED IN COLUMN 16
AVERAGE MONTHLY: 46.8 TOTAL FOR MONTH: 2.59 1 = FOG OR MIST
DPTR FM NORMAL: -5.1 DPTR FM NORMAL: -0.08 2 = FOG REDUCING VISIBILITY
HIGHEST: 84 ON 21 GRTST 24HR 2.29 ON 2- 3 TO 1/4 MILE OR LESS
LOWEST: 19 ON 5 3 = THUNDER
SNOW, ICE PELLETS, HAIL 4 = ICE PELLETS
TOTAL MONTH: M 5 = HAIL
GRTST 24HR M ON M 6 = FREEZING RAIN OR DRIZZLE
GRTST DEPTH: M ON M 7 = DUSTSTORM OR SANDSTORM:
VSBY 1/2 MILE OR LESS
8 = SMOKE OR HAZE
[NO. OF DAYS WITH] [WEATHER - DAYS WITH] 9 = BLOWING SNOW
X = TORNADO
MAX 32 OR BELOW: 1 0.01 INCH OR MORE: 8
MAX 90 OR ABOVE: 0 0.10 INCH OR MORE: 4
MIN 32 OR BELOW: 14 0.50 INCH OR MORE: 2
MIN 0 OR BELOW: 0 1.00 INCH OR MORE: 1
[HDD (BASE 65) ]
TOTAL THIS MO. 510 CLEAR (SCALE 0-3) 15
DPTR FM NORMAL 131 PTCLDY (SCALE 4-7) 4
TOTAL FM JUL 1 1454 CLOUDY (SCALE 8-10) 9
DPTR FM NORMAL -260
[CDD (BASE 65) ]
TOTAL THIS MO. 9
DPTR FM NORMAL -3 [PRESSURE DATA]
TOTAL FM JAN 1 9 HIGHEST SLP 30.67 ON 4
DPTR FM NORMAL -1 LOWEST SLP 29.71 ON 17
[REMARKS]
#FINAL-02-22#