000
CXUS55 KOHX 011110
CF6CSV
PRELIMINARY LOCAL CLIMATOLOGICAL DATA (WS FORM: F-6)
STATION: CROSSVILLE
MONTH: AUGUST
YEAR: 2021
LATITUDE: 35 57 N
LONGITUDE: 85 5 W
TEMPERATURE IN F: :PCPN: SNOW: WIND :SUNSHINE: SKY :PK WND
================================================================================
1 2 3 4 5 6A 6B 7 8 9 10 11 12 13 14 15 16 17 18
12Z AVG MX 2MIN
DY MAX MIN AVG DEP HDD CDD WTR SNW DPTH SPD SPD DIR MIN PSBL S-S WX SPD DR
================================================================================
1 77 62 70 -4 0 5 0.07 M M 6.9 16 260 M M 6 138 26 260
2 79 59 69 -5 0 4 0.00 M M 3.6 13 60 M M 1 128 17 30
3 79 58 69 -5 0 4 0.00 M M 3.4 12 340 M M 2 18 16 350
4 79 58 69 -5 0 4 0.00 M M 2.7 12 20 M M 2 18 16 30
5 81 57 69 -5 0 4 0.00 M M 1.3 7 200 M M 2 18 12 270
6 81 64 73 -1 0 8 0.00 M M 2.4 14 290 M M 5 1 20 290
7 79 63 71 -3 0 6 0.01 M M 1.8 10 290 M M 5 13 18 250
8 83 60 72 -2 0 7 0.00 M M 2.4 10 160 M M 1 1 20 180
9 88 66 77 3 0 12 0.04 M M 3.7 14 80 M M 3 138 20 110
10 87 69 78 4 0 13 T M M 2.8 16 260 M M 2 13 24 260
11 88 70 79 5 0 14 T M M 4.0 13 290 M M 2 13 18 260
12 86 65 76 3 0 11 0.00 M M 2.8 9 170 M M 1 1 15 170
13 85 66 76 3 0 11 0.00 M M 2.9 12 280 M M 1 13 19 170
14 87 65 76 3 0 11 0.77 M M 3.2 20 30 M M 3 1238 28 30
15 80 66 73 0 0 8 1.04 M M 4.5 12 290 M M 7 1238 16 120
16 78 67 73 0 0 8 0.08 M M 2.0 8 190 M M 4 1 13 190
17 72 64 68 -5 0 3 0.46 M M 5.2 16 70 M M 8 1 24 60
18 84 62 73 0 0 8 0.68 M M 2.2 15 270 M M 4 123 23 280
19 78 68 73 0 0 8 0.00 M M 2.8 12 280 M M 7 1 16 250
20 84 67 76 3 0 11 0.24 M M 2.7 9 340 M M 7 13 14 230
21 80 66 73 0 0 8 T M M 2.9 10 190 M M 5 1 17 210
22 86 66 76 4 0 11 T M M 4.1 12 340 M M 5 12 20 360
23 87 63 75 3 0 10 0.00 M M 2.1 8 10 M M 0 18 13 70
24 88 65 77 5 0 12 0.00 M M 1.5 8 120 M M 1 18 11 130
25 90 66 78 6 0 13 0.00 M M 1.1 8 160 M M 0 138 14 180
26 87 66 77 5 0 12 0.00 M M 1.5 10 20 M M 0 138 15 50
27 85 66 76 4 0 11 0.00 M M 1.5 9 190 M M 1 1 14 240
28 85 66 76 4 0 11 0.00 M M 1.9 12 140 M M 1 1 16 160
29 84 68 76 4 0 11 0.00 M M 2.2 10 160 M M 1 1 16 160
30 81 66 74 3 0 9 0.86 M M 2.8 14 140 M M 3 13 21 140
31 71 66 69 -2 0 4 1.91 M M 6.3 14 100 M M 10 1 24 100
================================================================================
SM 2559 2000 0 272 6.16 M 91.2 M 100
================================================================================
AV 82.5 64.5 2.9 FASTST M M 3 MAX(MPH)
MISC ----> 20 30 28 30
================================================================================
NOTES:
# LAST OF SEVERAL OCCURRENCES
COLUMN 17 PEAK WIND IN M.P.H.
PRELIMINARY LOCAL CLIMATOLOGICAL DATA (WS FORM: F-6) , PAGE 2
STATION: CROSSVILLE
MONTH: AUGUST
YEAR: 2021
LATITUDE: 35 57 N
LONGITUDE: 85 5 W
[TEMPERATURE DATA] [PRECIPITATION DATA] SYMBOLS USED IN COLUMN 16
AVERAGE MONTHLY: 73.5 TOTAL FOR MONTH: 6.16 1 = FOG OR MIST
DPTR FM NORMAL: 0.6 DPTR FM NORMAL: 2.55 2 = FOG REDUCING VISIBILITY
HIGHEST: 90 ON 25 GRTST 24HR 1.91 ON 31-31 TO 1/4 MILE OR LESS
LOWEST: 57 ON 5 3 = THUNDER
SNOW, ICE PELLETS, HAIL 4 = ICE PELLETS
TOTAL MONTH: M 5 = HAIL
GRTST 24HR M ON M 6 = FREEZING RAIN OR DRIZZLE
GRTST DEPTH: M ON M 7 = DUSTSTORM OR SANDSTORM:
VSBY 1/2 MILE OR LESS
8 = SMOKE OR HAZE
[NO. OF DAYS WITH] [WEATHER - DAYS WITH] 9 = BLOWING SNOW
X = TORNADO
MAX 32 OR BELOW: 0 0.01 INCH OR MORE: 11
MAX 90 OR ABOVE: 1 0.10 INCH OR MORE: 7
MIN 32 OR BELOW: 0 0.50 INCH OR MORE: 5
MIN 0 OR BELOW: 0 1.00 INCH OR MORE: 2
[HDD (BASE 65) ]
TOTAL THIS MO. 0 CLEAR (SCALE 0-3) 18
DPTR FM NORMAL -2 PTCLDY (SCALE 4-7) 12
TOTAL FM JUL 1 1 CLOUDY (SCALE 8-10) 1
DPTR FM NORMAL 0
[CDD (BASE 65) ]
TOTAL THIS MO. 272
DPTR FM NORMAL 25 [PRESSURE DATA]
TOTAL FM JAN 1 775 HIGHEST SLP 30.23 ON 28
DPTR FM NORMAL 9 LOWEST SLP 29.56 ON 31
[REMARKS]
#FINAL-08-21#