000
CXUS56 KTFX 040531
CF6CTB
PRELIMINARY LOCAL CLIMATOLOGICAL DATA (WS FORM: F-6)
STATION: CUT BANK MT
MONTH: JUNE
YEAR: 2022
LATITUDE: 48 37 N
LONGITUDE: 112 23 W
TEMPERATURE IN F: :PCPN: SNOW: WIND :SUNSHINE: SKY :PK WND
================================================================================
1 2 3 4 5 6A 6B 7 8 9 10 11 12 13 14 15 16 17 18
12Z AVG MX 2MIN
DY MAX MIN AVG DEP HDD CDD WTR SNW DPTH SPD SPD DIR MIN PSBL S-S WX SPD DR
================================================================================
1 68 40 54 -1 11 0 0.00 M 0 4.5 14 120 M M 5 20 110
2 68 32 50 -5 15 0 0.00 M 0 6.8 17 140 M M 3 8 23 190
3 59 40 50 -5 15 0 0.03 M 0 4.3 9 130 M M 6 12 130
4 70 40 55 0 10 0 0.14 M 0 5.3 21 240 M M 5 18 28 230
5 71 46 59 4 6 0 0.00 M 0 11.9 28 260 M M 5 35 270
6 68 44 56 0 9 0 T M 0 14.7 31 250 M M 3 43 250
7 56 42 49 -7 16 0 0.24 M 0 13.8 35 290 M M 8 1 46 300
8 69 37 53 -3 12 0 0.00 M 0 10.8 33 250 M M 2 1 40 250
9 73 48 61 5 4 0 0.00 M 0 16.1 25 260 M M 1 35 250
10 76 57 67 11 0 2 0.00 M 0 21.9 39 240 M M 2 51 250
11 73 51 62 5 3 0 0.00 M 0 18.8 36 250 M M 2 47 250
12 69 47 58 1 7 0 0.00 M 0 11.1 25 250 M M 3 40 240
13 63 44 54 -3 11 0 0.08 M 0 22.9 41 260 M M 5 1 50 250
14 52 40 46 -11 19 0 0.12 M 0 37.4 54 250 M M 10 1 69 260
15 65 43 54 -3 11 0 0.01 M 0 22.2 35 310 M M 8 48 290
16 76 38 57 -1 8 0 0.00 M 0 10.3 26 120 M M 0 35 120
17 80 48 64 6 1 0 0.00 M 0 13.2 30 240 M M 0 3 40 240
18 73 53 63 5 2 0 0.48 M 0 9.6 29 280 M M 4 13 37 270
19 68 50 59 1 6 0 0.08 M 0 10.9 32 280 M M 6 13 39 260
20 53 45 49 -9 16 0 2.67 M 0 17.9 26 300 M M 10 13 35 290
21 72 46 59 0 6 0 0.00 M 0 14.8 24 240 M M 1 30 250
22 76 52 64 5 1 0 0.00 M 0 19.8 31 260 M M 0 38 270
23 76 45 61 2 4 0 0.00 M 0 14.7 35 260 M M 0 44 250
24 59 39 49 -10 16 0 T M 0 16.3 38 340 M M 4 50 330
25 67 38 53 -7 12 0 0.00 M 0 6.7 14 340 M M 1 21 300
26 77 39 58 -2 7 0 0.00 M 0 5.8 16 190 M M 0 22 190
27 84 43 64 4 1 0 0.00 M 0 6.2 16 150 M M 0 24 140
28 84 50 67 7 0 2 0.00 M 0 13.3 29 240 M M 0 13 40 240
29 73 46 60 -1 5 0 0.00 M 0 20.9 41 240 M M 1 50 250
30 72 43 58 -3 7 0 0.00 M 0 9.3 18 330 M M 0 27 360
================================================================================
SM 2090 1326 241 4 3.85 M 412.2 M 95
================================================================================
AV 69.7 44.2 13.7 FASTST M M 3 MAX(MPH)
MISC ----> 54 250 69 260
================================================================================
NOTES:
# LAST OF SEVERAL OCCURRENCES
COLUMN 17 PEAK WIND IN M.P.H.
PRELIMINARY LOCAL CLIMATOLOGICAL DATA (WS FORM: F-6) , PAGE 2
STATION: CUT BANK MT
MONTH: JUNE
YEAR: 2022
LATITUDE: 48 37 N
LONGITUDE: 112 23 W
[TEMPERATURE DATA] [PRECIPITATION DATA] SYMBOLS USED IN COLUMN 16
AVERAGE MONTHLY: 56.9 TOTAL FOR MONTH: 3.85 1 = FOG OR MIST
DPTR FM NORMAL: -0.7 DPTR FM NORMAL: 1.12 2 = FOG REDUCING VISIBILITY
HIGHEST: 84 ON 28,27 GRTST 24HR 2.67 ON 20-20 TO 1/4 MILE OR LESS
LOWEST: 32 ON 2 3 = THUNDER
SNOW, ICE PELLETS, HAIL 4 = ICE PELLETS
TOTAL MONTH: M 5 = HAIL
GRTST 24HR M ON M 6 = FREEZING RAIN OR DRIZZLE
GRTST DEPTH: 0 7 = DUSTSTORM OR SANDSTORM:
VSBY 1/2 MILE OR LESS
8 = SMOKE OR HAZE
[NO. OF DAYS WITH] [WEATHER - DAYS WITH] 9 = BLOWING SNOW
X = TORNADO
MAX 32 OR BELOW: 0 0.01 INCH OR MORE: 9
MAX 90 OR ABOVE: 0 0.10 INCH OR MORE: 5
MIN 32 OR BELOW: 1 0.50 INCH OR MORE: 1
MIN 0 OR BELOW: 0 1.00 INCH OR MORE: 1
[HDD (BASE 65) ]
TOTAL THIS MO. 241 CLEAR (SCALE 0-3) 17
DPTR FM NORMAL 6 PTCLDY (SCALE 4-7) 11
TOTAL FM JUL 1 8450 CLOUDY (SCALE 8-10) 2
DPTR FM NORMAL -127
[CDD (BASE 65) ]
TOTAL THIS MO. 4
DPTR FM NORMAL -7 [PRESSURE DATA]
TOTAL FM JAN 1 4 HIGHEST SLP 30.44 ON 25
DPTR FM NORMAL -8 LOWEST SLP 29.49 ON 14
[REMARKS]
#FINAL-06-22#