000
CXUS53 KUNR 010930
CF6CUT
PRELIMINARY LOCAL CLIMATOLOGICAL DATA (WS FORM: F-6)
STATION: CUSTER COUNTY AIRPORT SD
MONTH: APRIL
YEAR: 2022
LATITUDE: 43 43 N
LONGITUDE: 103 37 W
TEMPERATURE IN F: :PCPN: SNOW: WIND :SUNSHINE: SKY :PK WND
================================================================================
1 2 3 4 5 6A 6B 7 8 9 10 11 12 13 14 15 16 17 18
12Z AVG MX 2MIN
DY MAX MIN AVG DEP HDD CDD WTR SNW DPTH SPD SPD DIR MIN PSBL S-S WX SPD DR
================================================================================
1 38 28 33 -3 32 0 0.15 M M 6.3 15 300 M M 9 1 25 290
2 52 24 38 1 27 0 0.00 M M 5.3 15 300 M M 1 27 300
3 46 22 34 -3 31 0 0.00 M M 12.9 32 280 M M 0 50 300
4 58 22 40 3 25 0 0.00 M M 10.4 30 240 M M 3 51 240
5 43 28 36 -1 29 0 T M M 17.6 38 280 M M 4 18 59 270
6 35 26 31 -6 34 0 T M M 18.0 33 290 M M 7 59 290
7 39 27 33 -5 32 0 0.00 M M 16.9 36 350 M M 2 68 340
8 56 17 37 -1 28 0 0.00 M M 5.3 15 260 M M 0 23 210
9 67 30 49 11 16 0 0.17 M M 8.1 23 270 M M 5 1 32 260
10 32 17 25 -13 40 0 0.34 M M 5.1 15 60 M M 8 12 21 20
11 41 9 25 -13 40 0 T M M 6.9 23 60 M M 4 1 34 50
12 37 7 22 -16 43 0 0.01 M M 13.5 25 270 M M 5 1 38 260
13 18 4 11 -27 54 0 T M M 17.7 32 270 M M 4 8 52 260
14 31 9 20 -19 45 0 0.00 M M 10.8 28 280 M M 2 43 290
15 25 11 18 -21 47 0 0.01 M M 4.1 10 90 M M 9 8 17 220
16 36 9 23 -16 42 0 0.00 M M 6.2 18 120 M M 3 31 150
17 44 21 33 -6 32 0 0.00 M M 11.5 25 280 M M 3 39 300
18 47 20 34 -6 31 0 0.00 M M 7.1 17 110 M M 2 26 100
19 69 28 49 9 16 0 0.03 M M 9.2 23 270 M M 3 1 39 260
20 53 28 41 1 24 0 0.17 M M 8.8 26 280 M M 4 1 40 230
21 65 24 45 5 20 0 T M M 8.6 18 150 M M 4 36 170
22 68 44 56 15 9 0 0.25 M M 10.6 29 270 M M 5 1238 48 360
23 44 26 35 -6 30 0 0.87 M M 14.0 30 290 M M 10 1268 57 290
24 36 28 32 -9 33 0 0.01 M M 12.0 23 310 M M 5 8 44 340
25 46 28 37 -4 28 0 0.00 M M 5.0 16 270 M M 1 22 270
26 60 28 44 2 21 0 0.00 M M 5.0 14 70 M M 1 20 230
27 62 31 47 5 18 0 0.00 M M 6.8 15 90 M M 2 22 200
28 61 31 46 4 19 0 0.00 M M 7.8 18 90 M M 2 25 100
29 52 35 44 1 21 0 0.16 M M 7.9 16 330 M M 8 13 30 330
30 47 31 39 -4 26 0 0.00 M M 9.5 23 300 M M 6 43 330
================================================================================
SM 1408 693 893 0 2.17 M 288.9 M 122
================================================================================
AV 46.9 23.1 9.6 FASTST M M 4 MAX(MPH)
MISC ----> 38 280 68 340
================================================================================
NOTES:
# LAST OF SEVERAL OCCURRENCES
COLUMN 17 PEAK WIND IN M.P.H.
PRELIMINARY LOCAL CLIMATOLOGICAL DATA (WS FORM: F-6) , PAGE 2
STATION: CUSTER COUNTY AIRPORT SD
MONTH: APRIL
YEAR: 2022
LATITUDE: 43 43 N
LONGITUDE: 103 37 W
[TEMPERATURE DATA] [PRECIPITATION DATA] SYMBOLS USED IN COLUMN 16
AVERAGE MONTHLY: 35.0 TOTAL FOR MONTH: 2.17 1 = FOG OR MIST
DPTR FM NORMAL: -4.3 DPTR FM NORMAL: -0.25 2 = FOG REDUCING VISIBILITY
HIGHEST: 69 ON 19 GRTST 24HR 1.10 ON 22-23 TO 1/4 MILE OR LESS
LOWEST: 4 ON 13 3 = THUNDER
SNOW, ICE PELLETS, HAIL 4 = ICE PELLETS
TOTAL MONTH: M 5 = HAIL
GRTST 24HR M ON M 6 = FREEZING RAIN OR DRIZZLE
GRTST DEPTH: M ON M 7 = DUSTSTORM OR SANDSTORM:
VSBY 1/2 MILE OR LESS
8 = SMOKE OR HAZE
[NO. OF DAYS WITH] [WEATHER - DAYS WITH] 9 = BLOWING SNOW
X = TORNADO
MAX 32 OR BELOW: 4 0.01 INCH OR MORE: 11
MAX 90 OR ABOVE: 0 0.10 INCH OR MORE: 7
MIN 32 OR BELOW: 28 0.50 INCH OR MORE: 1
MIN 0 OR BELOW: 0 1.00 INCH OR MORE: 0
[HDD (BASE 65) ]
TOTAL THIS MO. 893 CLEAR (SCALE 0-3) 12
DPTR FM NORMAL 122 PTCLDY (SCALE 4-7) 14
TOTAL FM JUL 1 7071 CLOUDY (SCALE 8-10) 4
DPTR FM NORMAL -360
[CDD (BASE 65) ]
TOTAL THIS MO. 0
DPTR FM NORMAL 0 [PRESSURE DATA]
TOTAL FM JAN 1 0 HIGHEST SLP 30.38 ON 18
DPTR FM NORMAL 0 LOWEST SLP 29.17 ON 5
[REMARKS]
#FINAL-04-22#