000
CXUS51 KILN 040004
CLMCVG
CLIMATE REPORT
NATIONAL WEATHER SERVICE WILMINGTON OH
804 PM EDT MON APR 03 2023
...................................
...THE CINCINNATI OH CLIMATE SUMMARY FOR THE MONTH OF MARCH 2023...
CLIMATE NORMAL PERIOD: 1991 TO 2020
CLIMATE RECORD PERIOD: 1869 TO 2023
WEATHER OBSERVED NORMAL DEPART LAST YEAR`S
VALUE DATE(S) VALUE FROM VALUE DATE(S)
NORMAL
................................................................
TEMPERATURE (F)
RECORD
HIGH 88 03/25/1929
LOW -11 03/03/1980
HIGHEST 78 03/01 52 26 80 03/30
LOWEST 17 03/19 33 -16 15 03/13
AVG. MAXIMUM 54.0 53.5 0.5 58.7
AVG. MINIMUM 33.5 33.8 -0.3 36.6
MEAN 43.7 43.6 0.1 47.7
DAYS MAX >= 90 0 0.0 0.0 0
DAYS MAX <= 32 0 1.0 -1.0 1
DAYS MIN <= 32 14 15.0 -1.0 9
DAYS MIN <= 0 0 0.0 0.0 0
PRECIPITATION (INCHES)
TOTALS 5.92 4.16 1.76 2.14
DAILY AVG. 0.19 0.13 0.06 0.07
DAYS >= .01 14 12.5 1.5 9
DAYS >= .10 7 8.0 -1.0 5
DAYS >= .50 4 2.9 1.1 2
DAYS >= 1.00 2 1.0 1.0 0
GREATEST
24 HR. TOTAL 2.08 03/03 TO 03/03 1.06 03/06 TO 03/07
SNOWFALL (INCHES)
TOTALS 0.1 3.4 -3.3 2.3
SINCE 7/1 14.4 22.9 -8.5 13.3
DAYS >= TRACE 6 2.7 3.3 4
DAYS >= 1.0 0 1.1 -1.1 1
GREATEST
24 HR TOTAL 0.1 03/12 TO 03/12 2.3 03/11 TO 03/11
DEGREE DAYS
HEATING TOTAL 651 664 -13 527
SINCE 7/1 3927 4433 -506 3979
COOLING TOTAL 0 3 -3 0
SINCE 1/1 0 3 -3 0
................................................................
WIND (MPH)
AVERAGE WIND SPEED 11.0
RESULTANT WIND SPEED/DIRECTION 2/250
HIGHEST WIND SPEED/DIRECTION 39/210 DATE 03/03
39/080 03/25
HIGHEST GUST SPEED/DIRECTION 55/220 DATE 03/03
SKY COVER
AVERAGE SKY COVER 0.66
AVERAGE RH (PERCENT) 67
WEATHER CONDITIONS. NUMBER OF DAYS WITH
THUNDERSTORM 4 MIXED PRECIP 0
HEAVY RAIN 6 RAIN 8
LIGHT RAIN 17 FREEZING RAIN 0
LT FREEZING RAIN 0 HAIL 1
HEAVY SNOW 0 SNOW 0
LIGHT SNOW 6 SLEET 0
FOG 17 FOG W/VIS <= 1/4 MILE 0
HAZE 1
- INDICATES NEGATIVE NUMBERS.
R INDICATES RECORD WAS SET OR TIED.
MM INDICATES DATA IS MISSING.
T INDICATES TRACE AMOUNT.
$$