000
CXUS54 KHGX 251632
CF6CXO
PRELIMINARY LOCAL CLIMATOLOGICAL DATA (WS FORM: F-6)
STATION: CONROE
MONTH: AUGUST
YEAR: 2020
LATITUDE: 30 21 N
LONGITUDE: 95 25 W
TEMPERATURE IN F: :PCPN: SNOW: WIND :SUNSHINE: SKY :PK WND
================================================================================
1 2 3 4 5 6A 6B 7 8 9 10 11 12 13 14 15 16 17 18
12Z AVG MX 2MIN
DY MAX MIN AVG DEP HDD CDD WTR SNW DPTH SPD SPD DIR MIN PSBL S-S WX SPD DR
================================================================================
1 90 72 81 -3 0 16 0.28 0.0 0 4.6 14 240 M M 3 13 22 230
2 96 69 83 -1 0 18 T 0.0 0 2.1 13 290 M M 0 13 17 280
3 99 69 84 0 0 19 0.00 0.0 0 3.0 12 320 M M 1 1 16 320
4 97 75 86 2 0 21 T 0.0 0 3.7 14 340 M M 2 3 17 300
5 97 71 84 0 0 19 0.02 0.0 0 3.8 12 160 M M 2 13 15 230
6 96 72 84 0 0 19 0.00 0.0 0 4.6 15 160 M M 2 1 20 160
7 98 72 85 1 0 20 0.00 0.0 0 4.1 13 160 M M 1 1 17 160
8 96 72 84 0 0 19 0.00 0.0 0 4.6 20 150 M M 1 1 23 160
9 99 73 86 2 0 21 0.02 0.0 0 5.8 20 160 M M 2 13 23 160
10 99 73 86 2 0 21 0.00 0.0 0 6.5 17 140 M M 2 1 23 120
11 101 74 88 4 0 23 0.00 0.0 0 6.5 15 160 M M 2 1 21 140
12 100 77 89 5 0 24 0.00 0.0 0 6.4 15 150 M M 2 21 160
13 100 76 88 4 0 23 0.00 0.0 0 6.3 14 210 M M 2 19 170
14 100 78 89 5 0 24 0.00 0.0 0 8.2 15 180 M M 1 20 220
15 103 77 90 7 0 25 0.00 0.0 0 6.0 13 220 M M 1 17 260
16 104 78 91 8 0 26 0.00 0.0 0 4.4 12 150 M M 1 3 14 230
17 93 71 82 -1 0 17 1.16 0.0 0 4.8 23 350 M M 0 13 33 340
18 98 70 84 1 0 19 0.00 0.0 0 3.3 15 340 M M 0 1 19 340
19 95 69 82 -1 0 17 0.00 0.0 0 4.0 14 340 M M 0 22 320
20 94 68 81 -2 0 16 0.00 0.0 0 3.0 10 80 M M 1 15 50
21 97 67 82 -1 0 17 0.00 0.0 0 2.0 15 200 M M 1 19 180
22 90 69 80 -3 0 15 0.00 0.0 0 2.8 10 260 M M 1 1 13 260
23 95 68 82 0 0 17 T 0.0 0 2.9 13 50 M M 2 13 18 50
24 95 70 83 1 0 18 0.00 0.0 0 3.2 14 90 M M 0 1 19 80
25 98 72 85 3 0 20 0.00 0.0 0 5.6 15 20 M M 1 23 60
26 95 77 86 4 0 21 0.25 0.0 0 6.7 28 90 M M 5 13 38 80
27 97 77 87 5 0 22 0.00 0.0 0 6.1 15 290 M M 2 20 290
28 101 77 89 7 0 24 0.01 0.0 0 8.6 23 110 M M 4 138 31 100
29 99 74 87 5 0 22 0.00 0.0 0 5.8 18 160 M M 2 1 21 170
30 100 75 88 7 0 23 0.00 0.0 0 6.9 18 160 M M 2 22 160
31 101 79 90 9 0 25 0.00 0.0 0 9.6 21 180 M M 3 1 26 150
================================================================================
SM 3023 2261 0 631 1.74 0.0 155.9 M 49
================================================================================
AV 97.5 72.9 5.0 FASTST M M 2 MAX(MPH)
MISC ----> 28 90 38 80
================================================================================
NOTES:
# LAST OF SEVERAL OCCURRENCES
COLUMN 17 PEAK WIND IN M.P.H.
PRELIMINARY LOCAL CLIMATOLOGICAL DATA (WS FORM: F-6) , PAGE 2
STATION: CONROE
MONTH: AUGUST
YEAR: 2020
LATITUDE: 30 21 N
LONGITUDE: 95 25 W
[TEMPERATURE DATA] [PRECIPITATION DATA] SYMBOLS USED IN COLUMN 16
AVERAGE MONTHLY: 85.2 TOTAL FOR MONTH: 1.74 1 = FOG OR MIST
DPTR FM NORMAL: 2.1 DPTR FM NORMAL: -2.11 2 = FOG REDUCING VISIBILITY
HIGHEST: 104 ON 16 GRTST 24HR 1.16 ON 17-17 TO 1/4 MILE OR LESS
LOWEST: 67 ON 21 3 = THUNDER
SNOW, ICE PELLETS, HAIL 4 = ICE PELLETS
TOTAL MONTH: 0.0 INCH 5 = HAIL
GRTST 24HR 0.0 6 = FREEZING RAIN OR DRIZZLE
GRTST DEPTH: 0 7 = DUSTSTORM OR SANDSTORM:
VSBY 1/2 MILE OR LESS
8 = SMOKE OR HAZE
[NO. OF DAYS WITH] [WEATHER - DAYS WITH] 9 = BLOWING SNOW
X = TORNADO
MAX 32 OR BELOW: 0 0.01 INCH OR MORE: 6
MAX 90 OR ABOVE: 31 0.10 INCH OR MORE: 3
MIN 32 OR BELOW: 0 0.50 INCH OR MORE: 1
MIN 0 OR BELOW: 0 1.00 INCH OR MORE: 1
[HDD (BASE 65) ]
TOTAL THIS MO. 0 CLEAR (SCALE 0-3) 28
DPTR FM NORMAL 0 PTCLDY (SCALE 4-7) 3
TOTAL FM JUL 1 0 CLOUDY (SCALE 8-10) 0
DPTR FM NORMAL 0
[CDD (BASE 65) ]
TOTAL THIS MO. 631
DPTR FM NORMAL 71 [PRESSURE DATA]
TOTAL FM JAN 1 2414 HIGHEST SLP M ON M
DPTR FM NORMAL 315 LOWEST SLP 29.64 ON 27
[REMARKS]
#FINAL-08-20#