000
CXUS54 KHGX 011510
CF6CXO
PRELIMINARY LOCAL CLIMATOLOGICAL DATA (WS FORM: F-6)
STATION: CONROE
MONTH: DECEMBER
YEAR: 2023
LATITUDE: 30 21 N
LONGITUDE: 95 25 W
TEMPERATURE IN F: :PCPN: SNOW: WIND :SUNSHINE: SKY :PK WND
================================================================================
1 2 3 4 5 6A 6B 7 8 9 10 11 12 13 14 15 16 17 18
12Z AVG MX 2MIN
DY MAX MIN AVG DEP HDD CDD WTR SNW DPTH SPD SPD DIR MIN PSBL S-S WX SPD DR
================================================================================
1 69 60 65 10 0 0 0.19 0.0 0 5.9 10 340 M M 10 123 14 340
2 67 48 58 4 7 0 0.00 0.0 0 2.8 10 310 M M 7 1 15 290
3 71 38 55 1 10 0 0.00 0.0 0 2.2 12 190 M M 0 1 15 180
4 69 39 54 0 11 0 0.00 0.0 0 2.7 16 330 M M 0 21 20
5 70 36 53 -1 12 0 0.00 0.0 0 0.6 8 320 M M 0 12 290
6 67 39 53 -1 12 0 0.00 0.0 0 2.3 14 90 M M 0 21 80
7 70 36 53 -1 12 0 0.00 0.0 0 5.7 16 160 M M 2 1 23 160
8 77 59 68 15 0 3 0.08 0.0 0 9.0 21 200 M M 9 1 29 170
9 80 56 68 15 0 3 T 0.0 0 11.3 22 340 M M 9 3 37 320
10 57 29 43 -10 22 0 0.00 0.0 0 8.7 23 340 M M 0 32 330
11 63 27 45 -8 20 0 0.00 0.0 0 2.4 12 180 M M 0 17 190
12 66 34 50 -3 15 0 0.00 0.0 0 2.4 12 80 M M 0 17 60
13 56 39 48 -4 17 0 T 0.0 0 5.0 12 80 M M 4 18 80
14 70 46 58 6 7 0 0.00 0.0 0 7.4 14 110 M M 3 22 110
15 68 54 61 9 4 0 0.97 0.0 0 4.4 12 160 M M 10 1 18 110
16 61 39 50 -2 15 0 0.03 0.0 0 7.9 18 330 M M 3 1 28 330
17 67 33 50 -2 15 0 0.00 0.0 0 1.1 8 270 M M 0 1 12 270
18 70 36 53 1 12 0 0.00 0.0 0 2.8 13 340 M M 0 19 340
19 62 35 49 -3 16 0 0.00 0.0 0 5.2 14 160 M M 0 23 130
20 69 47 58 6 7 0 0.00 0.0 0 6.6 15 160 M M 3 20 180
21 67 53 60 8 5 0 0.00 0.0 0 4.3 9 150 M M 3 16 150
22 68 54 61 10 4 0 0.00 0.0 0 2.1 8 170 M M 10 12 11 200
23 73 62 68 17 0 3 0.26 0.0 0 7.6 22 180 M M 9 12 29 170
24 66 49 58 7 7 0 0.59 0.0 0 5.8 24 280 M M 7 12 32 290
25 55 38 47 -4 18 0 0.00 0.0 0 8.2 18 330 M M 0 26 320
26 56 32 44 -7 21 0 0.00 0.0 0 3.2 10 190 M M 3 16 150
27 63 35 49 -2 16 0 0.00 0.0 0 4.8 16 330 M M 0 12 22 310
28 56 31 44 -7 21 0 0.00 0.0 0 4.3 17 290 M M 0 25 330
29 55 29 42 -9 23 0 0.00 0.0 0 4.4 15 270 M M 0 21 260
30 65 27 46 -5 19 0 0.00 0.0 0 1.6 9 220 M M 0 1 13 220
31 71 31 51 0 14 0 0.00 0.0 0 2.9 18 210 M M 2 18 25 170
================================================================================
SM 2044 1271 362 9 2.12 0.0 145.6 M 94
================================================================================
AV 65.9 41.0 4.7 FASTST M M 3 MAX(MPH)
MISC ----> 24 280 37 320
================================================================================
NOTES:
# LAST OF SEVERAL OCCURRENCES
COLUMN 17 PEAK WIND IN M.P.H.
PRELIMINARY LOCAL CLIMATOLOGICAL DATA (WS FORM: F-6) , PAGE 2
STATION: CONROE
MONTH: DECEMBER
YEAR: 2023
LATITUDE: 30 21 N
LONGITUDE: 95 25 W
[TEMPERATURE DATA] [PRECIPITATION DATA] SYMBOLS USED IN COLUMN 16
AVERAGE MONTHLY: 53.5 TOTAL FOR MONTH: 2.12 1 = FOG OR MIST
DPTR FM NORMAL: 1.2 DPTR FM NORMAL: -1.79 2 = FOG REDUCING VISIBILITY
HIGHEST: 80 ON 9 GRTST 24HR 1.00 ON 15-16 TO 1/4 MILE OR LESS
LOWEST: 27 ON 30,11 3 = THUNDER
SNOW, ICE PELLETS, HAIL 4 = ICE PELLETS
TOTAL MONTH: 0.0 INCH 5 = HAIL
GRTST 24HR 0.0 6 = FREEZING RAIN OR DRIZZLE
GRTST DEPTH: 0 7 = DUSTSTORM OR SANDSTORM:
VSBY 1/2 MILE OR LESS
8 = SMOKE OR HAZE
[NO. OF DAYS WITH] [WEATHER - DAYS WITH] 9 = BLOWING SNOW
X = TORNADO
MAX 32 OR BELOW: 0 0.01 INCH OR MORE: 6
MAX 90 OR ABOVE: 0 0.10 INCH OR MORE: 4
MIN 32 OR BELOW: 7 0.50 INCH OR MORE: 2
MIN 0 OR BELOW: 0 1.00 INCH OR MORE: 0
[HDD (BASE 65) ]
TOTAL THIS MO. 362 CLEAR (SCALE 0-3) 22
DPTR FM NORMAL -49 PTCLDY (SCALE 4-7) 3
TOTAL FM JUL 1 660 CLOUDY (SCALE 8-10) 6
DPTR FM NORMAL -32
[CDD (BASE 65) ]
TOTAL THIS MO. 9
DPTR FM NORMAL -8 [PRESSURE DATA]
TOTAL FM JAN 1 3392 HIGHEST SLP 30.48 ON 13
DPTR FM NORMAL 671 LOWEST SLP 29.74 ON 24
[REMARKS]
#FINAL-12-23#