000
CXUS55 KVEF 010910
CF6DAG
PRELIMINARY LOCAL CLIMATOLOGICAL DATA (WS FORM: F-6)
STATION: BARSTOW-DAGGETT CA
MONTH: AUGUST
YEAR: 2023
LATITUDE: 34 51 N
LONGITUDE: 116 47 W
TEMPERATURE IN F: :PCPN: SNOW: WIND :SUNSHINE: SKY :PK WND
================================================================================
1 2 3 4 5 6A 6B 7 8 9 10 11 12 13 14 15 16 17 18
12Z AVG MX 2MIN
DY MAX MIN AVG DEP HDD CDD WTR SNW DPTH SPD SPD DIR MIN PSBL S-S WX SPD DR
================================================================================
1 99 81 90 0 0 25 0.04 0.0 0 6.1 31 160 M M 2 3 48 170
2 105 75 90 0 0 25 T 0.0 0 13.7 28 260 M M 0 34 260
3 101 72 87 -3 0 22 0.00 0.0 0 12.3 26 280 M M 0 34 280
4 103 68 86 -4 0 21 0.00 0.0 0 9.8 24 280 M M 0 30 280
5 107 70 89 -1 0 24 0.00 0.0 0 14.2 24 270 M M 0 32 300
6 109 71 90 0 0 25 0.00 0.0 0 12.6 22 240 M M 0 29 320
7 106 72 89 -1 0 24 0.00 0.0 0 15.1 28 260 M M 0 37 230
8 103 77 90 0 0 25 0.00 0.0 0 16.8 25 220 M M 0 33 230
9 100 75 88 -2 0 23 0.02 0.0 0 15.5 30 240 M M 1 3 38 230
10 94 74 84 -5 0 19 0.01 0.0 0 13.8 25 270 M M 0 32 280
11 98 70 84 -5 0 19 0.00 0.0 0 11.8 22 250 M M 1 29 250
12 102 73 88 -1 0 23 T 0.0 0 9.7 37 200 M M 0 3 49 180
13 104 73 89 0 0 24 T 0.0 0 10.1 28 60 M M 1 3 38 50
14 104 72 88 -1 0 23 0.00 0.0 0 9.1 18 110 M M 0 35 80
15 102 82 92 3 0 27 T 0.0 0 7.7 17 250 M M 0 23 240
16 105 79 92 3 0 27 0.01 0.0 0 8.2 32 170 M M 1 3 42 160
17 107 78 93 4 0 28 0.00 0.0 0 13.4 29 250 M M 0 37 270
18 105 74 90 2 0 25 0.00 0.0 0 10.9 28 110 M M 0 37 120
19 89 68 79 -9 0 14 0.02 0.0 0 18.8 32 120 M M 1 1 48 130
20 M M M M M M M 0.0 0 M M M M M M M M
21 84 64 74 -14 0 9 T 0.0 0 8.0 17 90 M M M 22 90
22 91 66 79 -9 0 14 0.00 0.0 0 6.4 13 50 M M M 19 80
23 98 69 84 -4 0 19 0.00 0.0 0 6.9 13 280 M M 0 17 40
24 101 74 88 0 0 23 0.00 0.0 0 9.0 22 290 M M 1 27 280
25 102 75 89 2 0 24 0.00 0.0 0 8.4 17 320 M M 0 22 320
26 104 72 88 1 0 23 0.00 0.0 0 11.5 28 250 M M 0 36 270
27 M M M M M M 0.00 0.0 0 M M M M M 0 M M
28 106 74 90 3 0 25 0.00 0.0 0 7.6 15 260 M M 0 19 320
29 109 76 93 6 0 28 0.00 0.0 0 13.5 24 240 M M 0 31 240
30 109 74 92 6 0 27 0.00 0.0 0 12.3 24 240 M M 0 31 240
31 107 75 91 5 0 26 0.00 0.0 0 14.4 31 260 M M 0 40 260
================================================================================
SM 2954 2123 0 661 0.10 0.0 327.6 M 8
================================================================================
AV101.9 73.2 11.3 FASTST M M 0 MAX(MPH)
MISC ----> 37 200 49 180
================================================================================
NOTES:
# LAST OF SEVERAL OCCURRENCES
COLUMN 17 PEAK WIND IN M.P.H.
PRELIMINARY LOCAL CLIMATOLOGICAL DATA (WS FORM: F-6) , PAGE 2
STATION: BARSTOW-DAGGETT CA
MONTH: AUGUST
YEAR: 2023
LATITUDE: 34 51 N
LONGITUDE: 116 47 W
[TEMPERATURE DATA] [PRECIPITATION DATA] SYMBOLS USED IN COLUMN 16
AVERAGE MONTHLY: 87.5 TOTAL FOR MONTH: 0.10 1 = FOG OR MIST
DPTR FM NORMAL: -1.0 DPTR FM NORMAL: -0.10 2 = FOG REDUCING VISIBILITY
HIGHEST: 109 ON 30,29 GRTST 24HR 0.04 ON 1- 1 TO 1/4 MILE OR LESS
LOWEST: 64 ON 21 3 = THUNDER
SNOW, ICE PELLETS, HAIL 4 = ICE PELLETS
TOTAL MONTH: 0.0 INCH 5 = HAIL
GRTST 24HR 0.0 6 = FREEZING RAIN OR DRIZZLE
GRTST DEPTH: 0 7 = DUSTSTORM OR SANDSTORM:
VSBY 1/2 MILE OR LESS
8 = SMOKE OR HAZE
[NO. OF DAYS WITH] [WEATHER - DAYS WITH] 9 = BLOWING SNOW
X = TORNADO
MAX 32 OR BELOW: 0 0.01 INCH OR MORE: 5
MAX 90 OR ABOVE: 27 0.10 INCH OR MORE: 0
MIN 32 OR BELOW: 0 0.50 INCH OR MORE: 0
MIN 0 OR BELOW: 0 1.00 INCH OR MORE: 0
[HDD (BASE 65) ]
TOTAL THIS MO. 0 CLEAR (SCALE 0-3) 28
DPTR FM NORMAL 0 PTCLDY (SCALE 4-7) 0
TOTAL FM JUL 1 0 CLOUDY (SCALE 8-10) 3
DPTR FM NORMAL 0
[CDD (BASE 65) ]
TOTAL THIS MO. 661
DPTR FM NORMAL -67 [PRESSURE DATA]
TOTAL FM JAN 1 2408 HIGHEST SLP M ON M
DPTR FM NORMAL -62 LOWEST SLP 29.62 ON 31
[REMARKS]
#FINAL-08-23#