000
CXUS54 KFWD 010831
CF6DAL
PRELIMINARY LOCAL CLIMATOLOGICAL DATA (WS FORM: F-6)
STATION: DALLAS LOVE FIELD
MONTH: FEBRUARY
YEAR: 2024
LATITUDE: 32 51 N
LONGITUDE: 96 51 W
TEMPERATURE IN F: :PCPN: SNOW: WIND :SUNSHINE: SKY :PK WND
================================================================================
1 2 3 4 5 6A 6B 7 8 9 10 11 12 13 14 15 16 17 18
12Z AVG MX 2MIN
DY MAX MIN AVG DEP HDD CDD WTR SNW DPTH SPD SPD DIR MIN PSBL S-S WX SPD DR
================================================================================
1 73 47 60 11 5 0 0.00 0.0 0 7.7 20 160 M M 6 30 170
2 66 54 60 10 5 0 0.48 0.0 0 9.5 22 270 M M 8 13 30 280
3 68 52 60 10 5 0 0.18 0.0 0 7.9 17 140 M M 7 13 26 140
4 63 50 57 7 8 0 0.03 0.0 0 11.9 32 320 M M 8 13 40 30
5 62 46 54 4 11 0 T 0.0 0 12.2 21 320 M M 5 1 35 310
6 68 39 54 4 11 0 0.00 0.0 0 2.9 9 130 M M 4 1 15 20
7 67 51 59 9 6 0 0.00 0.0 0 10.9 21 150 M M 9 30 130
8 69 58 64 14 1 0 0.00 0.0 0 8.2 15 260 M M 7 22 260
9 72 52 62 11 3 0 0.00 0.0 0 4.5 15 220 M M 10 8 24 230
10 61 52 57 6 8 0 0.40 0.0 0 5.6 14 120 M M 10 13 30 230
11 53 40 47 -4 18 0 0.47 0.0 0 12.4 21 300 M M 10 13 33 20
12 57 38 48 -3 17 0 T 0.0 0 14.2 25 320 M M 5 1 35 300
13 64 34 49 -3 16 0 0.00 0.0 0 4.2 13 240 M M 1 18 240
14 68 44 56 4 9 0 0.00 0.0 0 9.2 18 160 M M 2 27 190
15 71 52 62 10 3 0 0.00 0.0 0 5.2 15 180 M M 8 22 180
16 71 41 56 4 9 0 0.00 0.0 0 13.5 26 10 M M 9 40 10
17 45 34 40 -12 25 0 0.00 0.0 0 13.3 22 330 M M 8 34 40
18 53 28 41 -12 24 0 0.00 0.0 0 4.4 15 340 M M 1 21 360
19 67 39 53 0 12 0 0.00 0.0 0 8.5 18 170 M M 2 29 160
20 81 43 62 9 3 0 0.00 0.0 0 7.2 20 180 M M 4 8 28 180
21 81 58 70 17 0 5 0.00 0.0 0 12.5 25 180 M M 4 1 36 170
22 82 61 72 18 0 7 0.00 0.0 0 12.3 24 330 M M 2 1 34 180
23 73 50 62 8 3 0 0.00 0.0 0 9.0 21 320 M M 2 36 30
24 77 45 61 7 4 0 0.00 0.0 0 5.2 17 180 M M 1 27 170
25 84 58 71 17 0 6 0.00 0.0 0 10.4 20 210 M M 2 29 210
26 91 59 75 21 0 10 0.00 0.0 0 9.3 20 180 M M 5 28 170
27 79 68 74 19 0 9 0.00 0.0 M 10.3 17 220 M M 9 1 27 230
28 74 40 57 2 8 0 0.00 0.0 M 12.6 31 340 M M 10 39 340
29 54 42 48 -7 17 0 0.10 M M 7.5 16 70 M M 10 3 24 90
================================================================================
SM 1994 1375 231 37 1.66 0.0 262.5 M 169
================================================================================
AV 68.8 47.4 9.1 FASTST M M 6 MAX(MPH)
MISC ----> 32 320 # 40 30
================================================================================
NOTES:
# LAST OF SEVERAL OCCURRENCES
COLUMN 17 PEAK WIND IN M.P.H.
PRELIMINARY LOCAL CLIMATOLOGICAL DATA (WS FORM: F-6) , PAGE 2
STATION: DALLAS LOVE FIELD
MONTH: FEBRUARY
YEAR: 2024
LATITUDE: 32 51 N
LONGITUDE: 96 51 W
[TEMPERATURE DATA] [PRECIPITATION DATA] SYMBOLS USED IN COLUMN 16
AVERAGE MONTHLY: 58.1 TOTAL FOR MONTH: 1.66 1 = FOG OR MIST
DPTR FM NORMAL: 6.1 DPTR FM NORMAL: -1.12 2 = FOG REDUCING VISIBILITY
HIGHEST: 91 ON 26 GRTST 24HR 0.78 ON 10-11 TO 1/4 MILE OR LESS
LOWEST: 28 ON 18 3 = THUNDER
SNOW, ICE PELLETS, HAIL 4 = ICE PELLETS
TOTAL MONTH: 0.0 INCH 5 = HAIL
GRTST 24HR 0.0 6 = FREEZING RAIN OR DRIZZLE
GRTST DEPTH: 0 7 = DUSTSTORM OR SANDSTORM:
VSBY 1/2 MILE OR LESS
8 = SMOKE OR HAZE
[NO. OF DAYS WITH] [WEATHER - DAYS WITH] 9 = BLOWING SNOW
X = TORNADO
MAX 32 OR BELOW: 0 0.01 INCH OR MORE: 6
MAX 90 OR ABOVE: 1 0.10 INCH OR MORE: 5
MIN 32 OR BELOW: 1 0.50 INCH OR MORE: 0
MIN 0 OR BELOW: 0 1.00 INCH OR MORE: 0
[HDD (BASE 65) ]
TOTAL THIS MO. 231 CLEAR (SCALE 0-3) 8
DPTR FM NORMAL -145 PTCLDY (SCALE 4-7) 11
TOTAL FM JUL 1 1607 CLOUDY (SCALE 8-10) 10
DPTR FM NORMAL -124
[CDD (BASE 65) ]
TOTAL THIS MO. 37
DPTR FM NORMAL 26 [PRESSURE DATA]
TOTAL FM JAN 1 37 HIGHEST SLP 30.43 ON 29
DPTR FM NORMAL 22 LOWEST SLP 29.47 ON 4
[REMARKS]
#FINAL-02-24#