000
CXUS53 KDVN 011614
CLSDBQ
CLIMATE REPORT
NATIONAL WEATHER SERVICE QUAD CITIES IA IL
1015 AM CST THU DEC 01 2022
...................................
...THE DUBUQUE IA CLIMATE SUMMARY FOR THE SEASON, FROM
9/1/2022 TO 11/30/2022...
CLIMATE NORMAL PERIOD 1991 TO 2020
CLIMATE RECORD PERIOD 1873 TO 2022
WEATHER OBSERVED NORMAL DEPART LAST YEAR`S
VALUE DATE(S) VALUE FROM VALUE
NORMAL
..............................................................
TEMPERATURE (F)
RECORD
HIGH 99 09/07/1939
09/06/1922
LOW -17 11/26/1977
HIGHEST 93 09/20 77 16
LOWEST 8 11/20 21 -13
AVG. MAXIMUM 61.5 59.2 2.3
AVG. MINIMUM 40.0 39.9 0.1
MEAN 50.8 49.6 1.2
DAYS MAX >= 90 1 0.4 0.6
DAYS MAX <= 32 5 4.6 0.4
DAYS MIN <= 32 29 27.4 1.6
DAYS MIN <= 0 0 0.0 0.0
PRECIPITATION (INCHES)
TOTALS 5.17 8.96 -3.79
DAILY AVG. 0.06 0.10 -0.04
DAYS >= .01 18 25.9 -7.9
DAYS >= .10 9
DAYS >= .50 4
DAYS >= 1.00 1 2.1 -1.1
GREATEST
24 HR. TOTAL 2.39 11/04 TO 11/05
SNOWFALL (INCHES)
TOTALS 1.6 3.3 -1.7
SINCE 7/1 1.6 3.3 -1.7
SNOWDEPTH AVG. T
DAYS >= TRACE 8 2.9 5.1
DAYS >= 1.0 1 1.0 0.0
GREATEST
SNOW DEPTH 1 11/16
24 HR TOTAL 1.3 11/15 TO 11/15
DEGREE DAYS
HEATING TOTAL 1368 1474 -106
SINCE 7/1 1371 1499 -128
COOLING TOTAL 88 70 18
SINCE 1/1 827 637 190
..............................................................
WIND (MPH)
AVERAGE WIND SPEED 10.0
HIGHEST WIND SPEED/DIRECTION 37/290 DATE 10/12
HIGHEST GUST SPEED/DIRECTION 47/300 DATE 10/12
SKY COVER
POSSIBLE SUNSHINE (PERCENT) MM
AVERAGE SKY COVER 0.30
NUMBER OF DAYS FAIR 56
NUMBER OF DAYS PC 22
NUMBER OF DAYS CLOUDY 13
AVERAGE RH (PERCENT) 70
WEATHER CONDITIONS. NUMBER OF DAYS WITH
THUNDERSTORM 5 HAIL 0
SLEET 1 FOG 35
FOG W/VIS <= 1/4 MILE 2 HAZE 8
- INDICATES NEGATIVE NUMBERS.
R INDICATES RECORD WAS SET OR TIED.
MM INDICATES DATA IS MISSING.
T INDICATES TRACE AMOUNT.
$$
NOTE: SUPPLEMENTAL CLIMATE DATA WAS USED FROM A NEARBY
CLIMATOLOGICALLY REPRESENTATIVE STATION.