000
CXUS54 KHUN 010810
CF6DCU
PRELIMINARY LOCAL CLIMATOLOGICAL DATA (WS FORM: F-6)
STATION: DECATUR
MONTH: AUGUST
YEAR: 2022
LATITUDE: 34 39 N
LONGITUDE: 86 56 W
TEMPERATURE IN F: :PCPN: SNOW: WIND :SUNSHINE: SKY :PK WND
================================================================================
1 2 3 4 5 6A 6B 7 8 9 10 11 12 13 14 15 16 17 18
12Z AVG MX 2MIN
DY MAX MIN AVG DEP HDD CDD WTR SNW DPTH SPD SPD DIR MIN PSBL S-S WX SPD DR
================================================================================
1 82 73 78 -2 0 13 0.29 0.0 0 3.9 12 160 M M 5 1 17 190
2 92 71 82 2 0 17 0.00 0.0 0 4.4 12 200 M M 2 1 15 200
3 91 70 81 1 0 16 0.00 0.0 0 5.2 14 170 M M 1 17 180
4 90 72 81 1 0 16 0.00 0.0 0 6.7 17 160 M M 2 21 170
5 94 71 83 3 0 18 0.00 0.0 0 5.9 16 210 M M 0 23 210
6 95 71 83 3 0 18 0.05 0.0 0 4.5 18 210 M M 2 28 230
7 92 69 81 1 0 16 0.49 0.0 0 2.7 25 280 M M 2 18 33 270
8 94 68 81 1 0 16 0.00 0.0 0 5.0 17 270 M M 1 1 22 210
9 89 72 81 1 0 16 0.01 0.0 0 4.7 14 140 M M 2 21 130
10 84 71 78 -2 0 13 0.43 0.0 0 2.3 16 240 M M 5 1 22 260
11 89 70 80 1 0 15 0.00 0.0 0 2.6 16 350 M M 4 21 340
12 88 67 78 -1 0 13 0.00 0.0 0 6.5 14 10 M M 1 1 18 10
13 88 62 75 -4 0 10 0.00 0.0 0 3.6 10 20 M M 1 13 30
14 92 62 77 -2 0 12 0.00 0.0 0 3.9 14 250 M M 1 1 22 240
15 95 70 83 4 0 18 0.00 0.0 0 6.7 20 290 M M 2 26 290
16 81 65 73 -6 0 8 T 0.0 0 5.4 16 360 M M 3 1 19 10
17 79 62 71 -8 0 6 T 0.0 0 2.9 9 300 M M 4 1 12 300
18 89 62 76 -3 0 11 0.00 0.0 0 3.4 13 330 M M 2 18 20 10
19 90 65 78 -1 0 13 0.00 0.0 0 5.0 14 170 M M 4 19 160
20 88 71 80 1 0 15 0.04 0.0 0 8.1 25 180 M M 6 18 35 190
21 81 70 76 -3 0 11 0.02 0.0 0 5.5 13 200 M M 7 1 17 200
22 84 71 78 0 0 13 0.00 0.0 0 4.8 13 250 M M 6 18 250
23 86 68 77 -1 0 12 0.28 0.0 0 4.1 16 20 M M 7 1 21 10
24 85 68 77 -1 0 12 0.00 0.0 0 3.1 13 240 M M 9 1 15 240
25 88 69 79 1 0 14 0.00 0.0 0 3.2 10 180 M M 6 1 15 170
26 89 70 80 2 0 15 0.00 0.0 0 3.9 10 350 M M 5 13 330
27 95 66 81 3 0 16 0.00 0.0 0 2.9 13 140 M M 1 1 18 150
28 94 69 82 4 0 17 0.04 0.0 0 5.4 22 110 M M 2 37 120
29 95 71 83 5 0 18 0.00 0.0 0 4.6 15 190 M M 1 21 100
30 87 71 79 2 0 14 T 0.0 0 2.6 10 340 M M 2 1 13 330
31 90 63 77 0 0 12 0.00 0.0 0 4.4 13 350 M M 1 18 330
================================================================================
SM 2756 2120 0 434 1.65 0.0 137.9 M 97
================================================================================
AV 88.9 68.4 4.4 FASTST M M 3 MAX(MPH)
MISC ----> # 25 280 37 120
================================================================================
NOTES:
# LAST OF SEVERAL OCCURRENCES
COLUMN 17 PEAK WIND IN M.P.H.
PRELIMINARY LOCAL CLIMATOLOGICAL DATA (WS FORM: F-6) , PAGE 2
STATION: DECATUR
MONTH: AUGUST
YEAR: 2022
LATITUDE: 34 39 N
LONGITUDE: 86 56 W
[TEMPERATURE DATA] [PRECIPITATION DATA] SYMBOLS USED IN COLUMN 16
AVERAGE MONTHLY: 78.6 TOTAL FOR MONTH: 1.65 1 = FOG OR MIST
DPTR FM NORMAL: -0.2 DPTR FM NORMAL: -1.40 2 = FOG REDUCING VISIBILITY
HIGHEST: 95 ON 29,27 GRTST 24HR 0.51 ON 6- 7 TO 1/4 MILE OR LESS
LOWEST: 62 ON 18,17 3 = THUNDER
SNOW, ICE PELLETS, HAIL 4 = ICE PELLETS
TOTAL MONTH: 0.0 INCH 5 = HAIL
GRTST 24HR 0.0 6 = FREEZING RAIN OR DRIZZLE
GRTST DEPTH: 0 7 = DUSTSTORM OR SANDSTORM:
VSBY 1/2 MILE OR LESS
8 = SMOKE OR HAZE
[NO. OF DAYS WITH] [WEATHER - DAYS WITH] 9 = BLOWING SNOW
X = TORNADO
MAX 32 OR BELOW: 0 0.01 INCH OR MORE: 9
MAX 90 OR ABOVE: 14 0.10 INCH OR MORE: 4
MIN 32 OR BELOW: 0 0.50 INCH OR MORE: 0
MIN 0 OR BELOW: 0 1.00 INCH OR MORE: 0
[HDD (BASE 65) ]
TOTAL THIS MO. 0 CLEAR (SCALE 0-3) 18
DPTR FM NORMAL 0 PTCLDY (SCALE 4-7) 12
TOTAL FM JUL 1 0 CLOUDY (SCALE 8-10) 1
DPTR FM NORMAL 0
[CDD (BASE 65) ]
TOTAL THIS MO. 434
DPTR FM NORMAL 5 [PRESSURE DATA]
TOTAL FM JAN 1 1681 HIGHEST SLP M ON M
DPTR FM NORMAL 181 LOWEST SLP 29.83 ON 15
[REMARKS]
#FINAL-08-22#