000
CXUS53 KILX 010900
CF6DEC
PRELIMINARY LOCAL CLIMATOLOGICAL DATA (WS FORM: F-6)
STATION: DECATUR IL AIRPORT
MONTH: MAY
YEAR: 2022
LATITUDE: 39 49 N
LONGITUDE: 88 51 W
TEMPERATURE IN F: :PCPN: SNOW: WIND :SUNSHINE: SKY :PK WND
================================================================================
1 2 3 4 5 6A 6B 7 8 9 10 11 12 13 14 15 16 17 18
12Z AVG MX 2MIN
DY MAX MIN AVG DEP HDD CDD WTR SNW DPTH SPD SPD DIR MIN PSBL S-S WX SPD DR
================================================================================
1 60 48 54 -5 11 0 0.00 M M 11.5 24 250 M M 6 34 260
2 66 39 53 -6 12 0 T M M 7.3 17 90 M M 3 23 90
3 66 48 57 -2 8 0 0.33 M M 14.0 23 140 M M 10 1 32 130
4 59 46 53 -7 12 0 0.01 M M 7.0 15 20 M M 9 1 19 10
5 55 53 54 -6 11 0 0.68 M M 10.3 22 90 M M 10 1 28 100
6 56 50 53 -7 12 0 0.04 M M 12.5 24 30 M M 10 1 33 20
7 69 47 58 -3 7 0 T M M 11.3 20 20 M M 2 24 30
8 70 43 57 -4 8 0 0.00 M M 13.5 25 140 M M 1 34 130
9 83 61 72 10 0 7 0.00 M M 17.3 30 170 M M 5 44 150
10 88 70 79 17 0 14 0.00 M M 12.6 22 180 M M 3 28 190
11 93 71 82 20 0 17 0.00 M M 6.8 16 160 M M 2 1 20 140
12 90 68 79 16 0 14 0.00 M M 8.9 17 140 M M 1 1 23 170
13 90 57 74 11 0 9 0.00 M M 7.1 18 140 M M 2 3 24 160
14 87 64 76 13 0 11 0.17 M M 6.5 14 340 M M 1 13 19 320
15 86 54 70 6 0 5 0.03 M M 8.8 23 360 M M 3 3 33 360
16 79 53 66 2 0 1 0.00 M M 10.6 23 310 M M 0 1 33 290
17 85 53 69 5 0 4 0.03 M M 5.2 16 220 M M 1 23 260
18 74 60 67 2 0 2 0.12 M M 6.5 17 180 M M 7 1 24 180
19 84 55 70 5 0 5 0.00 M M 10.1 31 180 M M 3 12 46 180
20 86 66 76 11 0 11 0.03 M M 17.4 33 190 M M 3 1 49 200
21 70 56 63 -3 2 0 1.13 M M 10.0 31 360 M M 9 13 40 10
22 62 50 56 -10 9 0 0.00 M M 7.9 16 350 M M 2 26 10
23 68 45 57 -9 8 0 0.00 M M 10.7 21 90 M M 2 31 50
24 75 47 61 -6 4 0 0.00 M M 12.9 23 90 M M 4 35 120
25 82 65 74 7 0 9 0.60 M M 14.3 30 150 M M 8 138 40 160
26 78 59 69 2 0 4 0.08 M M 11.6 24 140 M M 6 13 33 130
27 66 55 61 -7 4 0 0.27 M M 7.5 20 310 M M 9 1 28 320
28 74 51 63 -5 2 0 0.00 M M 7.3 17 160 M M 4 12 22 150
29 83 62 73 5 0 8 0.00 M M 16.3 26 160 M M 0 36 140
30 86 67 77 9 0 12 0.00 M M 16.5 28 190 M M 0 38 170
31 87 71 79 10 0 14 0.00 M M 13.4 23 180 M M 2 31 200
================================================================================
SM 2357 1734 110 147 3.52 M 333.6 M 128
================================================================================
AV 76.0 55.9 10.8 FASTST M M 4 MAX(MPH)
MISC ----> 33 190 49 200
================================================================================
NOTES:
# LAST OF SEVERAL OCCURRENCES
COLUMN 17 PEAK WIND IN M.P.H.
PRELIMINARY LOCAL CLIMATOLOGICAL DATA (WS FORM: F-6) , PAGE 2
STATION: DECATUR IL AIRPORT
MONTH: MAY
YEAR: 2022
LATITUDE: 39 49 N
LONGITUDE: 88 51 W
[TEMPERATURE DATA] [PRECIPITATION DATA] SYMBOLS USED IN COLUMN 16
AVERAGE MONTHLY: 66.0 TOTAL FOR MONTH: 3.52 1 = FOG OR MIST
DPTR FM NORMAL: 2.1 DPTR FM NORMAL: -0.86 2 = FOG REDUCING VISIBILITY
HIGHEST: 93 ON 11 GRTST 24HR 1.13 ON 21-21 TO 1/4 MILE OR LESS
LOWEST: 39 ON 2 3 = THUNDER
SNOW, ICE PELLETS, HAIL 4 = ICE PELLETS
TOTAL MONTH: M 5 = HAIL
GRTST 24HR M ON M 6 = FREEZING RAIN OR DRIZZLE
GRTST DEPTH: M ON M 7 = DUSTSTORM OR SANDSTORM:
VSBY 1/2 MILE OR LESS
8 = SMOKE OR HAZE
[NO. OF DAYS WITH] [WEATHER - DAYS WITH] 9 = BLOWING SNOW
X = TORNADO
MAX 32 OR BELOW: 0 0.01 INCH OR MORE: 13
MAX 90 OR ABOVE: 3 0.10 INCH OR MORE: 7
MIN 32 OR BELOW: 0 0.50 INCH OR MORE: 3
MIN 0 OR BELOW: 0 1.00 INCH OR MORE: 1
[HDD (BASE 65) ]
TOTAL THIS MO. 110 CLEAR (SCALE 0-3) 17
DPTR FM NORMAL -18 PTCLDY (SCALE 4-7) 8
TOTAL FM JUL 1 5158 CLOUDY (SCALE 8-10) 6
DPTR FM NORMAL -225
[CDD (BASE 65) ]
TOTAL THIS MO. 147
DPTR FM NORMAL 53 [PRESSURE DATA]
TOTAL FM JAN 1 161 HIGHEST SLP 30.35 ON 22
DPTR FM NORMAL 51 LOWEST SLP 29.47 ON 19
[REMARKS]
#FINAL-05-22#