000
CXUS53 KARX 010900
CF6DEH
PRELIMINARY LOCAL CLIMATOLOGICAL DATA (WS FORM: F-6)
STATION: DECORAH IA
MONTH: APRIL
YEAR: 2023
LATITUDE: 43 16 N
LONGITUDE: 91 44 W
TEMPERATURE IN F: :PCPN: SNOW: WIND :SUNSHINE: SKY :PK WND
================================================================================
1 2 3 4 5 6A 6B 7 8 9 10 11 12 13 14 15 16 17 18
12Z AVG MX 2MIN
DY MAX MIN AVG DEP HDD CDD WTR SNW DPTH SPD SPD DIR MIN PSBL S-S WX SPD DR
================================================================================
1 41 28 35 M 30 0 M M M 11.2 25 340 M M 5 1 37 340
2 64 28 46 M 19 0 M M M 10.4 18 160 M M 3 33 200
3 52 39 46 M 19 0 M M M 4.1 7 350 M M 9 13 160
4 59 41 50 M 15 0 0.10 0.0 0 14.9 22 90 M M 9 13 32 90
5 59 28 44 M 21 0 M M M 11.7 16 260 M M 10 1 28 270
6 45 23 34 M 31 0 0.00 0.0 M 7.8 10 290 M M 2 29 260
7 59 30 45 M 20 0 0.00 0.0 0 10.2 16 140 M M 7 25 140
8 66 39 53 M 12 0 0.00 0.0 0 8.8 13 170 M M 5 21 180
9 68 45 57 M 8 0 0.00 0.0 0 9.5 16 220 M M 3 25 180
10 73 52 63 M 2 0 0.00 M M 7.6 12 180 M M 4 18 180
11 79 52 66 M 0 1 0.00 M M 8.3 15 200 M M 3 25 250
12 84 59 72 M 0 7 0.00 M M 13.5 20 210 M M 1 36 220
13 82 61 72 M 0 7 0.00 M M 13.7 17 200 M M 2 29 180
14 81 52 67 M 0 2 0.00 M M 8.9 16 180 M M 2 28 170
15 63 41 52 M 13 0 0.11 M M 7.4 15 340 M M 7 22 310
16 41 28 35 M 30 0 M M M 13.1 21 330 M M 10 1 30 330
17 46 28 37 M 28 0 M M M 12.4 23 320 M M 8 33 320
18 54 28 41 M 24 0 M M M 5.5 12 90 M M 4 18 90
19 46 39 43 M 22 0 0.31 0.0 M 14.5 20 90 M M 9 48 140
20 55 36 46 M 19 0 0.58 M M 8.9 14 260 M M 9 1 29 99
21 43 32 38 M 27 0 M M M 8.4 14 250 M M 7 30 250
22 39 30 35 M 30 0 M M M 8.0 17 320 M M 10 24 320
23 41 32 37 M 28 0 0.00 M M 7.1 13 330 M M 10 18 330
24 52 30 41 M 24 0 M M M 4.6 12 340 M M 8 20 290
25 50 32 41 M 24 0 M M M 6.5 13 100 M M 5 18 60
26 55 30 43 M 22 0 M M M 5.4 12 170 M M 4 16 99
27 68 43 56 M 9 0 0.00 0.0 0 10.4 14 200 M M 5 24 180
28 70 45 58 M 7 0 0.05 M M 7.8 16 340 M M 6 23 340
29 52 37 45 M 20 0 0.00 0.0 0 10.2 21 320 M M 7 29 350
30 46 36 41 M 24 0 T 0.0 0 18.7 30 320 M M 10 43 320
================================================================================
SM 1733 1124 528 17 1.15 0.0 289.5 M 184
================================================================================
AV 57.8 37.5 9.6 FASTST M M 6 MAX(MPH)
MISC ----> 30 320 48 140
================================================================================
NOTES:
# LAST OF SEVERAL OCCURRENCES
COLUMN 17 PEAK WIND IN M.P.H.
PRELIMINARY LOCAL CLIMATOLOGICAL DATA (WS FORM: F-6) , PAGE 2
STATION: DECORAH IA
MONTH: APRIL
YEAR: 2023
LATITUDE: 43 16 N
LONGITUDE: 91 44 W
[TEMPERATURE DATA] [PRECIPITATION DATA] SYMBOLS USED IN COLUMN 16
AVERAGE MONTHLY: 47.6 TOTAL FOR MONTH: 1.15 1 = FOG OR MIST
DPTR FM NORMAL: 0.0 DPTR FM NORMAL: M 2 = FOG REDUCING VISIBILITY
HIGHEST: 84 ON 12 GRTST 24HR 0.58 ON 20-20 TO 1/4 MILE OR LESS
LOWEST: 23 ON 6 3 = THUNDER
SNOW, ICE PELLETS, HAIL 4 = ICE PELLETS
TOTAL MONTH: 0.0 INCH 5 = HAIL
GRTST 24HR 0.0 6 = FREEZING RAIN OR DRIZZLE
GRTST DEPTH: 0 7 = DUSTSTORM OR SANDSTORM:
VSBY 1/2 MILE OR LESS
8 = SMOKE OR HAZE
[NO. OF DAYS WITH] [WEATHER - DAYS WITH] 9 = BLOWING SNOW
X = TORNADO
MAX 32 OR BELOW: 0 0.01 INCH OR MORE: 5
MAX 90 OR ABOVE: 0 0.10 INCH OR MORE: 3
MIN 32 OR BELOW: 14 0.50 INCH OR MORE: 1
MIN 0 OR BELOW: 0 1.00 INCH OR MORE: 0
[HDD (BASE 65) ]
TOTAL THIS MO. 528 CLEAR (SCALE 0-3) 6
DPTR FM NORMAL M PTCLDY (SCALE 4-7) 14
TOTAL FM JUL 1 6755 CLOUDY (SCALE 8-10) 10
DPTR FM NORMAL M
[CDD (BASE 65) ]
TOTAL THIS MO. 17
DPTR FM NORMAL M [PRESSURE DATA]
TOTAL FM JAN 1 17 HIGHEST SLP M ON M
DPTR FM NORMAL M LOWEST SLP M ON M
[REMARKS]
#FINAL-04-23#