000
CXUS54 KSHV 011300
CF6DEQ
PRELIMINARY LOCAL CLIMATOLOGICAL DATA (WS FORM: F-6)
STATION: DE QUEEN
MONTH: MARCH
YEAR: 2022
LATITUDE: 34 2 N
LONGITUDE: 94 24 W
TEMPERATURE IN F: :PCPN: SNOW: WIND :SUNSHINE: SKY :PK WND
================================================================================
1 2 3 4 5 6A 6B 7 8 9 10 11 12 13 14 15 16 17 18
12Z AVG MX 2MIN
DY MAX MIN AVG DEP HDD CDD WTR SNW DPTH SPD SPD DIR MIN PSBL S-S WX SPD DR
================================================================================
1 73 30 52 1 13 0 0.00 0.0 0 2.7 14 270 M M 0 1 17 270
2 76 30 53 2 12 0 0.00 0.0 0 2.1 10 250 M M 0 1 14 250
3 78 33 56 5 9 0 0.00 0.0 0 1.8 10 210 M M 0 14 250
4 76 39 58 6 7 0 0.00 0.0 0 4.9 16 170 M M 1 20 160
5 75 55 65 13 0 0 0.02 0.0 0 6.2 20 190 M M 7 18 28 200
6 79 58 69 17 0 4 0.25 0.0 0 7.2 22 290 M M 8 13 28 290
7 57 38 48 -4 17 0 0.07 0.0 0 7.9 18 280 M M 5 24 350
8 46 30 38 -15 27 0 0.04 0.0 0 4.0 17 110 M M 5 18 23 120
9 60 28 44 -9 21 0 0.00 0.0 0 2.3 12 170 M M 2 12 15 130
10 65 31 48 -5 17 0 0.00 0.0 0 2.7 10 160 M M 0 1 14 160
11 48 28 38 -16 27 0 0.15 1.0 0 6.3 18 20 M M 6 1 27 360
12 53 21 37 -17 28 0 0.00 0.0 1 2.6 14 280 M M 0 19 280
13 66 27 47 -7 18 0 0.00 0.0 0 5.4 18 220 M M 0 23 210
14 66 36 51 -3 14 0 1.43 0.0 0 6.7 16 130 M M 5 13 22 120
15 69 46 58 3 7 0 0.90 0.0 0 5.4 18 50 M M 6 1 23 50
16 75 40 58 3 7 0 0.00 0.0 0 2.4 12 210 M M 1 1 15 240
17 78 45 62 7 3 0 0.01 0.0 0 5.0 18 170 M M 3 13 26 150
18 64 38 51 -4 14 0 0.00 0.0 0 12.4 25 270 M M 8 36 290
19 72 31 52 -4 13 0 0.00 0.0 0 3.7 18 260 M M 1 12 25 280
20 79 37 58 2 7 0 0.00 0.0 0 5.1 17 220 M M 0 23 230
21 69 45 57 1 8 0 1.40 0.0 0 7.7 25 280 M M 7 13 35 290
22 62 47 55 -1 10 0 0.30 0.0 0 11.5 23 260 M M 10 13 30 260
23 61 39 50 -7 15 0 0.00 0.0 0 10.3 26 260 M M 4 32 270
24 63 32 48 -9 17 0 0.00 0.0 0 4.3 21 230 M M 2 1 24 240
25 75 35 55 -2 10 0 0.00 0.0 0 2.8 14 320 M M 0 1 19 20
26 76 38 57 0 8 0 0.00 0.0 0 2.6 13 110 M M 0 1 17 150
27 74 47 61 3 4 0 0.00 0.0 0 10.4 18 80 M M 0 26 100
28 79 46 63 5 2 0 0.00 0.0 0 7.4 15 150 M M 2 21 140
29 78 60 69 11 0 4 0.00 0.0 0 8.5 18 180 M M 4 3 27 180
30 74 41 58 0 7 0 1.30 0.0 0 10.3 28 230 M M 8 13 35 290
31 63 34 49 -10 16 0 0.00 0.0 0 7.4 24 270 M M 2 12 30 260
================================================================================
SM 2129 1185 358 8 5.87 1.0 180.0 M 97
================================================================================
AV 68.7 38.2 5.8 FASTST M M 3 MAX(MPH)
MISC ----> 28 230 36 290
================================================================================
NOTES:
# LAST OF SEVERAL OCCURRENCES
COLUMN 17 PEAK WIND IN M.P.H.
PRELIMINARY LOCAL CLIMATOLOGICAL DATA (WS FORM: F-6) , PAGE 2
STATION: DE QUEEN
MONTH: MARCH
YEAR: 2022
LATITUDE: 34 2 N
LONGITUDE: 94 24 W
[TEMPERATURE DATA] [PRECIPITATION DATA] SYMBOLS USED IN COLUMN 16
AVERAGE MONTHLY: 53.5 TOTAL FOR MONTH: 5.87 1 = FOG OR MIST
DPTR FM NORMAL: -1.3 DPTR FM NORMAL: 1.89 2 = FOG REDUCING VISIBILITY
HIGHEST: 79 ON 28,20 GRTST 24HR 2.33 ON 14-15 TO 1/4 MILE OR LESS
LOWEST: 21 ON 12 3 = THUNDER
SNOW, ICE PELLETS, HAIL 4 = ICE PELLETS
TOTAL MONTH: 1.0 INCH 5 = HAIL
GRTST 24HR 1.0 ON 11-11 6 = FREEZING RAIN OR DRIZZLE
GRTST DEPTH: 1 ON 12 7 = DUSTSTORM OR SANDSTORM:
VSBY 1/2 MILE OR LESS
8 = SMOKE OR HAZE
[NO. OF DAYS WITH] [WEATHER - DAYS WITH] 9 = BLOWING SNOW
X = TORNADO
MAX 32 OR BELOW: 0 0.01 INCH OR MORE: 11
MAX 90 OR ABOVE: 0 0.10 INCH OR MORE: 7
MIN 32 OR BELOW: 10 0.50 INCH OR MORE: 4
MIN 0 OR BELOW: 0 1.00 INCH OR MORE: 3
[HDD (BASE 65) ]
TOTAL THIS MO. 358 CLEAR (SCALE 0-3) 18
DPTR FM NORMAL 28 PTCLDY (SCALE 4-7) 10
TOTAL FM JUL 1 2384 CLOUDY (SCALE 8-10) 3
DPTR FM NORMAL -264
[CDD (BASE 65) ]
TOTAL THIS MO. 8
DPTR FM NORMAL -6 [PRESSURE DATA]
TOTAL FM JAN 1 9 HIGHEST SLP 30.48 ON 12
DPTR FM NORMAL -8 LOWEST SLP 29.37 ON 30
[REMARKS]
#FINAL-03-22#