000
CXUS52 KTAE 010800
CF6DHN
PRELIMINARY LOCAL CLIMATOLOGICAL DATA (WS FORM: F-6)
STATION: DOTHAN
MONTH: APRIL
YEAR: 2020
LATITUDE: 31 19 N
LONGITUDE: 85 27 W
TEMPERATURE IN F: :PCPN: SNOW: WIND :SUNSHINE: SKY :PK WND
================================================================================
1 2 3 4 5 6A 6B 7 8 9 10 11 12 13 14 15 16 17 18
12Z AVG MX 2MIN
DY MAX MIN AVG DEP HDD CDD WTR SNW DPTH SPD SPD DIR MIN PSBL S-S WX SPD DR
================================================================================
1 72 46 59 -3 6 0 0.00 0.0 0 10.8 24 360 M M 0 33 10
2 74 44 59 -3 6 0 0.00 0.0 0 4.6 9 360 M M 0 15 320
3 78 49 64 2 1 0 0.00 0.0 0 2.2 9 300 M M 0 14 340
4 85 56 71 9 0 6 0.00 0.0 0 4.9 13 340 M M 1 16 330
5 83 62 73 10 0 8 0.02 0.0 0 3.3 10 330 M M 6 12 330
6 84 58 71 8 0 6 0.00 0.0 0 4.3 13 210 M M 1 1 16 220
7 84 65 75 12 0 10 0.07 0.0 0 6.0 16 220 M M 4 21 190
8 87 69 78 14 0 13 0.06 0.0 0 9.1 16 230 M M 8 138 20 230
9 91 73 82 18 0 17 0.00 0.0 0 9.1 18 290 M M 4 18 23 300
10 74 51 63 -1 2 0 0.06 0.0 0 9.3 25 310 M M 2 33 320
11 76 43 60 -4 5 0 0.00 0.0 0 6.3 15 90 M M 0 17 90
12 85 55 70 6 0 5 T 0.0 0 17.1 33 190 M M 4 8 48 200
13 83 65 74 9 0 9 0.68 0.0 0 9.5 37 270 M M 1 13 49 260
14 84 56 70 5 0 5 0.00 0.0 0 7.0 16 330 M M 2 21 350
15 71 50 61 -4 4 0 0.00 0.0 0 11.1 20 340 M M 3 26 350
16 76 47 62 -4 3 0 0.00 0.0 0 8.3 20 30 M M 0 27 30
17 80 53 67 1 0 2 0.00 0.0 0 8.0 15 160 M M 0 22 160
18 85 65 75 9 0 10 0.00 0.0 0 6.5 18 310 M M 6 1 21 300
19 84 59 72 6 0 7 0.74 0.0 0 9.9 41 310 M M 6 13 49 330
20 79 59 69 2 0 4 0.30 0.0 0 9.6 17 300 M M 4 13 23 300
21 83 55 69 2 0 4 0.00 0.0 0 7.6 20 270 M M 0 24 270
22 79 55 67 -1 0 2 T 0.0 0 5.8 14 40 M M 0 8 19 60
23 70 60 65 -3 0 0 4.06 0.0 0 10.5 35 310 M M 6 13 43 310
24 81 61 71 3 0 6 0.00 0.0 0 6.8 15 320 M M 2 1 19 320
25 87 59 73 5 0 8 0.00 0.0 0 9.4 23 330 M M 0 30 240
26 78 58 68 -1 0 3 0.00 0.0 0 12.8 26 320 M M 0 35 310
27 79 50 65 -4 0 0 0.00 0.0 0 6.8 16 40 M M 0 21 30
28 83 53 68 -1 0 3 0.00 0.0 0 5.3 16 200 M M 0 19 190
29 79 62 71 1 0 6 0.25 0.0 0 10.8 30 190 M M 6 18 35 190
30 77 56 67 -3 0 2 0.00 0.0 0 11.0 23 320 M M 1 31 280
================================================================================
SM 2411 1694 27 136 6.24 0.0 243.7 M 67
================================================================================
AV 80.4 56.5 8.1 FASTST M M 2 MAX(MPH)
MISC ----> # 41 310 # 49 260
================================================================================
NOTES:
# LAST OF SEVERAL OCCURRENCES
COLUMN 17 PEAK WIND IN M.P.H.
PRELIMINARY LOCAL CLIMATOLOGICAL DATA (WS FORM: F-6) , PAGE 2
STATION: DOTHAN
MONTH: APRIL
YEAR: 2020
LATITUDE: 31 19 N
LONGITUDE: 85 27 W
[TEMPERATURE DATA] [PRECIPITATION DATA] SYMBOLS USED IN COLUMN 16
AVERAGE MONTHLY: 68.4 TOTAL FOR MONTH: 6.24 1 = FOG OR MIST
DPTR FM NORMAL: 2.7 DPTR FM NORMAL: 2.72 2 = FOG REDUCING VISIBILITY
HIGHEST: 91 ON 9 GRTST 24HR 4.06 ON 23-23 TO 1/4 MILE OR LESS
LOWEST: 43 ON 11 3 = THUNDER
SNOW, ICE PELLETS, HAIL 4 = ICE PELLETS
TOTAL MONTH: 0.0 INCH 5 = HAIL
GRTST 24HR 0.0 6 = FREEZING RAIN OR DRIZZLE
GRTST DEPTH: 0 7 = DUSTSTORM OR SANDSTORM:
VSBY 1/2 MILE OR LESS
8 = SMOKE OR HAZE
[NO. OF DAYS WITH] [WEATHER - DAYS WITH] 9 = BLOWING SNOW
X = TORNADO
MAX 32 OR BELOW: 0 0.01 INCH OR MORE: 9
MAX 90 OR ABOVE: 1 0.10 INCH OR MORE: 5
MIN 32 OR BELOW: 0 0.50 INCH OR MORE: 3
MIN 0 OR BELOW: 0 1.00 INCH OR MORE: 1
[HDD (BASE 65) ]
TOTAL THIS MO. 27 CLEAR (SCALE 0-3) 19
DPTR FM NORMAL -43 PTCLDY (SCALE 4-7) 11
TOTAL FM JUL 1 1222 CLOUDY (SCALE 8-10) 0
DPTR FM NORMAL -618
[CDD (BASE 65) ]
TOTAL THIS MO. 136
DPTR FM NORMAL 46 [PRESSURE DATA]
TOTAL FM JAN 1 380 HIGHEST SLP M ON M
DPTR FM NORMAL 259 LOWEST SLP 29.60 ON 20
[REMARKS]
#FINAL-04-20#