000
CXUS54 KAMA 011440
CLMDHT
CLIMATE REPORT
NATIONAL WEATHER SERVICE AMARILLO
940 AM CDT MON APR 01 2024
...................................
...THE DALHART CLIMATE SUMMARY FOR THE MONTH OF MARCH 2024...
CLIMATE NORMAL PERIOD: 1991 TO 2020
CLIMATE RECORD PERIOD: 1948 TO 2024
WEATHER OBSERVED NORMAL DEPART LAST YEAR`S
VALUE DATE(S) VALUE FROM VALUE DATE(S)
NORMAL
................................................................
TEMPERATURE (F)
RECORD
HIGH 92 03/19/2017
LOW 0 03/03/1960
HIGHEST 80 03/29 80 03/15
03/30
LOWEST 19 03/01 16 03/28
AVG. MAXIMUM 64.9 63.5 1.4 61.8
AVG. MINIMUM 32.1 30.9 1.2 31.5
MEAN 48.5 47.2 1.3 46.7
DAYS MAX >= 90 0 0.1 -0.1 0
DAYS MAX <= 32 0 0.6 -0.6 0
DAYS MIN <= 32 16 18.1 -2.1 19
DAYS MIN <= 0 0 0.0 0.0 0
PRECIPITATION (INCHES)
TOTALS 0.19 0.93 -0.74 0.38
DAILY AVG. 0.01 0.03 -0.02 0.01
DAYS >= .01 4 4.2 -0.2 3
DAYS >= .10 1 2.1 -1.1 2
DAYS >= .50 0 0.5 -0.5 0
DAYS >= 1.00 0 0.2 -0.2 0
GREATEST
24 HR. TOTAL 0.15 03/27 TO 03/27
SNOWFALL (INCHES)
TOTALS MM 3.0 MM MM
SINCE 7/1 MM 18.8 MM MM
DAYS >= TRACE MM 1.6 MM
DAYS >= 1.0 MM 0.8 MM MM
GREATEST
SNOW DEPTH MM
24 HR TOTAL MM
DEGREE DAYS
HEATING TOTAL 502 553 -51 561
SINCE 7/1 3664 3953 -289 MM
COOLING TOTAL 0 1 -1 0
SINCE 1/1 0 1 -1 MM
................................................................
WIND (MPH)
AVERAGE WIND SPEED 12.3
HIGHEST WIND SPEED/DIRECTION 41/240 DATE 03/24
HIGHEST GUST SPEED/DIRECTION 57/230 DATE 03/24
SKY COVER
POSSIBLE SUNSHINE (PERCENT) MM
NUMBER OF DAYS FAIR 24
NUMBER OF DAYS PC 2
NUMBER OF DAYS CLOUDY 5
AVERAGE RH (PERCENT) 52
WEATHER CONDITIONS. NUMBER OF DAYS WITH
THUNDERSTORM 0 MIXED PRECIP 0
HEAVY RAIN 0 RAIN 2
LIGHT RAIN 6 FREEZING RAIN 0
LT FREEZING RAIN 0 HEAVY SNOW 0
SNOW 1 LIGHT SNOW 2
SLEET 0 FOG 6
FOG W/VIS <= 1/4 MILE 3 HAZE 4
- INDICATES NEGATIVE NUMBERS.
R INDICATES RECORD WAS SET OR TIED.
MM INDICATES DATA IS MISSING.
T INDICATES TRACE AMOUNT.
$$