000
CXUS53 KDLH 010820
CF6DLH
PRELIMINARY LOCAL CLIMATOLOGICAL DATA (WS FORM: F-6)
STATION: DULUTH
MONTH: MARCH
YEAR: 2023
LATITUDE: 46 49 N
LONGITUDE: 92 11 W
TEMPERATURE IN F: :PCPN: SNOW: WIND :SUNSHINE: SKY :PK WND
================================================================================
1 2 3 4 5 6A 6B 7 8 9 10 11 12 13 14 15 16 17 18
12Z AVG MX 2MIN
DY MAX MIN AVG DEP HDD CDD WTR SNW DPTH SPD SPD DIR MIN PSBL S-S WX SPD DR
================================================================================
1 30 15 23 2 42 0 0.36 6.2 25 11.1 25 60 M M 10 129 34 70
2 25 -8 9 -12 56 0 T T 32 6.4 14 130 M M 4 17 130
3 37 20 29 7 36 0 0.00 0.0 30 10.4 20 220 M M 5 1 24 200
4 38 13 26 4 39 0 0.00 T 30 6.2 14 310 M M 3 1 17 310
5 39 5 22 -1 43 0 T T 29 6.7 14 70 M M 3 18 70
6 36 28 32 9 33 0 0.22 3.2 30 9.9 24 60 M M 10 18 33 70
7 37 16 27 4 38 0 0.00 0.0 30 8.3 20 90 M M 3 26 100
8 34 29 32 8 33 0 T 0.3 30 12.6 22 100 M M 10 1 27 100
9 33 25 29 5 36 0 0.04 0.5 29 15.0 25 70 M M 9 18 32 70
10 26 20 23 -2 42 0 0.06 0.4 29 13.7 20 110 M M 9 18 28 60
11 26 21 24 -1 41 0 0.45 5.9 29 17.0 24 100 M M 10 19 34 90
12 27 16 22 -4 43 0 0.45 6.6 37 17.7 29 60 M M 10 129 45 40
13 26 4 15 -11 50 0 0.00 0.0 37 6.1 13 10 M M 1 18 20
14 31 -3 14 -12 51 0 0.00 0.0 35 9.1 20 170 M M 0 8 25 170
15 40 23 32 5 33 0 T 0.0 35 9.2 18 210 M M 4 24 200
16 36 18 27 0 38 0 0.31 4.9 33 13.6 22 320 M M 10 129 35 340
17 18 7 13 -15 52 0 0.01 0.7 35 16.0 25 310 M M 8 189 37 310
18 25 9 17 -11 48 0 T T 35 15.8 25 340 M M 4 8 37 340
19 35 6 21 -7 44 0 0.00 0.0 35 14.5 25 250 M M 0 33 250
20 25 14 20 -9 45 0 0.00 0.0 33 10.1 16 100 M M 2 8 22 120
21 29 19 24 -5 41 0 0.07 0.5 34 20.4 29 100 M M 7 9 39 80
22 34 26 30 1 35 0 0.30 2.9 35 14.6 26 100 M M 10 1269 33 100
23 36 10 23 -7 42 0 T T 35 8.3 15 310 M M 1 22 310
24 39 6 23 -7 42 0 0.00 0.0 33 4.5 12 190 M M 0 17 170
25 43 11 27 -4 38 0 0.00 0.0 33 8.5 17 310 M M 4 25 320
26 39 23 31 0 34 0 0.00 0.0 32 8.0 17 270 M M 0 23 270
27 37 16 27 -4 38 0 0.00 0.0 32 8.3 17 270 M M 2 24 270
28 23 8 16 -16 49 0 0.01 0.4 31 9.7 20 270 M M 5 8 24 260
29 24 2 13 -19 52 0 0.00 0.0 32 11.8 21 250 M M 0 8 27 250
30 34 5 20 -12 45 0 0.16 2.1 33 7.6 15 80 M M 4 1 20 90
31 33 29 31 -2 34 0 0.05 0.3 32 23.2 35 70 M M 10 15689 48 60
================================================================================
SM 995 433 1293 0 2.49 34.9 354.3 M 158
================================================================================
AV 32.1 14.0 11.4 FASTST M M 5 MAX(MPH)
MISC ----> 35 70 48 60
================================================================================
NOTES:
# LAST OF SEVERAL OCCURRENCES
COLUMN 17 PEAK WIND IN M.P.H.
PRELIMINARY LOCAL CLIMATOLOGICAL DATA (WS FORM: F-6) , PAGE 2
STATION: DULUTH
MONTH: MARCH
YEAR: 2023
LATITUDE: 46 49 N
LONGITUDE: 92 11 W
[TEMPERATURE DATA] [PRECIPITATION DATA] SYMBOLS USED IN COLUMN 16
AVERAGE MONTHLY: 23.0 TOTAL FOR MONTH: 2.49 1 = FOG OR MIST
DPTR FM NORMAL: -4.0 DPTR FM NORMAL: 1.03 2 = FOG REDUCING VISIBILITY
HIGHEST: 43 ON 25 GRTST 24HR 1.30 ON 11-12 TO 1/4 MILE OR LESS
LOWEST: -8 ON 2 3 = THUNDER
SNOW, ICE PELLETS, HAIL 4 = ICE PELLETS
TOTAL MONTH: 34.9 INCHES 5 = HAIL
GRTST 24HR 6.6 ON 12-12 6 = FREEZING RAIN OR DRIZZLE
GRTST DEPTH: 37 ON 13,12 7 = DUSTSTORM OR SANDSTORM:
VSBY 1/2 MILE OR LESS
8 = SMOKE OR HAZE
[NO. OF DAYS WITH] [WEATHER - DAYS WITH] 9 = BLOWING SNOW
X = TORNADO
MAX 32 OR BELOW: 13 0.01 INCH OR MORE: 13
MAX 90 OR ABOVE: 0 0.10 INCH OR MORE: 7
MIN 32 OR BELOW: 31 0.50 INCH OR MORE: 0
MIN 0 OR BELOW: 2 1.00 INCH OR MORE: 0
[HDD (BASE 65) ]
TOTAL THIS MO. 1293 CLEAR (SCALE 0-3) 11
DPTR FM NORMAL 115 PTCLDY (SCALE 4-7) 9
TOTAL FM JUL 1 7582 CLOUDY (SCALE 8-10) 11
DPTR FM NORMAL -208
[CDD (BASE 65) ]
TOTAL THIS MO. 0
DPTR FM NORMAL 0 [PRESSURE DATA]
TOTAL FM JAN 1 0 HIGHEST SLP 30.60 ON 7
DPTR FM NORMAL 0 LOWEST SLP 29.59 ON 3
[REMARKS]
#FINAL-03-23#