000
CXUS53 KDLH 010820
CF6DLH
PRELIMINARY LOCAL CLIMATOLOGICAL DATA (WS FORM: F-6)
STATION: DULUTH
MONTH: AUGUST
YEAR: 2023
LATITUDE: 46 49 N
LONGITUDE: 92 11 W
TEMPERATURE IN F: :PCPN: SNOW: WIND :SUNSHINE: SKY :PK WND
================================================================================
1 2 3 4 5 6A 6B 7 8 9 10 11 12 13 14 15 16 17 18
12Z AVG MX 2MIN
DY MAX MIN AVG DEP HDD CDD WTR SNW DPTH SPD SPD DIR MIN PSBL S-S WX SPD DR
================================================================================
1 79 54 67 0 0 2 0.00 0.0 0 6.9 16 220 M M 2 23 220
2 88 63 76 9 0 11 0.00 0.0 0 6.8 13 270 M M 2 18 250
3 89 63 76 9 0 11 0.00 0.0 0 7.1 16 310 M M 0 24 320
4 77 59 68 1 0 3 0.00 0.0 0 10.3 18 80 M M 0 24 70
5 77 58 68 1 0 3 0.00 0.0 0 7.7 15 100 M M 1 20 100
6 75 57 66 -1 0 1 0.00 0.0 0 4.4 10 100 M M 1 14 120
7 82 56 69 2 0 4 0.00 0.0 0 6.7 22 330 M M 1 22 330
8 83 53 68 1 0 3 0.00 0.0 0 7.7 21 260 M M 2 3 27 260
9 76 57 67 0 0 2 0.00 0.0 0 7.3 14 300 M M 3 19 300
10 76 50 63 -4 2 0 0.00 0.0 0 7.8 14 100 M M 3 19 100
11 71 57 64 -2 1 0 0.34 0.0 0 6.8 17 110 M M 9 123 22 90
12 74 57 66 0 0 1 0.11 0.0 0 7.3 14 120 M M 9 12 18 120
13 71 56 64 -2 1 0 0.00 0.0 0 10.4 16 80 M M 6 1 26 90
14 72 50 61 -5 4 0 0.00 0.0 0 9.9 20 80 M M 3 30 50
15 83 50 67 1 0 2 0.00 0.0 0 12.0 24 260 M M 0 30 260
16 86 61 74 8 0 9 0.77 0.0 0 14.1 31 210 M M 4 13 49 190
17 71 51 61 -5 4 0 T 0.0 0 11.1 24 350 M M 5 35 340
18 75 46 61 -4 4 0 0.00 0.0 0 9.8 20 180 M M 0 27 170
19 87 62 75 10 0 10 0.00 0.0 0 10.1 17 200 M M 0 24 260
20 76 58 67 2 0 2 T 0.0 0 8.8 17 330 M M 2 27 340
21 70 57 64 -1 1 0 0.00 0.0 0 11.0 20 60 M M 9 26 100
22 62 59 61 -4 4 0 0.19 0.0 0 13.8 22 110 M M 10 123 30 100
23 67 59 63 -1 2 0 0.01 0.0 0 8.7 14 100 M M 10 12 19 60
24 76 59 68 4 0 3 0.02 0.0 0 4.5 13 90 M M 8 128 18 70
25 82 60 71 7 0 6 0.09 0.0 0 8.8 20 310 M M 4 13 30 320
26 62 48 55 -9 10 0 0.15 0.0 0 7.0 17 80 M M 7 1 23 90
27 70 42 56 -8 9 0 0.00 0.0 0 2.6 12 190 M M 4 1 18 110
28 81 55 68 5 0 3 T 0.0 0 5.7 20 260 M M 4 3 26 240
29 72 52 62 -1 3 0 T 0.0 0 6.9 14 120 M M 3 17 100
30 74 50 62 -1 3 0 0.00 0.0 0 5.3 12 140 M M 1 15 130
31 75 51 63 0 2 0 0.00 0.0 0 6.9 15 150 M M 0 18 21 140
================================================================================
SM 2359 1710 50 76 1.68 0.0 254.2 M 113
================================================================================
AV 76.1 55.2 8.2 FASTST M M 4 MAX(MPH)
MISC ----> 31 210 49 190
================================================================================
NOTES:
# LAST OF SEVERAL OCCURRENCES
COLUMN 17 PEAK WIND IN M.P.H.
PRELIMINARY LOCAL CLIMATOLOGICAL DATA (WS FORM: F-6) , PAGE 2
STATION: DULUTH
MONTH: AUGUST
YEAR: 2023
LATITUDE: 46 49 N
LONGITUDE: 92 11 W
[TEMPERATURE DATA] [PRECIPITATION DATA] SYMBOLS USED IN COLUMN 16
AVERAGE MONTHLY: 65.6 TOTAL FOR MONTH: 1.68 1 = FOG OR MIST
DPTR FM NORMAL: 0.1 DPTR FM NORMAL: -2.05 2 = FOG REDUCING VISIBILITY
HIGHEST: 89 ON 3 GRTST 24HR 0.77 ON 16-16 TO 1/4 MILE OR LESS
LOWEST: 42 ON 27 3 = THUNDER
SNOW, ICE PELLETS, HAIL 4 = ICE PELLETS
TOTAL MONTH: 0.0 INCH 5 = HAIL
GRTST 24HR 0.0 6 = FREEZING RAIN OR DRIZZLE
GRTST DEPTH: 0 7 = DUSTSTORM OR SANDSTORM:
VSBY 1/2 MILE OR LESS
8 = SMOKE OR HAZE
[NO. OF DAYS WITH] [WEATHER - DAYS WITH] 9 = BLOWING SNOW
X = TORNADO
MAX 32 OR BELOW: 0 0.01 INCH OR MORE: 8
MAX 90 OR ABOVE: 0 0.10 INCH OR MORE: 5
MIN 32 OR BELOW: 0 0.50 INCH OR MORE: 1
MIN 0 OR BELOW: 0 1.00 INCH OR MORE: 0
[HDD (BASE 65) ]
TOTAL THIS MO. 50 CLEAR (SCALE 0-3) 18
DPTR FM NORMAL -14 PTCLDY (SCALE 4-7) 8
TOTAL FM JUL 1 95 CLOUDY (SCALE 8-10) 5
DPTR FM NORMAL -19
[CDD (BASE 65) ]
TOTAL THIS MO. 76
DPTR FM NORMAL -4 [PRESSURE DATA]
TOTAL FM JAN 1 206 HIGHEST SLP 30.34 ON 21
DPTR FM NORMAL -27 LOWEST SLP 29.42 ON 16
[REMARKS]
#FINAL-08-23#