000
CXUS53 KDLH 022038
CF6DLH
PRELIMINARY LOCAL CLIMATOLOGICAL DATA (WS FORM: F-6)
STATION: DULUTH
MONTH: JULY
YEAR: 2023
LATITUDE: 46 49 N
LONGITUDE: 92 11 W
TEMPERATURE IN F: :PCPN: SNOW: WIND :SUNSHINE: SKY :PK WND
================================================================================
1 2 3 4 5 6A 6B 7 8 9 10 11 12 13 14 15 16 17 18
12Z AVG MX 2MIN
DY MAX MIN AVG DEP HDD CDD WTR SNW DPTH SPD SPD DIR MIN PSBL S-S WX SPD DR
================================================================================
1 82 59 71 6 0 6 0.00 0.0 0 5.8 12 360 M M 2 19 20
2 79 58 69 4 0 4 0.00 0.0 0 6.4 13 110 M M 1 1 16 130
3 86 60 73 7 0 8 0.13 0.0 0 6.0 22 280 M M 2 3 33 270
4 78 58 68 2 0 3 0.01 0.0 0 4.3 15 290 M M 5 3 20 290
5 69 54 62 -4 3 0 0.00 0.0 0 9.1 18 310 M M 5 1 26 320
6 70 48 59 -7 6 0 0.00 0.0 0 5.5 14 310 M M 3 22 300
7 77 53 65 -1 0 0 T 0.0 0 9.7 21 260 M M 5 29 250
8 68 52 60 -6 5 0 0.00 0.0 0 6.8 14 120 M M 4 20 120
9 83 49 66 -1 0 1 0.15 0.0 0 11.6 31 230 M M 4 3 46 240
10 71 51 61 -6 4 0 T 0.0 0 7.7 20 320 M M 4 13 27 320
11 73 46 60 -7 5 0 0.00 0.0 0 7.8 16 340 M M 2 23 350
12 71 50 61 -6 4 0 0.00 0.0 0 3.5 10 160 M M 4 15 170
13 77 53 65 -2 0 0 0.00 0.0 0 5.8 15 250 M M 5 28 250
14 81 59 70 3 0 5 0.00 0.0 0 8.6 21 280 M M 1 8 28 250
15 74 52 63 -4 2 0 0.00 0.0 0 9.1 16 290 M M 5 8 22 280
16 70 50 60 -7 5 0 0.05 0.0 0 12.2 24 300 M M 4 1 35 320
17 69 54 62 -5 3 0 0.02 0.0 0 11.1 22 330 M M 4 33 340
18 75 54 65 -3 0 0 0.00 0.0 0 4.4 9 90 M M 5 14 20
19 66 53 60 -8 5 0 0.65 T 0 8.2 22 220 M M 8 1235 33 220
20 76 55 66 -2 0 1 T 0.0 0 7.9 15 340 M M 6 12 22 360
21 80 53 67 -1 0 2 0.07 0.0 0 5.3 22 220 M M 1 3 33 200
22 76 54 65 -3 0 0 0.00 0.0 0 6.6 23 270 M M 1 33 270
23 79 59 69 1 0 4 T 0.0 0 5.6 15 300 M M 3 138 22 300
24 80 59 70 2 0 5 0.12 0.0 0 3.2 12 30 M M 2 138 17 10
25 87 58 73 5 0 8 0.00 0.0 0 6.8 13 220 M M 2 18 240
26 81 64 73 5 0 8 T 0.0 0 7.0 14 140 M M 4 20 140
27 88 63 76 8 0 11 0.16 0.0 0 6.9 31 330 M M 4 13 46 340
28 77 55 66 -2 0 1 0.01 0.0 0 7.1 21 70 M M 2 18 28 70
29 75 53 64 -4 1 0 0.00 0.0 0 8.1 17 320 M M 2 24 320
30 77 48 63 -5 2 0 0.00 0.0 0 5.3 14 340 M M 2 21 270
31 79 50 65 -2 0 0 0.00 0.0 0 2.9 9 290 M M 1 12 270
================================================================================
SM 2374 1684 45 67 1.37 T 216.3 M 103
================================================================================
AV 76.6 54.3 7.0 FASTST M M 3 MAX(MPH)
MISC ----> # 31 230 # 46 240
================================================================================
NOTES:
# LAST OF SEVERAL OCCURRENCES
COLUMN 17 PEAK WIND IN M.P.H.
PRELIMINARY LOCAL CLIMATOLOGICAL DATA (WS FORM: F-6) , PAGE 2
STATION: DULUTH
MONTH: JULY
YEAR: 2023
LATITUDE: 46 49 N
LONGITUDE: 92 11 W
[TEMPERATURE DATA] [PRECIPITATION DATA] SYMBOLS USED IN COLUMN 16
AVERAGE MONTHLY: 65.5 TOTAL FOR MONTH: 1.37 1 = FOG OR MIST
DPTR FM NORMAL: -1.5 DPTR FM NORMAL: -2.55 2 = FOG REDUCING VISIBILITY
HIGHEST: 88 ON 27 GRTST 24HR 0.65 ON 19-19 TO 1/4 MILE OR LESS
LOWEST: 46 ON 11 3 = THUNDER
SNOW, ICE PELLETS, HAIL 4 = ICE PELLETS
TOTAL MONTH: T 5 = HAIL
GRTST 24HR T ON 19-19 6 = FREEZING RAIN OR DRIZZLE
GRTST DEPTH: 0 7 = DUSTSTORM OR SANDSTORM:
VSBY 1/2 MILE OR LESS
8 = SMOKE OR HAZE
[NO. OF DAYS WITH] [WEATHER - DAYS WITH] 9 = BLOWING SNOW
X = TORNADO
MAX 32 OR BELOW: 0 0.01 INCH OR MORE: 10
MAX 90 OR ABOVE: 0 0.10 INCH OR MORE: 5
MIN 32 OR BELOW: 0 0.50 INCH OR MORE: 1
MIN 0 OR BELOW: 0 1.00 INCH OR MORE: 0
[HDD (BASE 65) ]
TOTAL THIS MO. 45 CLEAR (SCALE 0-3) 15
DPTR FM NORMAL -5 PTCLDY (SCALE 4-7) 16
TOTAL FM JUL 1 45 CLOUDY (SCALE 8-10) 0
DPTR FM NORMAL -2
[CDD (BASE 65) ]
TOTAL THIS MO. 67
DPTR FM NORMAL -43 [PRESSURE DATA]
TOTAL FM JAN 1 130 HIGHEST SLP 30.20 ON 30
DPTR FM NORMAL -23 LOWEST SLP 29.62 ON 10
[REMARKS]
#FINAL-07-23#
NOTE: SNOWFALL THAT WAS OBSERVED ON JULY 19 WAS DUE TO HAIL.