511
CXUS56 KTFX 011110
CF6DLN
PRELIMINARY LOCAL CLIMATOLOGICAL DATA (WS FORM: F-6)
STATION: DILLON AIRPORT MT
MONTH: AUGUST
YEAR: 2020
LATITUDE: 45 15 N
LONGITUDE: 112 33 W
TEMPERATURE IN F: :PCPN: SNOW: WIND :SUNSHINE: SKY :PK WND
================================================================================
1 2 3 4 5 6A 6B 7 8 9 10 11 12 13 14 15 16 17 18
12Z AVG MX 2MIN
DY MAX MIN AVG DEP HDD CDD WTR SNW DPTH SPD SPD DIR MIN PSBL S-S WX SPD DR
================================================================================
1 90 55 73 7 0 8 0.00 M 0 8.0 28 140 M M 0 31 140
2 95 51 73 7 0 8 0.00 M 0 6.0 14 180 M M 0 15 190
3 89 56 73 7 0 8 0.00 M 0 6.9 17 350 M M 0 21 350
4 85 48 67 1 0 2 0.00 M 0 5.5 12 30 M M 0 23 70
5 90 49 70 4 0 5 0.00 M 0 6.2 17 220 M M 0 22 230
6 83 55 69 3 0 4 T M 0 10.3 32 150 M M 1 3 39 150
7 80 50 65 -1 0 0 0.00 M 0 8.3 18 270 M M 0 23 280
8 81 39 60 -6 5 0 0.00 M 0 6.9 22 270 M M 0 27 280
9 81 47 64 -2 1 0 0.00 M 0 5.9 17 290 M M 0 8 23 310
10 85 45 65 -1 0 0 0.00 M 0 5.0 13 20 M M 0 15 20
11 83 47 65 0 0 0 0.00 M 0 9.0 22 220 M M 0 8 29 210
12 78 52 65 0 0 0 0.00 M 0 12.1 28 250 M M 3 36 250
13 77 46 62 -3 3 0 0.00 M 0 8.6 25 40 M M 2 8 30 30
14 79 39 59 -6 6 0 0.00 M 0 5.9 16 280 M M 0 8 22 290
15 87 42 65 0 0 0 0.00 M 0 6.2 15 210 M M 0 8 18 200
16 93 47 70 6 0 5 0.00 M 0 7.8 20 310 M M 0 8 24 320
17 93 53 73 9 0 8 0.00 M 0 8.4 20 280 M M 0 8 24 280
18 91 56 74 10 0 9 0.00 M 0 7.3 16 30 M M 1 20 30
19 87 56 72 8 0 7 0.25 M 0 9.4 25 240 M M 1 38 35 240
20 84 55 70 6 0 5 0.00 M 0 6.8 12 220 M M 1 8 17 70
21 87 48 68 5 0 3 0.00 M 0 7.0 20 160 M M 0 8 26 200
22 88 54 71 8 0 6 0.00 M 0 7.4 18 260 M M 1 8 24 260
23 88 47 68 5 0 3 0.00 M 0 6.3 13 220 M M 0 8 15 190
24 83 54 69 6 0 4 0.00 M 0 6.6 13 180 M M 0 8 16 180
25 87 56 72 10 0 7 T M 0 7.5 45 340 M M 3 38 58 340
26 84 50 67 5 0 2 0.01 M 0 8.1 33 340 M M 3 38 38 350
27 76 51 64 2 1 0 0.08 M 0 7.7 16 250 M M 2 38 23 240
28 81 44 63 1 2 0 0.00 M 0 5.5 13 200 M M 0 16 210
29 81 46 64 3 1 0 0.00 M 0 9.8 17 240 M M 0 8 26 230
30 69 45 57 -4 8 0 0.00 M 0 7.5 20 350 M M 2 8 28 350
31 57 41 49 -12 16 0 T M 0 7.5 25 240 M M 7 1 32 240
================================================================================
SM 2592 1524 43 94 0.34 M 231.4 M 27
================================================================================
AV 83.6 49.2 7.5 FASTST M M 1 MAX(MPH)
MISC ----> 45 340 58 340
================================================================================
NOTES:
# LAST OF SEVERAL OCCURRENCES
COLUMN 17 PEAK WIND IN M.P.H.
PRELIMINARY LOCAL CLIMATOLOGICAL DATA (WS FORM: F-6) , PAGE 2
STATION: DILLON AIRPORT MT
MONTH: AUGUST
YEAR: 2020
LATITUDE: 45 15 N
LONGITUDE: 112 33 W
[TEMPERATURE DATA] [PRECIPITATION DATA] SYMBOLS USED IN COLUMN 16
AVERAGE MONTHLY: 66.4 TOTAL FOR MONTH: 0.34 1 = FOG OR MIST
DPTR FM NORMAL: 2.2 DPTR FM NORMAL: -0.71 2 = FOG REDUCING VISIBILITY
HIGHEST: 95 ON 2 GRTST 24HR 0.25 ON 19-19 TO 1/4 MILE OR LESS
LOWEST: 39 ON 14, 8 3 = THUNDER
SNOW, ICE PELLETS, HAIL 4 = ICE PELLETS
TOTAL MONTH: M 5 = HAIL
GRTST 24HR M ON M 6 = FREEZING RAIN OR DRIZZLE
GRTST DEPTH: 0 7 = DUSTSTORM OR SANDSTORM:
VSBY 1/2 MILE OR LESS
8 = SMOKE OR HAZE
[NO. OF DAYS WITH] [WEATHER - DAYS WITH] 9 = BLOWING SNOW
X = TORNADO
MAX 32 OR BELOW: 0 0.01 INCH OR MORE: 3
MAX 90 OR ABOVE: 6 0.10 INCH OR MORE: 1
MIN 32 OR BELOW: 0 0.50 INCH OR MORE: 0
MIN 0 OR BELOW: 0 1.00 INCH OR MORE: 0
[HDD (BASE 65) ]
TOTAL THIS MO. 43 CLEAR (SCALE 0-3) 30
DPTR FM NORMAL -38 PTCLDY (SCALE 4-7) 1
TOTAL FM JUL 1 103 CLOUDY (SCALE 8-10) 0
DPTR FM NORMAL -33
[CDD (BASE 65) ]
TOTAL THIS MO. 94
DPTR FM NORMAL 40 [PRESSURE DATA]
TOTAL FM JAN 1 147 HIGHEST SLP 30.22 ON 16
DPTR FM NORMAL -1 LOWEST SLP 29.64 ON 6
[REMARKS]
#FINAL-08-20#