000
CXUS55 KCAE 011400
CF6DNL
PRELIMINARY LOCAL CLIMATOLOGICAL DATA (WS FORM: F-6)
STATION: AUGUSTA DANIEL FIELD GA
MONTH: MARCH
YEAR: 2020
LATITUDE: 33 28 N
LONGITUDE: 82 2 W
TEMPERATURE IN F: :PCPN: SNOW: WIND :SUNSHINE: SKY :PK WND
================================================================================
1 2 3 4 5 6A 6B 7 8 9 10 11 12 13 14 15 16 17 18
12Z AVG MX 2MIN
DY MAX MIN AVG DEP HDD CDD WTR SNW DPTH SPD SPD DIR MIN PSBL S-S WX SPD DR
================================================================================
1 65 34 50 -4 15 0 0.00 M M 2.8 10 230 M M 0 15 220
2 70 44 57 3 8 0 1.00 M M 5.4 22 210 M M 6 1 26 220
3 71 58 65 11 0 0 0.38 M M 8.8 25 210 M M 9 1 36 200
4 65 55 60 5 5 0 0.58 M M 3.7 15 60 M M 10 1 20 70
5 56 50 53 -2 12 0 1.21 M M 8.9 16 60 M M 10 1 23 80
6 62 44 53 -2 12 0 0.00 M M 11.2 28 310 M M 4 40 310
7 60 36 48 -8 17 0 0.00 M M 6.6 16 350 M M 0 23 10
8 64 36 50 -6 15 0 0.00 M M 4.9 12 100 M M 0 15 110
9 74 45 60 4 5 0 0.00 M M 5.8 16 180 M M 4 20 210
10 74 57 66 10 0 1 T M M 4.1 15 220 M M 6 22 210
11 78 56 67 10 0 2 T M M 3.8 14 250 M M 3 22 270
12 80 59 70 13 0 5 0.00 M M 4.0 12 230 M M 3 17 190
13 82 66 74 17 0 9 0.09 M M 5.9 15 200 M M 2 20 210
14 82 63 73 16 0 8 0.00 M M 5.9 15 10 M M 3 20 140
15 71 57 64 6 1 0 T M M 7.0 18 360 M M 5 23 10
16 61 54 58 0 7 0 T M M 6.9 14 70 M M 10 18 70
17 72 55 64 6 1 0 0.01 M M 3.3 10 310 M M 6 1 13 310
18 78 57 68 10 0 3 0.26 M M 5.8 14 170 M M 4 1238 25 100
19 86 65 76 18 0 11 0.00 M M 6.6 15 200 M M 5 12 22 200
20 85 65 75 16 0 10 0.00 M M 8.4 20 210 M M 1 27 220
21 85 67 76 17 0 11 0.00 M M 6.4 14 310 M M 2 20 300
22 66 53 60 1 5 0 0.39 M M 9.4 17 50 M M 7 1 22 60
23 65 52 59 0 6 0 1.23 M M 5.6 13 300 M M 10 13 19 320
24 68 61 65 5 0 0 0.03 M M 4.9 9 10 M M 10 12 M M
25 80 64 72 12 0 7 0.45 M M 7.0 17 220 M M 3 13 25 210
26 76 55 66 6 0 1 0.00 M M 7.0 13 180 M M 0 16 100
27 85 61 73 13 0 8 0.00 M M 7.4 16 200 M M 2 1 21 210
28 88 67 78 18 0 13 0.00 M M 6.7 20 200 M M 0 24 200
29 87 68 78 17 0 13 0.00 M M 6.8 16 220 M M 2 23 230
30 82 65 74 13 0 9 0.00 M M 5.7 14 320 M M 0 19 320
31 69 54 62 1 3 0 0.31 M M 7.9 24 330 M M 6 1 34 340
================================================================================
SM 2287 1723 112 111 5.94 M 194.6 M 133
================================================================================
AV 73.8 55.6 6.3 FASTST M M 4 MAX(MPH)
MISC ----> # 28 310 # 40 310
================================================================================
NOTES:
# LAST OF SEVERAL OCCURRENCES
COLUMN 17 PEAK WIND IN M.P.H.
PRELIMINARY LOCAL CLIMATOLOGICAL DATA (WS FORM: F-6) , PAGE 2
STATION: AUGUSTA DANIEL FIELD GA
MONTH: MARCH
YEAR: 2020
LATITUDE: 33 28 N
LONGITUDE: 82 2 W
[TEMPERATURE DATA] [PRECIPITATION DATA] SYMBOLS USED IN COLUMN 16
AVERAGE MONTHLY: 64.7 TOTAL FOR MONTH: 5.94 1 = FOG OR MIST
DPTR FM NORMAL: 7.1 DPTR FM NORMAL: 1.63 2 = FOG REDUCING VISIBILITY
HIGHEST: 88 ON 28 GRTST 24HR 1.23 ON 23-23 TO 1/4 MILE OR LESS
LOWEST: 34 ON 1 3 = THUNDER
SNOW, ICE PELLETS, HAIL 4 = ICE PELLETS
TOTAL MONTH: M 5 = HAIL
GRTST 24HR M ON M 6 = FREEZING RAIN OR DRIZZLE
GRTST DEPTH: M ON M 7 = DUSTSTORM OR SANDSTORM:
VSBY 1/2 MILE OR LESS
8 = SMOKE OR HAZE
[NO. OF DAYS WITH] [WEATHER - DAYS WITH] 9 = BLOWING SNOW
X = TORNADO
MAX 32 OR BELOW: 0 0.01 INCH OR MORE: 12
MAX 90 OR ABOVE: 0 0.10 INCH OR MORE: 9
MIN 32 OR BELOW: 0 0.50 INCH OR MORE: 4
MIN 0 OR BELOW: 0 1.00 INCH OR MORE: 3
[HDD (BASE 65) ]
TOTAL THIS MO. 112 CLEAR (SCALE 0-3) 12
DPTR FM NORMAL -138 PTCLDY (SCALE 4-7) 13
TOTAL FM JUL 1 1472 CLOUDY (SCALE 8-10) 6
DPTR FM NORMAL -591
[CDD (BASE 65) ]
TOTAL THIS MO. 111
DPTR FM NORMAL 89 [PRESSURE DATA]
TOTAL FM JAN 1 144 HIGHEST SLP 30.64 ON 8
DPTR FM NORMAL 118 LOWEST SLP 29.58 ON 31
[REMARKS]
#FINAL-03-20#