000
CXUS55 KGJT 010910
CF6DRO
PRELIMINARY LOCAL CLIMATOLOGICAL DATA (WS FORM: F-6)
STATION: DURANGO AIRPORT CO
MONTH: AUGUST
YEAR: 2022
LATITUDE: 37 9 N
LONGITUDE: 107 45 W
TEMPERATURE IN F: :PCPN: SNOW: WIND :SUNSHINE: SKY :PK WND
================================================================================
1 2 3 4 5 6A 6B 7 8 9 10 11 12 13 14 15 16 17 18
12Z AVG MX 2MIN
DY MAX MIN AVG DEP HDD CDD WTR SNW DPTH SPD SPD DIR MIN PSBL S-S WX SPD DR
================================================================================
1 85 58 72 2 0 7 0.00 M M 5.2 20 10 M M 2 3 27 280
2 88 57 73 3 0 8 0.00 M M 7.1 25 270 M M 1 35 260
3 88 56 72 2 0 7 T M M 3.9 21 320 M M 1 3 30 320
4 87 59 73 3 0 8 0.01 M M 6.5 24 170 M M 3 3 35 180
5 85 60 73 4 0 8 0.00 M M 5.8 15 260 M M 1 22 270
6 88 56 72 3 0 7 0.00 M M 6.1 18 140 M M 2 3 27 140
7 85 58 72 3 0 7 T M M 5.2 22 320 M M 3 3 27 130
8 85 55 70 1 0 5 0.01 M M 5.2 21 130 M M 3 3 31 130
9 87 54 71 2 0 6 0.00 M M 3.9 16 90 M M 2 3 24 80
10 89 57 73 4 0 8 T M M 5.9 17 200 M M 2 25 210
11 88 54 71 3 0 6 T M M 5.9 25 220 M M 2 33 210
12 88 56 72 4 0 7 0.00 M M 5.6 26 50 M M 3 33 40
13 88 56 72 4 0 7 T M M 4.7 14 260 M M 3 3 23 270
14 89 57 73 5 0 8 0.00 M M 6.1 26 230 M M 2 37 200
15 86 58 72 4 0 7 0.53 M M 5.2 22 210 M M 4 13 29 220
16 83 59 71 3 0 6 T M M 5.2 18 200 M M 3 3 25 200
17 79 60 70 2 0 5 0.04 M M 4.4 18 340 M M 8 13 26 350
18 84 56 70 3 0 5 0.00 M M 5.2 15 150 M M 2 22 140
19 75 57 66 -1 0 1 0.08 M M 4.2 20 30 M M 5 24 30
20 73 57 65 -2 0 0 T M M 5.8 16 130 M M 8 22 110
21 77 50 64 -3 1 0 T M M 5.0 18 320 M M 2 3 24 310
22 81 50 66 0 0 1 0.16 M M 5.4 23 340 M M 4 3 33 330
23 81 52 67 1 0 2 0.00 M M 3.7 14 250 M M 2 3 28 260
24 84 50 67 1 0 2 0.00 M M 5.8 20 30 M M 3 3 26 30
25 82 54 68 2 0 3 T M M 6.6 21 140 M M 4 3 30 140
26 77 54 66 0 0 1 0.11 M M 4.6 16 350 M M 6 1 22 340
27 82 50 66 1 0 1 0.34 M M 4.6 28 360 M M 2 3 38 360
28 84 47 66 1 0 1 0.00 M M 6.1 32 10 M M 1 3 41 350
29 87 45 66 1 0 1 0.00 M M 3.2 12 10 M M 0 17 280
30 87 51 69 4 0 4 0.00 M M 4.3 15 70 M M 2 22 60
31 88 57 73 9 0 8 0.00 M M 7.5 25 130 M M 1 3 36 130
================================================================================
SM 2610 1700 1 147 1.28 M 163.9 M 87
================================================================================
AV 84.2 54.8 5.3 FASTST M M 3 MAX(MPH)
MISC ----> 32 10 41 350
================================================================================
NOTES:
# LAST OF SEVERAL OCCURRENCES
COLUMN 17 PEAK WIND IN M.P.H.
PRELIMINARY LOCAL CLIMATOLOGICAL DATA (WS FORM: F-6) , PAGE 2
STATION: DURANGO AIRPORT CO
MONTH: AUGUST
YEAR: 2022
LATITUDE: 37 9 N
LONGITUDE: 107 45 W
[TEMPERATURE DATA] [PRECIPITATION DATA] SYMBOLS USED IN COLUMN 16
AVERAGE MONTHLY: 69.5 TOTAL FOR MONTH: 1.28 1 = FOG OR MIST
DPTR FM NORMAL: 2.0 DPTR FM NORMAL: -0.09 2 = FOG REDUCING VISIBILITY
HIGHEST: 89 ON 10,14 GRTST 24HR 0.53 ON 15-15 TO 1/4 MILE OR LESS
LOWEST: 45 ON 29 3 = THUNDER
SNOW, ICE PELLETS, HAIL 4 = ICE PELLETS
TOTAL MONTH: M 5 = HAIL
GRTST 24HR M ON M 6 = FREEZING RAIN OR DRIZZLE
GRTST DEPTH: M ON M 7 = DUSTSTORM OR SANDSTORM:
VSBY 1/2 MILE OR LESS
8 = SMOKE OR HAZE
[NO. OF DAYS WITH] [WEATHER - DAYS WITH] 9 = BLOWING SNOW
X = TORNADO
MAX 32 OR BELOW: 0 0.01 INCH OR MORE: 8
MAX 90 OR ABOVE: 0 0.10 INCH OR MORE: 4
MIN 32 OR BELOW: 0 0.50 INCH OR MORE: 1
MIN 0 OR BELOW: 0 1.00 INCH OR MORE: 0
[HDD (BASE 65) ]
TOTAL THIS MO. 1 CLEAR (SCALE 0-3) 21
DPTR FM NORMAL -17 PTCLDY (SCALE 4-7) 10
TOTAL FM JUL 1 1 CLOUDY (SCALE 8-10) 0
DPTR FM NORMAL -21
[CDD (BASE 65) ]
TOTAL THIS MO. 147
DPTR FM NORMAL 51 [PRESSURE DATA]
TOTAL FM JAN 1 457 HIGHEST SLP M ON M
DPTR FM NORMAL 177 LOWEST SLP 29.81 ON 28
[REMARKS]
#FINAL-08-22#