281
CXUS54 KFWD 010830
CF6DTO
PRELIMINARY LOCAL CLIMATOLOGICAL DATA (WS FORM: F-6)
STATION: DENTON
MONTH: JANUARY
YEAR: 2021
LATITUDE: 33 12 N
LONGITUDE: 97 12 W
TEMPERATURE IN F: :PCPN: SNOW: WIND :SUNSHINE: SKY :PK WND
================================================================================
1 2 3 4 5 6A 6B 7 8 9 10 11 12 13 14 15 16 17 18
12Z AVG MX 2MIN
DY MAX MIN AVG DEP HDD CDD WTR SNW DPTH SPD SPD DIR MIN PSBL S-S WX SPD DR
================================================================================
1 40 34 37 -5 28 0 T M M 11.1 18 330 M M 10 1 27 310
2 55 34 45 3 20 0 0.00 M M 6.8 15 340 M M 4 19 340
3 63 32 48 5 17 0 0.00 M M 7.0 17 220 M M 0 23 230
4 67 29 48 5 17 0 0.00 M M 3.5 13 360 M M 0 19 10
5 66 27 47 4 18 0 0.00 M M 7.1 17 150 M M 1 21 140
6 58 44 51 8 14 0 T M M 14.1 24 330 M M 9 18 34 300
7 48 42 45 2 20 0 0.00 M M 13.6 23 330 M M 10 33 340
8 51 33 42 -1 23 0 0.00 M M 8.1 16 10 M M 5 21 350
9 49 22 36 -7 29 0 0.00 M M 4.6 10 100 M M 0 1 14 100
10 38 34 36 -7 29 0 T M M 7.6 18 360 M M 10 1 24 350
11 49 25 37 -6 28 0 T M M 4.9 13 360 M M 5 18 320
12 54 20 37 -6 28 0 0.00 M M 3.9 17 220 M M 0 23 220
13 65 24 45 2 20 0 0.00 M M 7.8 17 180 M M 0 18 24 200
14 63 30 47 4 18 0 0.00 M M 12.2 31 340 M M 0 47 10
15 53 34 44 1 21 0 0.00 M M 16.0 35 310 M M 0 50 310
16 57 27 42 -1 23 0 0.00 M M 5.6 14 290 M M 0 19 290
17 60 27 44 0 21 0 0.00 M M 4.5 16 300 M M 3 22 320
18 67 25 46 2 19 0 0.00 M M 7.6 23 180 M M 4 30 180
19 57 48 53 9 12 0 0.02 M M 11.3 21 20 M M 10 27 40
20 48 42 45 1 20 0 0.20 M M 3.6 16 190 M M 9 1 20 180
21 56 41 49 5 16 0 0.00 M M 4.0 12 170 M M 2 12 14 180
22 52 41 47 3 18 0 0.00 M M 5.6 13 20 M M 10 12 17 40
23 52 47 50 6 15 0 T M M 7.1 14 150 M M 10 1 18 140
24 62 52 57 13 8 0 0.10 M M 6.0 18 130 M M 10 123 22 130
25 67 36 52 8 13 0 0.14 M M 10.1 29 310 M M 2 13 41 320
26 56 32 44 0 21 0 T M M 7.9 16 350 M M 1 22 360
27 49 26 38 -7 27 0 T M M 10.1 23 340 M M 2 1 30 360
28 49 21 35 -10 30 0 0.00 M M 3.7 9 150 M M 0 15 160
29 62 32 47 2 18 0 0.00 M M 9.6 20 160 M M 0 27 180
30 74 50 62 17 3 0 T M M 19.9 39 250 M M 6 18 52 250
31 57 35 46 1 19 0 0.00 M M 12.6 25 330 M M 0 36 330
================================================================================
SM 1744 1046 613 0 0.46 M 257.5 M 123
================================================================================
AV 56.3 33.7 8.3 FASTST M M 4 MAX(MPH)
MISC ----> 39 250 52 250
================================================================================
NOTES:
# LAST OF SEVERAL OCCURRENCES
COLUMN 17 PEAK WIND IN M.P.H.
PRELIMINARY LOCAL CLIMATOLOGICAL DATA (WS FORM: F-6) , PAGE 2
STATION: DENTON
MONTH: JANUARY
YEAR: 2021
LATITUDE: 33 12 N
LONGITUDE: 97 12 W
[TEMPERATURE DATA] [PRECIPITATION DATA] SYMBOLS USED IN COLUMN 16
AVERAGE MONTHLY: 45.0 TOTAL FOR MONTH: 0.46 1 = FOG OR MIST
DPTR FM NORMAL: 1.5 DPTR FM NORMAL: -1.46 2 = FOG REDUCING VISIBILITY
HIGHEST: 74 ON 30 GRTST 24HR 1.35 ON 31- 1 TO 1/4 MILE OR LESS
LOWEST: 20 ON 12 3 = THUNDER
SNOW, ICE PELLETS, HAIL 4 = ICE PELLETS
TOTAL MONTH: M 5 = HAIL
GRTST 24HR M ON M 6 = FREEZING RAIN OR DRIZZLE
GRTST DEPTH: M ON M 7 = DUSTSTORM OR SANDSTORM:
VSBY 1/2 MILE OR LESS
8 = SMOKE OR HAZE
[NO. OF DAYS WITH] [WEATHER - DAYS WITH] 9 = BLOWING SNOW
X = TORNADO
MAX 32 OR BELOW: 0 0.01 INCH OR MORE: 4
MAX 90 OR ABOVE: 0 0.10 INCH OR MORE: 3
MIN 32 OR BELOW: 15 0.50 INCH OR MORE: 0
MIN 0 OR BELOW: 0 1.00 INCH OR MORE: 0
[HDD (BASE 65) ]
TOTAL THIS MO. 613 CLEAR (SCALE 0-3) 17
DPTR FM NORMAL -53 PTCLDY (SCALE 4-7) 5
TOTAL FM JUL 1 1600 CLOUDY (SCALE 8-10) 9
DPTR FM NORMAL -149
[CDD (BASE 65) ]
TOTAL THIS MO. 0
DPTR FM NORMAL -1 [PRESSURE DATA]
TOTAL FM JAN 1 0 HIGHEST SLP 30.64 ON 28
DPTR FM NORMAL -1 LOWEST SLP 29.55 ON 25
[REMARKS]
#FINAL-01-21#