000
CXUS53 KDVN 011325
CLADVN
CLIMATE REPORT
NATIONAL WEATHER SERVICE QUAD CITIES IA IL
725 AM CST SUN JAN 01 2023
...................................
...THE DAVENPORT IA CLIMATE SUMMARY FOR THE YEAR OF 2022...
CLIMATE NORMAL PERIOD 1991 TO 2020
CLIMATE RECORD PERIOD 9999 TO 9999
WEATHER OBSERVED NORMAL DEPART LAST YEAR`S
VALUE DATE(S) VALUE FROM VALUE
NORMAL
..............................................................
TEMPERATURE (F)
HIGHEST 97 05/12 84 13
LOWEST -9 12/22 12 -21
12/23
AVG. MAXIMUM 59.8 59.7 0.1
AVG. MINIMUM 39.2 40.2 -1.0
MEAN 49.5 49.9 -0.4 51.3
DAYS MAX >= 90 16
DAYS MAX <= 32 55
DAYS MIN <= 32 138
DAYS MIN <= 0 15
PRECIPITATION (INCHES)
TOTALS 33.61 36.17 -2.56
DAILY AVG. 0.09 0.10 -0.01
DAYS >= .01 112
DAYS >= .10 65
DAYS >= .50 23
DAYS >= 1.00 7
GREATEST
24 HR. TOTAL 2.33
SNOWFALL (INCHES)
TOTALS 24.1 MM MM
SINCE 7/1 6.2 MM MM
SNOWDEPTH AVG. 0
DAYS >= TRACE 58 MM MM
DAYS >= 1.0 8 MM MM
GREATEST
SNOW DEPTH 7 01/02
01/03
01/04
24 HR TOTAL 6.2 01/01 TO 01/01
DEGREE DAYS
HEATING TOTAL 6532 6326 206
SINCE 7/1 2434 2452 -18
COOLING TOTAL 1013 878 135
SINCE 1/1 1013 879 134
..............................................................
WIND (MPH)
AVERAGE WIND SPEED 10.6
HIGHEST WIND SPEED/DIRECTION 41/290 DATE 03/25
41/280 12/23
HIGHEST GUST SPEED/DIRECTION 58/290 DATE 03/25
SKY COVER
POSSIBLE SUNSHINE (PERCENT) MM
AVERAGE SKY COVER 0.34
NUMBER OF DAYS FAIR 216
NUMBER OF DAYS PC 88
NUMBER OF DAYS CLOUDY 60
AVERAGE RH (PERCENT) 69
WEATHER CONDITIONS. NUMBER OF DAYS WITH
THUNDERSTORM 33 HAIL 4
SLEET 3 FOG 160
FOG W/VIS <= 1/4 MILE 14 HAZE 49
- INDICATES NEGATIVE NUMBERS.
R INDICATES RECORD WAS SET OR TIED.
MM INDICATES DATA IS MISSING.
T INDICATES TRACE AMOUNT.
$$