000
CXUS53 KDVN 011130
CLMDVN
CLIMATE REPORT
NATIONAL WEATHER SERVICE QUAD CITIES IA IL
630 AM CDT SAT JUL 01 2023
...................................
...THE DAVENPORT IA CLIMATE SUMMARY FOR THE MONTH OF JUNE 2023...
CLIMATE NORMAL PERIOD 1991 TO 2020
CLIMATE RECORD PERIOD 9999 TO 9999
WEATHER OBSERVED NORMAL DEPART LAST YEAR`S
VALUE DATE(S) VALUE FROM VALUE
NORMAL
..............................................................
TEMPERATURE (F)
HIGHEST 93 06/02 84 9
06/03
06/24
LOWEST 43R 06/12 55 -12
AVG. MAXIMUM 85.2 81.3 3.9
AVG. MINIMUM 58.8 60.9 -2.1
MEAN 72.0 71.1 0.9
DAYS MAX >= 90 9
DAYS MAX <= 32 0
DAYS MIN <= 32 0
DAYS MIN <= 0 0
PRECIPITATION (INCHES)
TOTALS 1.93R 4.73 -2.80
DAILY AVG. 0.06 0.16 -0.10
DAYS >= .01 8
DAYS >= .10 4
DAYS >= .50 2
DAYS >= 1.00 0
GREATEST
24 HR. TOTAL 0.73 06/29 TO 06/29
SNOWFALL (INCHES)
TOTALS 0.0
SINCE 7/1 32.7
SNOWDEPTH AVG. 0
DAYS >= TRACE 0
DAYS >= 1.0 0
GREATEST
SNOW DEPTH 0
24 HR TOTAL MM
DEGREE DAYS
HEATING TOTAL 11 18 -7
SINCE 7/1 5813 6323 -510
COOLING TOTAL 229 201 28
SINCE 1/1 326 280 46
..............................................................
WIND (MPH)
AVERAGE WIND SPEED 7.8
HIGHEST WIND SPEED/DIRECTION 44/290 DATE 06/24
HIGHEST GUST SPEED/DIRECTION 70/290 DATE 06/24
SKY COVER
POSSIBLE SUNSHINE (PERCENT) MM
AVERAGE SKY COVER 0.19
NUMBER OF DAYS FAIR 25
NUMBER OF DAYS PC 4
NUMBER OF DAYS CLOUDY 1
AVERAGE RH (PERCENT) 59
WEATHER CONDITIONS. NUMBER OF DAYS WITH
THUNDERSTORM 6 HAIL 0
SLEET 0 FOG 11
FOG W/VIS <= 1/4 MILE 1 HAZE 16
- INDICATES NEGATIVE NUMBERS.
R INDICATES RECORD WAS SET OR TIED.
MM INDICATES DATA IS MISSING.
T INDICATES TRACE AMOUNT.
$$