000
CXUS55 KPSR 221504
CF6DVT
PRELIMINARY LOCAL CLIMATOLOGICAL DATA (WS FORM: F-6)
STATION: DEER VLY/PHOENIX AZ
MONTH: JANUARY
YEAR: 2021
LATITUDE: 33 41 N
LONGITUDE: 112 4 W
TEMPERATURE IN F: :PCPN: SNOW: WIND :SUNSHINE: SKY :PK WND
================================================================================
1 2 3 4 5 6A 6B 7 8 9 10 11 12 13 14 15 16 17 18
12Z AVG MX 2MIN
DY MAX MIN AVG DEP HDD CDD WTR SNW DPTH SPD SPD DIR MIN PSBL S-S WX SPD DR
================================================================================
1 63 38 51 -2 14 0 0.00 M M 3.4 14 350 M M 1 18 350
2 60 35 48 -5 17 0 0.00 M M 2.6 12 20 M M 0 15 30
3 61 37 49 -5 16 0 0.00 M M 2.7 10 30 M M 0 14 30
4 67 38 53 -1 12 0 0.00 M M 1.6 8 10 M M 0 9 230
5 67 39 53 -1 12 0 0.00 M M 3.0 12 80 M M 0 13 250
6 68 39 54 0 11 0 0.00 M M 2.3 8 100 M M 0 10 100
7 68 39 54 0 11 0 0.00 M M 2.3 13 30 M M 0 14 30
8 67 39 53 -1 12 0 0.00 M M 2.3 10 340 M M 0 11 340
9 68 36 52 -2 13 0 0.00 M M 6.7 18 10 M M 0 23 350
10 64 38 51 -3 14 0 0.00 M M 4.6 13 30 M M 0 16 20
11 64 43 54 0 11 0 0.00 M M 6.1 14 100 M M 0 19 60
12 64 35 50 -5 15 0 0.00 M M 3.5 10 50 M M 0 12 40
13 65 38 52 -3 13 0 0.00 M M 2.3 10 20 M M 0 8 12 30
14 72 40 56 1 9 0 0.00 M M 2.1 15 30 M M 0 17 30
15 77 49 63 8 2 0 0.00 M M 4.8 14 60 M M 0 19 50
16 74 45 60 5 5 0 0.00 M M 2.8 10 90 M M 0 12 30
17 76 45 61 6 4 0 0.00 M M 3.4 10 30 M M 0 13 30
18 71 41 56 1 9 0 0.00 M M 2.8 13 30 M M 1 15 30
19 68 52 60 5 5 0 0.07 M M 10.7 25 50 M M 6 33 50
20 71 59 65 10 0 0 T M M 7.8 17 140 M M 5 24 80
21 70 55 63 8 2 0 T M M 4.0 13 50 M M 6 16 130
22 64 51 58 3 7 0 0.00 M M 5.6 13 220 M M 7 15 230
23 59 49 54 -1 11 0 0.28 M M 2.9 13 130 M M 8 13 17 110
24 51 44 48 -7 17 0 0.27 M M 6.0 22 220 M M 9 138 27 220
25 49 37 43 -12 22 0 0.37 M M 10.0 40 270 M M 9 13 49 210
26 48 39 44 -12 21 0 0.03 M M 8.2 20 210 M M 10 29 220
27 58 37 48 -8 17 0 0.00 M M 7.9 17 50 M M 0 24 50
28 69 50 60 4 5 0 0.00 M M 6.6 14 80 M M 0 19 80
29 63 44 54 -2 11 0 0.26 M M 7.1 22 250 M M 3 1 27 260
30 60 41 51 -5 14 0 0.00 M M 4.1 12 30 M M 1 1 14 30
31 72 39 56 0 9 0 0.00 M M 4.9 12 20 M M 0 15 90
================================================================================
SM 2018 1311 341 0 1.28 M 145.1 M 66
================================================================================
AV 65.1 42.3 4.7 FASTST M M 2 MAX(MPH)
MISC ----> 40 270 49 210
================================================================================
NOTES:
# LAST OF SEVERAL OCCURRENCES
COLUMN 17 PEAK WIND IN M.P.H.
PRELIMINARY LOCAL CLIMATOLOGICAL DATA (WS FORM: F-6) , PAGE 2
STATION: DEER VLY/PHOENIX AZ
MONTH: JANUARY
YEAR: 2021
LATITUDE: 33 41 N
LONGITUDE: 112 4 W
[TEMPERATURE DATA] [PRECIPITATION DATA] SYMBOLS USED IN COLUMN 16
AVERAGE MONTHLY: 53.7 TOTAL FOR MONTH: 1.28 1 = FOG OR MIST
DPTR FM NORMAL: -1.1 DPTR FM NORMAL: 0.11 2 = FOG REDUCING VISIBILITY
HIGHEST: 77 ON 15 GRTST 24HR 0.66 ON 23-23 TO 1/4 MILE OR LESS
LOWEST: 35 ON 12, 2 3 = THUNDER
SNOW, ICE PELLETS, HAIL 4 = ICE PELLETS
TOTAL MONTH: M 5 = HAIL
GRTST 24HR M ON M 6 = FREEZING RAIN OR DRIZZLE
GRTST DEPTH: M ON M 7 = DUSTSTORM OR SANDSTORM:
VSBY 1/2 MILE OR LESS
8 = SMOKE OR HAZE
[NO. OF DAYS WITH] [WEATHER - DAYS WITH] 9 = BLOWING SNOW
X = TORNADO
MAX 32 OR BELOW: 0 0.01 INCH OR MORE: 6
MAX 90 OR ABOVE: 0 0.10 INCH OR MORE: 4
MIN 32 OR BELOW: 0 0.50 INCH OR MORE: 0
MIN 0 OR BELOW: 0 1.00 INCH OR MORE: 0
[HDD (BASE 65) ]
TOTAL THIS MO. 341 CLEAR (SCALE 0-3) 23
DPTR FM NORMAL 22 PTCLDY (SCALE 4-7) 4
TOTAL FM JUL 1 847 CLOUDY (SCALE 8-10) 4
DPTR FM NORMAL 18
[CDD (BASE 65) ]
TOTAL THIS MO. 0
DPTR FM NORMAL -1 [PRESSURE DATA]
TOTAL FM JAN 1 0 HIGHEST SLP 30.32 ON 12
DPTR FM NORMAL -1 LOWEST SLP 29.64 ON 25
[REMARKS]
#FINAL-01-21#