000
CXUS54 KHGX 281410
CF6DWH
PRELIMINARY LOCAL CLIMATOLOGICAL DATA (WS FORM: F-6)
STATION: HOUSTON/D.W._HOOKS
MONTH: MARCH
YEAR: 2024
LATITUDE: 30 4 N
LONGITUDE: 95 33 W
TEMPERATURE IN F: :PCPN: SNOW: WIND :SUNSHINE: SKY :PK WND
================================================================================
1 2 3 4 5 6A 6B 7 8 9 10 11 12 13 14 15 16 17 18
12Z AVG MX 2MIN
DY MAX MIN AVG DEP HDD CDD WTR SNW DPTH SPD SPD DIR MIN PSBL S-S WX SPD DR
================================================================================
1 74 49 62 2 3 0 0.00 0.0 0 3.8 10 360 M M 5 15 350
2 73 50 62 2 3 0 0.00 0.0 0 4.1 14 110 M M 7 18 18 140
3 83 61 72 11 0 7 0.00 0.0 0 6.9 16 200 M M 7 12 25 150
4 84 68 76 15 0 11 0.01 0.0 0 5.7 14 150 M M 5 12 19 150
5 90 66 78 17 0 13 0.02 0.0 0 4.8 14 120 M M 5 18 20 120
6 83 65 74 13 0 9 0.00 0.0 0 4.9 13 110 M M 5 18 21 110
7 81 63 72 10 0 7 0.02 0.0 0 7.8 21 130 M M 6 1 30 130
8 82 67 75 13 0 10 0.02 0.0 0 6.5 14 340 M M 7 18 20 360
9 67 47 57 -5 8 0 0.00 0.0 0 10.2 20 350 M M 5 30 320
10 71 40 56 -6 9 0 0.00 0.0 0 2.4 9 40 M M 0 16 150
11 74 52 63 1 2 0 0.00 0.0 0 3.5 13 140 M M 3 17 140
12 79 51 65 2 0 0 0.00 0.0 0 5.1 13 150 M M 5 1 20 160
13 84 62 73 10 0 8 T 0.0 0 7.1 16 150 M M 8 1 27 170
14 85 73 79 16 0 14 T 0.0 M 9.7 22 130 M M 8 32 140
15 83 66 75 12 0 10 1.32 0.0 M 6.5 20 100 M M 7 123 27 100
16 71 64 68 4 0 3 T 0.0 M 6.9 18 110 M M 9 13 26 100
17 80 62 71 7 0 6 0.10 0.0 M 6.1 20 280 M M 7 13 34 270
18 71 54 63 -1 2 0 0.00 0.0 M 9.9 22 20 M M 3 32 10
19 68 41 55 -9 10 0 0.00 0.0 M 5.1 13 70 M M 1 21 70
20 71 49 60 -4 5 0 0.00 0.0 M 3.3 10 150 M M 9 16 150
21 67 59 63 -1 2 0 2.57 0.0 0 8.5 29 300 M M 10 13 49 290
22 75 54 65 0 0 0 0.03 0.0 0 7.3 20 30 M M 4 123 32 20
23 79 52 66 1 0 1 0.00 0.0 0 2.7 10 50 M M 0 15 50
24 74 61 68 3 0 3 0.00 0.0 0 11.6 22 150 M M 6 36 150
25 74 55 65 0 0 0 0.19 0.0 0 6.0 20 290 M M 7 1 31 270
26 71 50 61 -5 4 0 0.00 0.0 0 6.7 13 360 M M 0 22 340
27 68 49 59 -7 6 0 T 0.0 0 3.7 10 40 M M 2 17 50
================================================================================
SM 2062 1530 54 102 4.28 0.0 166.8 M 141
================================================================================
AV 76.4 56.7 6.2 FASTST M M 5 MAX(MPH)
MISC ----> 29 300 49 290
================================================================================
NOTES:
# LAST OF SEVERAL OCCURRENCES
COLUMN 17 PEAK WIND IN M.P.H.
PRELIMINARY LOCAL CLIMATOLOGICAL DATA (WS FORM: F-6) , PAGE 2
STATION: HOUSTON/D.W._HOOKS
MONTH: MARCH
YEAR: 2024
LATITUDE: 30 4 N
LONGITUDE: 95 33 W
[TEMPERATURE DATA] [PRECIPITATION DATA] SYMBOLS USED IN COLUMN 16
AVERAGE MONTHLY: 66.5 TOTAL FOR MONTH: 4.28 1 = FOG OR MIST
DPTR FM NORMAL: 3.5 DPTR FM NORMAL: 1.31 2 = FOG REDUCING VISIBILITY
HIGHEST: 90 ON 5 GRTST 24HR 2.60 ON 21-22 TO 1/4 MILE OR LESS
LOWEST: 40 ON 10 3 = THUNDER
SNOW, ICE PELLETS, HAIL 4 = ICE PELLETS
TOTAL MONTH: 0.0 INCH 5 = HAIL
GRTST 24HR 0.0 6 = FREEZING RAIN OR DRIZZLE
GRTST DEPTH: 0 7 = DUSTSTORM OR SANDSTORM:
VSBY 1/2 MILE OR LESS
8 = SMOKE OR HAZE
[NO. OF DAYS WITH] [WEATHER - DAYS WITH] 9 = BLOWING SNOW
X = TORNADO
MAX 32 OR BELOW: 0 0.01 INCH OR MORE: 9
MAX 90 OR ABOVE: 1 0.10 INCH OR MORE: 4
MIN 32 OR BELOW: 0 0.50 INCH OR MORE: 2
MIN 0 OR BELOW: 0 1.00 INCH OR MORE: 2
[HDD (BASE 65) ]
TOTAL THIS MO. 54 CLEAR (SCALE 0-3) 6
DPTR FM NORMAL -67 PTCLDY (SCALE 4-7) 18
TOTAL FM JUL 1 1121 CLOUDY (SCALE 8-10) 3
DPTR FM NORMAL -198
[CDD (BASE 65) ]
TOTAL THIS MO. 102
DPTR FM NORMAL 38 [PRESSURE DATA]
TOTAL FM JAN 1 155 HIGHEST SLP M ON M
DPTR FM NORMAL 43 LOWEST SLP 29.49 ON 25
[REMARKS]