000
CXUS54 KHGX 310709
CF6DWH
PRELIMINARY LOCAL CLIMATOLOGICAL DATA (WS FORM: F-6)
STATION: HOUSTON/D.W._HOOKS
MONTH: APRIL
YEAR: 2020
LATITUDE: 30 4 N
LONGITUDE: 95 33 W
TEMPERATURE IN F: :PCPN: SNOW: WIND :SUNSHINE: SKY :PK WND
================================================================================
1 2 3 4 5 6A 6B 7 8 9 10 11 12 13 14 15 16 17 18
12Z AVG MX 2MIN
DY MAX MIN AVG DEP HDD CDD WTR SNW DPTH SPD SPD DIR MIN PSBL S-S WX SPD DR
================================================================================
1 75 49 62 -2 3 0 0.00 0.0 0 6.9 17 110 M M 0 1 22 130
2 77 58 68 4 0 3 T 0.0 0 8.5 20 120 M M 4 25 120
3 81 58 70 5 0 5 0.56 0.0 0 7.2 15 20 M M 8 13 21 350
4 59 51 55 -10 10 0 0.57 0.0 0 7.8 13 360 M M 10 13 22 40
5 73 54 64 -1 1 0 0.00 0.0 0 5.9 14 80 M M 8 1 19 290
6 78 63 71 6 0 6 0.09 0.0 0 5.3 13 130 M M 7 18 20 90
7 85 72 79 13 0 14 T 0.0 0 5.0 10 190 M M 7 128 14 240
8 87 72 80 14 0 15 0.00 0.0 0 5.8 12 240 M M 6 18 16 150
9 89 68 79 13 0 14 0.11 0.0 0 5.5 30 320 M M 3 13 42 310
10 74 62 68 2 0 3 0.00 0.0 0 7.5 16 50 M M 2 24 70
11 78 58 68 1 0 3 0.04 0.0 0 8.9 18 110 M M 6 3 26 120
12 88 60 74 7 0 9 T 0.0 0 9.7 21 300 M M 5 18 29 280
13 68 50 59 -8 6 0 0.00 0.0 0 9.7 17 20 M M 0 24 340
14 68 48 58 -10 7 0 0.00 0.0 0 8.8 17 10 M M 1 26 350
15 69 45 57 -11 8 0 0.00 0.0 0 5.9 14 40 M M 0 20 20
16 76 48 62 -6 3 0 0.00 0.0 0 7.1 20 120 M M 0 27 120
17 80 58 69 1 0 4 0.14 0.0 0 4.8 14 340 M M 9 1 20 330
18 74 58 66 -2 0 1 0.03 0.0 0 6.7 15 350 M M 9 138 28 90
19 82 61 72 3 0 7 0.81 0.0 0 4.7 18 220 M M 8 1238 28 210
20 84 61 73 4 0 8 0.00 0.0 0 4.8 10 50 M M 4 12 26 40
21 86 64 75 6 0 10 T 0.0 0 6.8 20 120 M M 3 18 27 110
22 84 70 77 7 0 12 T 0.0 0 8.6 22 200 M M 9 8 30 200
23 85 59 72 2 0 7 0.00 0.0 0 7.9 18 340 M M 3 18 25 330
24 91 56 74 4 0 9 0.18 0.0 0 6.4 24 330 M M 1 13 36 330
25 78 59 69 -1 0 4 0.03 0.0 0 6.7 17 20 M M 3 13 22 350
26 84 53 69 -2 0 4 0.00 0.0 0 3.1 12 80 M M 0 1 19 80
27 84 55 70 -1 0 5 0.00 0.0 0 7.0 18 140 M M 2 1 28 140
28 83 73 78 7 0 13 0.03 0.0 0 7.9 16 220 M M 7 138 23 180
29 81 60 71 -1 0 6 1.33 0.0 0 8.2 32 10 M M 4 13 46 20
30 82 52 67 -5 0 2 0.00 0.0 0 2.7 12 10 M M 0 20 30
================================================================================
SM 2383 1755 38 164 3.92 0.0 201.8 M 129
================================================================================
AV 79.4 58.5 6.7 FASTST M M 4 MAX(MPH)
MISC ----> # 32 10 # 46 20
================================================================================
NOTES:
# LAST OF SEVERAL OCCURRENCES
COLUMN 17 PEAK WIND IN M.P.H.
PRELIMINARY LOCAL CLIMATOLOGICAL DATA (WS FORM: F-6) , PAGE 2
STATION: HOUSTON/D.W._HOOKS
MONTH: APRIL
YEAR: 2020
LATITUDE: 30 4 N
LONGITUDE: 95 33 W
[TEMPERATURE DATA] [PRECIPITATION DATA] SYMBOLS USED IN COLUMN 16
AVERAGE MONTHLY: 69.0 TOTAL FOR MONTH: 3.92 1 = FOG OR MIST
DPTR FM NORMAL: 1.1 DPTR FM NORMAL: 0.53 2 = FOG REDUCING VISIBILITY
HIGHEST: 91 ON 24 GRTST 24HR 1.33 ON 29-29 TO 1/4 MILE OR LESS
LOWEST: 45 ON 15 3 = THUNDER
SNOW, ICE PELLETS, HAIL 4 = ICE PELLETS
TOTAL MONTH: 0.0 INCH 5 = HAIL
GRTST 24HR 0.0 6 = FREEZING RAIN OR DRIZZLE
GRTST DEPTH: 0 7 = DUSTSTORM OR SANDSTORM:
VSBY 1/2 MILE OR LESS
8 = SMOKE OR HAZE
[NO. OF DAYS WITH] [WEATHER - DAYS WITH] 9 = BLOWING SNOW
X = TORNADO
MAX 32 OR BELOW: 0 0.01 INCH OR MORE: 12
MAX 90 OR ABOVE: 1 0.10 INCH OR MORE: 7
MIN 32 OR BELOW: 0 0.50 INCH OR MORE: 4
MIN 0 OR BELOW: 0 1.00 INCH OR MORE: 1
[HDD (BASE 65) ]
TOTAL THIS MO. 38 CLEAR (SCALE 0-3) 13
DPTR FM NORMAL -13 PTCLDY (SCALE 4-7) 12
TOTAL FM JUL 1 1239 CLOUDY (SCALE 8-10) 5
DPTR FM NORMAL -338
[CDD (BASE 65) ]
TOTAL THIS MO. 164
DPTR FM NORMAL 26 [PRESSURE DATA]
TOTAL FM JAN 1 395 HIGHEST SLP 30.24 ON 15
DPTR FM NORMAL 180 LOWEST SLP 29.49 ON 12
[REMARKS]
#FINAL-04-20#