000
CXUS51 KAKQ 010710
CF6ECG
PRELIMINARY LOCAL CLIMATOLOGICAL DATA (WS FORM: F-6)
STATION: ELIZABETH CITY NC
MONTH: APRIL
YEAR: 2021
LATITUDE: 36 16 N
LONGITUDE: 76 11 W
TEMPERATURE IN F: :PCPN: SNOW: WIND :SUNSHINE: SKY :PK WND
================================================================================
1 2 3 4 5 6A 6B 7 8 9 10 11 12 13 14 15 16 17 18
12Z AVG MX 2MIN
DY MAX MIN AVG DEP HDD CDD WTR SNW DPTH SPD SPD DIR MIN PSBL S-S WX SPD DR
================================================================================
1 67 43 55 0 10 0 0.11 0.0 0 16.3 33 360 M M 10 1 41 360
2 47 33 40 -15 25 0 0.00 0.0 0 13.8 24 320 M M 3 32 340
3 56 31 44 -11 21 0 0.00 0.0 0 7.8 15 330 M M 0 21 330
4 73 39 56 0 9 0 0.00 0.0 0 8.8 18 280 M M 0 26 280
5 72 47 60 4 5 0 0.00 0.0 0 7.6 15 20 M M 0 20 20
6 73 50 62 6 3 0 0.00 0.0 0 7.7 15 50 M M 0 19 50
7 82 50 66 10 0 1 0.00 0.0 0 4.9 12 90 M M 1 M M
8 71 58 65 8 0 0 0.00 0.0 0 10.4 17 90 M M 3 22 110
9 75 61 68 11 0 3 0.71 0.0 0 12.0 23 110 M M 3 13 26 110
10 78 54 66 9 0 1 0.05 0.0 0 5.5 14 130 M M 2 12 24 100
11 79 64 72 14 0 7 0.18 0.0 0 10.2 16 210 M M 4 23 250
12 75 52 64 6 1 0 0.00 0.0 0 8.8 16 10 M M 4 M M
13 58 51 55 -3 10 0 0.00 0.0 0 11.3 15 360 M M 4 M M
14 73 61 67 9 0 2 0.36 0.0 0 11.9 18 110 M M 3 138 29 280
15 69 53 61 2 4 0 0.11 0.0 0 8.2 22 330 M M 7 13 26 330
16 66 40 53 -6 12 0 0.00 0.0 0 9.2 25 320 M M 0 37 280
17 67 42 55 -4 10 0 0.00 0.0 0 7.0 17 320 M M 3 26 260
18 69 50 60 1 5 0 0.00 0.0 0 6.9 15 110 M M 4 18 100
19 72 46 59 -1 6 0 0.25 0.0 0 7.8 29 360 M M 4 13 34 360
20 72 42 57 -3 8 0 0.00 0.0 0 6.2 16 170 M M 0 12 23 180
21 80 50 65 5 0 0 T 0.0 0 13.7 25 310 M M 4 38 20
22 59 37 48 -12 17 0 0.00 0.0 0 11.0 23 330 M M 2 33 280
23 63 36 50 -11 15 0 0.00 0.0 0 6.8 16 210 M M 0 19 200
24 67 48 58 -3 7 0 0.23 0.0 0 7.3 23 120 M M 4 1 41 60
25 68 50 59 -2 6 0 T 0.0 0 12.1 22 300 M M 7 28 300
26 73 47 60 -1 5 0 0.00 0.0 0 8.4 17 360 M M 0 21 110
27 83 49 66 4 0 1 0.00 0.0 0 11.2 24 210 M M 0 1 28 210
28 86 63 75 13 0 10 0.00 0.0 0 14.9 22 220 M M 0 28 210
29 85 65 75 13 0 10 0.00 0.0 0 16.8 28 220 M M 0 36 180
30 79 59 69 7 0 4 T 0.0 0 17.2 26 10 M M 2 36 270
================================================================================
SM 2137 1471 179 39 2.00 0.0 301.7 M 74
================================================================================
AV 71.2 49.0 10.1 FASTST M M 2 MAX(MPH)
MISC ----> 33 360 # 41 360
================================================================================
NOTES:
# LAST OF SEVERAL OCCURRENCES
COLUMN 17 PEAK WIND IN M.P.H.
PRELIMINARY LOCAL CLIMATOLOGICAL DATA (WS FORM: F-6) , PAGE 2
STATION: ELIZABETH CITY NC
MONTH: APRIL
YEAR: 2021
LATITUDE: 36 16 N
LONGITUDE: 76 11 W
[TEMPERATURE DATA] [PRECIPITATION DATA] SYMBOLS USED IN COLUMN 16
AVERAGE MONTHLY: 60.1 TOTAL FOR MONTH: 2.00 1 = FOG OR MIST
DPTR FM NORMAL: 1.4 DPTR FM NORMAL: -1.14 2 = FOG REDUCING VISIBILITY
HIGHEST: 86 ON 28 GRTST 24HR 1.02 ON 31- 1 TO 1/4 MILE OR LESS
LOWEST: 31 ON 3 3 = THUNDER
SNOW, ICE PELLETS, HAIL 4 = ICE PELLETS
TOTAL MONTH: 0.0 INCH 5 = HAIL
GRTST 24HR 0.0 6 = FREEZING RAIN OR DRIZZLE
GRTST DEPTH: 0 7 = DUSTSTORM OR SANDSTORM:
VSBY 1/2 MILE OR LESS
8 = SMOKE OR HAZE
[NO. OF DAYS WITH] [WEATHER - DAYS WITH] 9 = BLOWING SNOW
X = TORNADO
MAX 32 OR BELOW: 0 0.01 INCH OR MORE: 8
MAX 90 OR ABOVE: 0 0.10 INCH OR MORE: 7
MIN 32 OR BELOW: 1 0.50 INCH OR MORE: 1
MIN 0 OR BELOW: 0 1.00 INCH OR MORE: 0
[HDD (BASE 65) ]
TOTAL THIS MO. 179 CLEAR (SCALE 0-3) 18
DPTR FM NORMAL -45 PTCLDY (SCALE 4-7) 11
TOTAL FM JUL 1 2709 CLOUDY (SCALE 8-10) 1
DPTR FM NORMAL -452
[CDD (BASE 65) ]
TOTAL THIS MO. 39
DPTR FM NORMAL 4 [PRESSURE DATA]
TOTAL FM JAN 1 65 HIGHEST SLP M ON M
DPTR FM NORMAL 23 LOWEST SLP 29.61 ON 25
[REMARKS]
#FINAL-04-21#