000
CXUS54 KEWX 011010
CF6ECU
PRELIMINARY LOCAL CLIMATOLOGICAL DATA (WS FORM: F-6)
STATION: EDWARDS COUNTY AIRPORT
MONTH: MARCH
YEAR: 2023
LATITUDE: 29 57 N
LONGITUDE: 100 10 W
TEMPERATURE IN F: :PCPN: SNOW: WIND :SUNSHINE: SKY :PK WND
================================================================================
1 2 3 4 5 6A 6B 7 8 9 10 11 12 13 14 15 16 17 18
12Z AVG MX 2MIN
DY MAX MIN AVG DEP HDD CDD WTR SNW DPTH SPD SPD DIR MIN PSBL S-S WX SPD DR
================================================================================
1 86 64 75 M 0 10 0.00 M M 10.5 17 290 M M 4 1 25 290
2 81 46 64 M 1 0 0.13 M M 15.7 32 310 M M 6 18 47 310
3 70 45 58 M 7 0 0.00 M M 10.2 22 300 M M 1 30 300
4 79 45 62 M 3 0 0.00 M M 7.8 13 150 M M 1 18 150
5 81 52 67 M 0 2 0.00 M M 14.3 23 180 M M 3 32 180
6 81 57 69 M 0 4 0.00 M M 9.1 15 150 M M 5 1 20 160
7 81 64 73 M 0 8 0.00 M M 10.6 14 150 M M 7 18 22 150
8 70 59 65 M 0 0 0.00 M M 9.0 15 130 M M 8 21 140
9 73 59 66 M 0 1 0.00 M M 9.0 17 150 M M 9 28 140
10 73 52 63 M 2 0 0.00 M M 9.4 13 140 M M 8 1 22 40
11 88 61 75 M 0 10 0.00 M M 10.5 15 230 M M 3 1 22 230
12 77 57 67 M 0 2 0.00 M M 11.0 20 330 M M 0 24 350
13 72 46 59 M 6 0 0.00 M M 10.5 16 130 M M 3 22 50
14 61 50 56 M 9 0 0.00 M M 9.5 15 150 M M 10 21 130
15 63 52 58 M 7 0 0.00 M M 16.6 21 150 M M 10 18 33 150
16 84 48 66 M 0 1 0.02 M M 14.3 21 10 M M 6 1 33 10
17 55 37 46 M 19 0 0.03 M M 12.7 23 360 M M 6 39 10
18 43 32 38 M 27 0 0.34 M M 5.9 10 70 M M 8 17 70
19 54 36 45 M 20 0 0.00 M M 6.6 13 170 M M 7 16 150
20 48 37 43 M 22 0 0.00 M M 14.4 21 160 M M 9 12 30 160
21 68 48 58 M 7 0 0.00 M M 12.9 17 170 M M 7 12 24 160
22 81 63 72 M 0 7 0.00 M M 15.7 21 160 M M 6 12 26 160
23 77 64 71 M 0 6 0.00 M M 12.5 18 150 M M 6 1 30 150
24 81 59 70 M 0 5 0.00 M M 16.5 30 270 M M 3 46 270
25 75 52 64 M 1 0 0.00 M M 9.7 22 320 M M 0 26 320
26 84 50 67 M 0 2 0.00 M M 8.9 16 320 M M 0 22 190
27 81 55 68 M 0 3 0.25 M M 9.5 17 130 M M 6 20 90
28 59 48 54 M 11 0 0.08 M M 12.6 24 40 M M 7 36 40
29 66 52 59 M 6 0 0.00 M M 9.3 15 140 M M 8 25 150
30 66 54 60 M 5 0 0.00 M M 14.5 24 160 M M 10 12 30 160
31 86 61 74 M 0 9 0.00 M M 13.5 22 170 M M 4 1 29 160
================================================================================
SM 2244 1605 153 70 0.85 M 353.2 M 171
================================================================================
AV 72.4 51.8 11.4 FASTST M M 6 MAX(MPH)
MISC ----> 32 310 47 310
================================================================================
NOTES:
# LAST OF SEVERAL OCCURRENCES
COLUMN 17 PEAK WIND IN M.P.H.
PRELIMINARY LOCAL CLIMATOLOGICAL DATA (WS FORM: F-6) , PAGE 2
STATION: EDWARDS COUNTY AIRPORT
MONTH: MARCH
YEAR: 2023
LATITUDE: 29 57 N
LONGITUDE: 100 10 W
[TEMPERATURE DATA] [PRECIPITATION DATA] SYMBOLS USED IN COLUMN 16
AVERAGE MONTHLY: 62.1 TOTAL FOR MONTH: 0.85 1 = FOG OR MIST
DPTR FM NORMAL: 0.0 DPTR FM NORMAL: M 2 = FOG REDUCING VISIBILITY
HIGHEST: 88 ON 11 GRTST 24HR 0.34 ON 18-18 TO 1/4 MILE OR LESS
LOWEST: 32 ON 18 3 = THUNDER
SNOW, ICE PELLETS, HAIL 4 = ICE PELLETS
TOTAL MONTH: M 5 = HAIL
GRTST 24HR M ON M 6 = FREEZING RAIN OR DRIZZLE
GRTST DEPTH: M ON M 7 = DUSTSTORM OR SANDSTORM:
VSBY 1/2 MILE OR LESS
8 = SMOKE OR HAZE
[NO. OF DAYS WITH] [WEATHER - DAYS WITH] 9 = BLOWING SNOW
X = TORNADO
MAX 32 OR BELOW: 0 0.01 INCH OR MORE: 6
MAX 90 OR ABOVE: 0 0.10 INCH OR MORE: 3
MIN 32 OR BELOW: 1 0.50 INCH OR MORE: 0
MIN 0 OR BELOW: 0 1.00 INCH OR MORE: 0
[HDD (BASE 65) ]
TOTAL THIS MO. 153 CLEAR (SCALE 0-3) 8
DPTR FM NORMAL M PTCLDY (SCALE 4-7) 16
TOTAL FM JUL 1 1606 CLOUDY (SCALE 8-10) 7
DPTR FM NORMAL M
[CDD (BASE 65) ]
TOTAL THIS MO. 70
DPTR FM NORMAL M [PRESSURE DATA]
TOTAL FM JAN 1 110 HIGHEST SLP M ON M
DPTR FM NORMAL M LOWEST SLP M ON M
[REMARKS]
#FINAL-03-23#