000
CXUS54 KBMX 011010
CF6EET
PRELIMINARY LOCAL CLIMATOLOGICAL DATA (WS FORM: F-6)
STATION: SHELBY COUNTY AIRPORT
MONTH: MARCH
YEAR: 2023
LATITUDE: 33 10 N
LONGITUDE: 86 47 W
TEMPERATURE IN F: :PCPN: SNOW: WIND :SUNSHINE: SKY :PK WND
================================================================================
1 2 3 4 5 6A 6B 7 8 9 10 11 12 13 14 15 16 17 18
12Z AVG MX 2MIN
DY MAX MIN AVG DEP HDD CDD WTR SNW DPTH SPD SPD DIR MIN PSBL S-S WX SPD DR
================================================================================
1 79 59 69 16 0 4 0.00 0.0 M 7.1 14 200 M M 7 1 24 180
2 71 58 65 11 0 0 0.63 0.0 M 5.3 15 140 M M 10 1 25 310
3 79 54 67 13 0 2 0.08 0.0 M 10.6 28 190 M M 6 18 41 190
4 73 48 61 7 4 0 0.00 0.0 M 1.5 9 320 M M 0 13 320
5 75 47 61 7 4 0 0.00 0.0 0 1.2 8 130 M M 0 13 180
6 81 50 66 11 0 1 T M M 3.1 12 220 M M 0 1 18 190
7 83 64 74 19 0 9 T 0.0 0 4.5 13 310 M M 4 18 17 310
8 72 52 62 7 3 0 T 0.0 0 4.6 12 120 M M 3 17 120
9 63 51 57 2 8 0 0.73 0.0 0 4.0 9 130 M M 9 13 14 140
10 64 48 56 0 9 0 0.82 0.0 0 4.1 14 300 M M 6 138 19 320
11 66 42 54 -2 11 0 T 0.0 0 3.4 9 160 M M 3 16 60
12 66 50 58 2 7 0 0.55 0.0 M 8.2 18 310 M M 10 13 25 310
13 59 42 51 -5 14 0 0.00 0.0 M 8.4 16 340 M M 1 25 330
14 53 33 43 -13 22 0 0.00 0.0 0 6.2 14 310 M M 0 28 320
15 62 32 47 -10 18 0 0.00 0.0 0 1.5 10 50 M M 0 16 50
16 71 36 54 -3 11 0 0.00 0.0 0 5.5 14 180 M M 0 24 170
17 63 41 52 -5 13 0 0.37 0.0 0 6.6 16 320 M M 8 1 26 290
18 55 37 46 -12 19 0 0.00 0.0 0 7.2 18 320 M M 0 26 310
19 46 31 39 -19 26 0 0.00 0.0 M 6.4 16 310 M M 0 24 320
20 54 26 40 -18 25 0 0.00 0.0 0 2.2 12 310 M M 0 17 360
21 66 33 50 -8 15 0 0.00 0.0 0 3.5 14 170 M M 0 23 160
22 80 46 63 5 2 0 0.00 0.0 0 4.0 13 160 M M 3 22 160
23 82 56 69 10 0 4 0.00 0.0 0 5.9 14 160 M M 2 18 22 180
24 83 63 73 14 0 8 0.00 0.0 0 9.6 21 190 M M 6 37 210
25 84 57 71 12 0 6 1.04 0.0 M 5.7 22 310 M M 3 13 45 290
26 79 58 69 10 0 4 2.27 0.0 0 2.0 12 350 M M 7 13 17 360
27 81 60 71 11 0 6 0.68 0.0 0 3.9 12 350 M M 4 13 20 250
28 75 53 64 4 1 0 0.00 0.0 0 5.1 17 320 M M 2 29 320
29 67 44 56 -4 9 0 0.00 0.0 0 3.3 12 70 M M 0 19 80
30 76 43 60 0 5 0 0.00 0.0 0 3.0 10 170 M M 0 15 160
31 79 57 68 8 0 3 0.00 0.0 0 8.4 18 170 M M 4 32 180
================================================================================
SM 2187 1471 226 47 7.17 0.0 156.0 M 98
================================================================================
AV 70.5 47.5 5.0 FASTST M M 3 MAX(MPH)
MISC ----> 28 190 45 290
================================================================================
NOTES:
# LAST OF SEVERAL OCCURRENCES
COLUMN 17 PEAK WIND IN M.P.H.
PRELIMINARY LOCAL CLIMATOLOGICAL DATA (WS FORM: F-6) , PAGE 2
STATION: SHELBY COUNTY AIRPORT
MONTH: MARCH
YEAR: 2023
LATITUDE: 33 10 N
LONGITUDE: 86 47 W
[TEMPERATURE DATA] [PRECIPITATION DATA] SYMBOLS USED IN COLUMN 16
AVERAGE MONTHLY: 59.0 TOTAL FOR MONTH: 7.17 1 = FOG OR MIST
DPTR FM NORMAL: 2.0 DPTR FM NORMAL: 1.77 2 = FOG REDUCING VISIBILITY
HIGHEST: 84 ON 25 GRTST 24HR 2.73 ON 26-27 TO 1/4 MILE OR LESS
LOWEST: 26 ON 20 3 = THUNDER
SNOW, ICE PELLETS, HAIL 4 = ICE PELLETS
TOTAL MONTH: 0.0 INCH 5 = HAIL
GRTST 24HR 0.0 6 = FREEZING RAIN OR DRIZZLE
GRTST DEPTH: 0 7 = DUSTSTORM OR SANDSTORM:
VSBY 1/2 MILE OR LESS
8 = SMOKE OR HAZE
[NO. OF DAYS WITH] [WEATHER - DAYS WITH] 9 = BLOWING SNOW
X = TORNADO
MAX 32 OR BELOW: 0 0.01 INCH OR MORE: 9
MAX 90 OR ABOVE: 0 0.10 INCH OR MORE: 8
MIN 32 OR BELOW: 3 0.50 INCH OR MORE: 7
MIN 0 OR BELOW: 0 1.00 INCH OR MORE: 2
[HDD (BASE 65) ]
TOTAL THIS MO. 226 CLEAR (SCALE 0-3) 17
DPTR FM NORMAL -46 PTCLDY (SCALE 4-7) 11
TOTAL FM JUL 1 1746 CLOUDY (SCALE 8-10) 3
DPTR FM NORMAL -512
[CDD (BASE 65) ]
TOTAL THIS MO. 47
DPTR FM NORMAL 25 [PRESSURE DATA]
TOTAL FM JAN 1 90 HIGHEST SLP 30.41 ON 20
DPTR FM NORMAL 61 LOWEST SLP 29.37 ON 3
[REMARKS]
#FINAL-03-23#