000
CXUS54 KBMX 011110
CF6EET
PRELIMINARY LOCAL CLIMATOLOGICAL DATA (WS FORM: F-6)
STATION: SHELBY COUNTY AIRPORT
MONTH: FEBRUARY
YEAR: 2022
LATITUDE: 33 10 N
LONGITUDE: 86 47 W
TEMPERATURE IN F: :PCPN: SNOW: WIND :SUNSHINE: SKY :PK WND
================================================================================
1 2 3 4 5 6A 6B 7 8 9 10 11 12 13 14 15 16 17 18
12Z AVG MX 2MIN
DY MAX MIN AVG DEP HDD CDD WTR SNW DPTH SPD SPD DIR MIN PSBL S-S WX SPD DR
================================================================================
1 67 37 52 5 13 0 0.00 0.0 0 4.7 18 150 M M 1 25 160
2 62 52 57 10 8 0 0.83 0.0 0 6.2 17 130 M M 9 1 25 150
3 69 45 57 10 8 0 2.01 0.0 0 7.9 23 170 M M 10 13 39 160
4 45 33 39 -9 26 0 0.17 0.0 0 9.1 16 320 M M 10 1 22 310
5 47 28 38 -10 27 0 0.00 0.0 0 4.9 12 330 M M 1 16 330
6 57 30 44 -4 21 0 0.00 0.0 0 1.6 8 140 M M 0 13 140
7 55 33 44 -4 21 0 0.00 0.0 0 1.8 10 310 M M 0 17 310
8 59 30 45 -3 20 0 0.00 0.0 0 1.4 12 310 M M 0 14 20
9 64 32 48 -1 17 0 0.00 0.0 0 2.7 13 280 M M 0 8 18 280
10 69 34 52 3 13 0 0.00 0.0 0 2.0 10 230 M M 0 8 14 290
11 70 38 54 5 11 0 0.00 0.0 0 3.5 14 210 M M 0 8 20 210
12 67 40 54 5 11 0 0.00 0.0 0 5.2 16 340 M M 1 12 23 360
13 49 33 41 -9 24 0 0.00 0.0 0 7.5 17 310 M M 3 23 330
14 62 29 46 -4 19 0 0.00 0.0 0 1.6 8 310 M M 0 12 240
15 69 34 52 2 13 0 0.00 0.0 0 3.7 16 160 M M 0 8 21 150
16 74 42 58 8 7 0 0.00 0.0 0 5.7 18 170 M M 3 26 160
17 75 51 63 13 2 0 1.15 0.0 0 11.7 29 300 M M 7 138 40 170
18 57 33 45 -6 20 0 0.00 0.0 0 7.6 20 310 M M 7 25 310
19 59 30 45 -6 20 0 0.00 0.0 0 3.0 13 340 M M 0 21 320
20 68 35 52 1 13 0 0.00 0.0 0 3.8 13 180 M M 2 18 160
21 58 49 54 3 11 0 1.11 0.0 0 4.2 12 150 M M 10 13 18 140
22 78 58 68 16 0 3 0.00 0.0 0 8.7 15 180 M M 8 1 23 200
23 76 59 68 16 0 3 0.47 0.0 0 4.3 14 200 M M 7 128 21 200
24 77 58 68 16 0 3 0.00 0.0 0 5.2 13 180 M M 6 12 17 150
25 68 41 55 3 10 0 0.20 0.0 0 8.3 16 320 M M 8 1 22 310
26 51 39 45 -8 20 0 0.00 0.0 0 5.0 10 320 M M 10 15 350
27 50 46 48 -5 17 0 0.34 0.0 0 5.0 13 320 M M 10 1 19 310
28 65 41 53 0 12 0 0.00 0.0 0 4.6 13 310 M M 2 19 310
================================================================================
SM 1767 1110 384 9 6.28 0.0 140.9 M 115
================================================================================
AV 63.1 39.6 5.0 FASTST M M 4 MAX(MPH)
MISC ----> 29 300 40 170
================================================================================
NOTES:
# LAST OF SEVERAL OCCURRENCES
COLUMN 17 PEAK WIND IN M.P.H.
PRELIMINARY LOCAL CLIMATOLOGICAL DATA (WS FORM: F-6) , PAGE 2
STATION: SHELBY COUNTY AIRPORT
MONTH: FEBRUARY
YEAR: 2022
LATITUDE: 33 10 N
LONGITUDE: 86 47 W
[TEMPERATURE DATA] [PRECIPITATION DATA] SYMBOLS USED IN COLUMN 16
AVERAGE MONTHLY: 51.4 TOTAL FOR MONTH: 6.28 1 = FOG OR MIST
DPTR FM NORMAL: 1.5 DPTR FM NORMAL: 0.52 2 = FOG REDUCING VISIBILITY
HIGHEST: 78 ON 22 GRTST 24HR 2.14 ON 2- 3 TO 1/4 MILE OR LESS
LOWEST: 28 ON 5 3 = THUNDER
SNOW, ICE PELLETS, HAIL 4 = ICE PELLETS
TOTAL MONTH: 0.0 INCH 5 = HAIL
GRTST 24HR 0.0 6 = FREEZING RAIN OR DRIZZLE
GRTST DEPTH: 0 7 = DUSTSTORM OR SANDSTORM:
VSBY 1/2 MILE OR LESS
8 = SMOKE OR HAZE
[NO. OF DAYS WITH] [WEATHER - DAYS WITH] 9 = BLOWING SNOW
X = TORNADO
MAX 32 OR BELOW: 0 0.01 INCH OR MORE: 8
MAX 90 OR ABOVE: 0 0.10 INCH OR MORE: 8
MIN 32 OR BELOW: 6 0.50 INCH OR MORE: 4
MIN 0 OR BELOW: 0 1.00 INCH OR MORE: 3
[HDD (BASE 65) ]
TOTAL THIS MO. 384 CLEAR (SCALE 0-3) 15
DPTR FM NORMAL -44 PTCLDY (SCALE 4-7) 6
TOTAL FM JUL 1 1643 CLOUDY (SCALE 8-10) 7
DPTR FM NORMAL -342
[CDD (BASE 65) ]
TOTAL THIS MO. 9
DPTR FM NORMAL 4 [PRESSURE DATA]
TOTAL FM JAN 1 20 HIGHEST SLP 30.50 ON 15
DPTR FM NORMAL 18 LOWEST SLP 29.76 ON 17
[REMARKS]
#FINAL-02-22#