000
CXUS51 KRLX 010822
CF6EKN
PRELIMINARY LOCAL CLIMATOLOGICAL DATA (WS FORM: F-6)
STATION: ELKINS WV
MONTH: OCTOBER
YEAR: 2020
LATITUDE: 38 52 N
LONGITUDE: 79 51 W
TEMPERATURE IN F: :PCPN: SNOW: WIND :SUNSHINE: SKY :PK WND
================================================================================
1 2 3 4 5 6A 6B 7 8 9 10 11 12 13 14 15 16 17 18
12Z AVG MX 2MIN
DY MAX MIN AVG DEP HDD CDD WTR SNW DPTH SPD SPD DIR MIN PSBL S-S WX SPD DR
================================================================================
1 65 42 54 -2 11 0 T 0.0 0 4.3 18 260 M M 7 26 250
2 60 35 48 -8 17 0 0.00 0.0 0 3.1 13 290 M M 3 1 17 290
3 62 34 48 -8 17 0 0.00 0.0 0 2.1 9 330 M M 4 12 12 300
4 65 35 50 -5 15 0 0.29 0.0 0 1.2 21 330 M M 9 12 28 350
5 57 38 48 -7 17 0 0.01 0.0 0 2.4 10 300 M M 8 1 14 290
6 70 35 53 -1 12 0 0.00 0.0 0 3.2 16 250 M M 4 12 22 250
7 74 43 59 5 6 0 0.00 0.0 0 9.2 23 250 M M 2 31 250
8 66 38 52 -2 13 0 0.00 0.0 0 3.4 15 280 M M 0 20 360
9 73 36 55 2 10 0 0.00 0.0 0 0.9 7 200 M M 3 12 9 200
10 71 50 61 8 4 0 0.02 0.0 0 3.8 13 230 M M 8 12 18 190
11 69 56 63 10 2 0 0.20 0.0 0 0.9 7 350 M M 10 12 10 140
12 73 56 65 13 0 0 0.00 0.0 0 3.9 14 150 M M 9 20 140
13 63 39 51 -1 14 0 0.11 0.0 0 4.2 15 290 M M 6 1 21 290
14 71 35 53 1 12 0 0.00 0.0 0 2.5 13 250 M M 0 1 18 250
15 76 35 56 5 9 0 T 0.0 0 6.2 23 230 M M 4 1 30 220
16 55 34 45 -6 20 0 0.02 0.0 0 3.8 12 330 M M 7 1 19 290
17 59 27 43 -8 22 0 0.00 0.0 0 1.0 10 320 M M 2 12 18 290
18 67 30 49 -1 16 0 0.00 0.0 0 2.6 13 170 M M 1 16 160
19 71 46 59 9 6 0 T 0.0 0 1.4 8 360 M M 8 10 140
20 78 48 63 13 2 0 0.00 0.0 0 1.7 14 280 M M 3 12 18 270
21 79 44 62 12 3 0 0.00 0.0 0 2.5 16 240 M M 3 12 21 250
22 81 41 61 12 4 0 0.00 0.0 0 1.3 12 290 M M 3 12 17 300
23 79 43 61 12 4 0 0.00 0.0 0 0.7 10 320 M M 3 12 12 320
24 66 47 57 8 8 0 0.11 0.0 0 3.7 16 300 M M 10 18 23 300
25 59 47 53 5 12 0 0.08 0.0 0 1.4 7 140 M M 10 1 9 140
26 70 52 61 13 4 0 0.01 0.0 0 5.0 15 290 M M 10 1 23 290
27 72 50 61 13 4 0 T 0.0 0 2.9 15 260 M M 8 1 23 250
28 64 52 58 10 7 0 T 0.0 0 4.2 14 250 M M 8 1 18 270
29 66 48 57 10 8 0 1.37 0.0 0 3.1 14 310 M M 10 18 18 310
30 48 36 42 -5 23 0 0.13 0.0 0 6.9 20 290 M M 10 1 27 290
31 55 30 43 -4 22 0 0.00 0.0 0 3.8 13 170 M M 4 12 15 180
================================================================================
SM 2084 1282 324 0 2.35 0.0 97.3 M 177
================================================================================
AV 67.2 41.4 3.1 FASTST M M 6 MAX(MPH)
MISC ----> # 23 250 31 250
================================================================================
NOTES:
# LAST OF SEVERAL OCCURRENCES
COLUMN 17 PEAK WIND IN M.P.H.
PRELIMINARY LOCAL CLIMATOLOGICAL DATA (WS FORM: F-6) , PAGE 2
STATION: ELKINS WV
MONTH: OCTOBER
YEAR: 2020
LATITUDE: 38 52 N
LONGITUDE: 79 51 W
[TEMPERATURE DATA] [PRECIPITATION DATA] SYMBOLS USED IN COLUMN 16
AVERAGE MONTHLY: 54.3 TOTAL FOR MONTH: 2.35 1 = FOG OR MIST
DPTR FM NORMAL: 3.1 DPTR FM NORMAL: -0.50 2 = FOG REDUCING VISIBILITY
HIGHEST: 81 ON 22 GRTST 24HR 1.37 ON 29-29 TO 1/4 MILE OR LESS
LOWEST: 27 ON 17 3 = THUNDER
SNOW, ICE PELLETS, HAIL 4 = ICE PELLETS
TOTAL MONTH: 0.0 INCH 5 = HAIL
GRTST 24HR 0.0 6 = FREEZING RAIN OR DRIZZLE
GRTST DEPTH: 0 7 = DUSTSTORM OR SANDSTORM:
VSBY 1/2 MILE OR LESS
8 = SMOKE OR HAZE
[NO. OF DAYS WITH] [WEATHER - DAYS WITH] 9 = BLOWING SNOW
X = TORNADO
MAX 32 OR BELOW: 0 0.01 INCH OR MORE: 11
MAX 90 OR ABOVE: 0 0.10 INCH OR MORE: 6
MIN 32 OR BELOW: 3 0.50 INCH OR MORE: 1
MIN 0 OR BELOW: 0 1.00 INCH OR MORE: 1
[HDD (BASE 65) ]
TOTAL THIS MO. 324 CLEAR (SCALE 0-3) 9
DPTR FM NORMAL -107 PTCLDY (SCALE 4-7) 11
TOTAL FM JUL 1 435 CLOUDY (SCALE 8-10) 11
DPTR FM NORMAL -155
[CDD (BASE 65) ]
TOTAL THIS MO. 0
DPTR FM NORMAL -4 [PRESSURE DATA]
TOTAL FM JAN 1 750 HIGHEST SLP 30.51 ON 31
DPTR FM NORMAL 275 LOWEST SLP 29.43 ON 29
[REMARKS]
#FINAL-10-20#