000
CXUS51 KRLX 010807
CF6EKN
PRELIMINARY LOCAL CLIMATOLOGICAL DATA (WS FORM: F-6)
STATION: ELKINS WV
MONTH: AUGUST
YEAR: 2023
LATITUDE: 38 52 N
LONGITUDE: 79 51 W
TEMPERATURE IN F: :PCPN: SNOW: WIND :SUNSHINE: SKY :PK WND
================================================================================
1 2 3 4 5 6A 6B 7 8 9 10 11 12 13 14 15 16 17 18
12Z AVG MX 2MIN
DY MAX MIN AVG DEP HDD CDD WTR SNW DPTH SPD SPD DIR MIN PSBL S-S WX SPD DR
================================================================================
1 74 50 62 -9 3 0 0.00 0.0 0 1.5 10 360 M M 3 12 13 350
2 80 51 66 -5 0 1 0.00 0.0 0 1.5 7 360 M M 3 128 9 300
3 72 59 66 -5 0 1 T 0.0 0 1.2 8 190 M M 8 1 11 170
4 83 63 73 2 0 8 T 0.0 0 2.8 12 310 M M 4 12 16 280
5 83 61 72 1 0 7 0.00 0.0 0 2.7 12 300 M M 2 1 16 310
6 83 59 71 0 0 6 0.06 0.0 0 2.2 12 240 M M 5 1238 15 240
7 86 65 76 5 0 11 1.40 0.0 0 4.3 33 280 M M 6 13 46 280
8 77 59 68 -3 0 3 0.02 0.0 0 6.2 16 300 M M 7 1 22 270
9 79 58 69 -2 0 4 0.01 0.0 0 3.2 13 320 M M 5 18 22 240
10 74 61 68 -3 0 3 0.20 0.0 0 3.9 14 290 M M 8 138 23 270
11 80 61 71 0 0 6 0.00 0.0 0 3.3 12 300 M M 4 1 17 270
12 83 59 71 0 0 6 0.06 0.0 0 3.2 18 10 M M 3 123 24 10
13 83 62 73 2 0 8 0.28 0.0 0 4.0 14 280 M M 4 13 17 260
14 83 61 72 1 0 7 0.11 0.0 0 2.9 15 230 M M 6 12 20 220
15 80 64 72 2 0 7 0.10 0.0 0 6.4 18 230 M M 7 24 240
16 74 59 67 -3 0 2 T 0.0 0 2.5 9 250 M M 9 1 12 270
17 83 59 71 1 0 6 0.02 0.0 0 3.4 15 240 M M 7 12 22 240
18 74 51 63 -7 2 0 0.05 0.0 0 5.4 20 280 M M 6 1 26 270
19 77 46 62 -8 3 0 0.00 0.0 0 1.4 9 290 M M 1 12 11 350
20 85 49 67 -3 0 2 0.00 0.0 0 1.4 8 330 M M 3 12 11 310
21 84 58 71 1 0 6 0.00 0.0 0 1.4 8 300 M M 6 12 12 310
22 80 56 68 -2 0 3 0.00 0.0 0 3.5 13 330 M M 4 18 16 330
23 81 51 66 -4 0 1 0.23 0.0 0 2.8 18 10 M M 4 12 26 10
24 81 64 73 3 0 8 0.01 0.0 0 2.9 9 230 M M 1 1 15 150
25 85 65 75 5 0 10 1.00 0.0 0 4.2 18 170 M M 6 13 26 180
26 84 66 75 6 0 10 0.00 0.0 0 2.2 10 330 M M 7 128 14 290
27 83 65 74 5 0 9 T 0.0 0 2.9 12 330 M M 5 1 18 350
28 82 64 73 4 0 8 0.08 0.0 0 1.1 12 200 M M 9 12 15 190
29 82 64 73 4 0 8 2.24 0.0 0 1.5 21 150 M M 9 123 30 150
30 73 58 66 -3 0 1 0.02 0.0 0 2.1 10 360 M M 5 1 13 360
31 75 53 64 -4 1 0 0.00 0.0 0 1.8 10 360 M M 4 1 14 360
================================================================================
SM 2483 1821 9 152 5.89 0.0 89.8 M 161
================================================================================
AV 80.1 58.7 2.9 FASTST M M 5 MAX(MPH)
MISC ----> 33 280 46 280
================================================================================
NOTES:
# LAST OF SEVERAL OCCURRENCES
COLUMN 17 PEAK WIND IN M.P.H.
PRELIMINARY LOCAL CLIMATOLOGICAL DATA (WS FORM: F-6) , PAGE 2
STATION: ELKINS WV
MONTH: AUGUST
YEAR: 2023
LATITUDE: 38 52 N
LONGITUDE: 79 51 W
[TEMPERATURE DATA] [PRECIPITATION DATA] SYMBOLS USED IN COLUMN 16
AVERAGE MONTHLY: 69.4 TOTAL FOR MONTH: 5.89 1 = FOG OR MIST
DPTR FM NORMAL: -0.8 DPTR FM NORMAL: 2.02 2 = FOG REDUCING VISIBILITY
HIGHEST: 86 ON 7 GRTST 24HR 2.26 ON 29-30 TO 1/4 MILE OR LESS
LOWEST: 46 ON 19 3 = THUNDER
SNOW, ICE PELLETS, HAIL 4 = ICE PELLETS
TOTAL MONTH: 0.0 INCH 5 = HAIL
GRTST 24HR 0.0 6 = FREEZING RAIN OR DRIZZLE
GRTST DEPTH: 0 7 = DUSTSTORM OR SANDSTORM:
VSBY 1/2 MILE OR LESS
8 = SMOKE OR HAZE
[NO. OF DAYS WITH] [WEATHER - DAYS WITH] 9 = BLOWING SNOW
X = TORNADO
MAX 32 OR BELOW: 0 0.01 INCH OR MORE: 17
MAX 90 OR ABOVE: 0 0.10 INCH OR MORE: 8
MIN 32 OR BELOW: 0 0.50 INCH OR MORE: 3
MIN 0 OR BELOW: 0 1.00 INCH OR MORE: 3
[HDD (BASE 65) ]
TOTAL THIS MO. 9 CLEAR (SCALE 0-3) 7
DPTR FM NORMAL -1 PTCLDY (SCALE 4-7) 21
TOTAL FM JUL 1 9 CLOUDY (SCALE 8-10) 3
DPTR FM NORMAL 0
[CDD (BASE 65) ]
TOTAL THIS MO. 152
DPTR FM NORMAL -20 [PRESSURE DATA]
TOTAL FM JAN 1 425 HIGHEST SLP 30.29 ON 2
DPTR FM NORMAL -117 LOWEST SLP 29.73 ON 10
[REMARKS]
#FINAL-08-23#