000
CXUS56 KLKN 011210
CF6EKO
PRELIMINARY LOCAL CLIMATOLOGICAL DATA (WS FORM: F-6)
STATION: ELKO AIRPORT NV
MONTH: MAY
YEAR: 2023
LATITUDE: 40 49 N
LONGITUDE: 115 47 W
TEMPERATURE IN F: :PCPN: SNOW: WIND :SUNSHINE: SKY :PK WND
================================================================================
1 2 3 4 5 6A 6B 7 8 9 10 11 12 13 14 15 16 17 18
12Z AVG MX 2MIN
DY MAX MIN AVG DEP HDD CDD WTR SNW DPTH SPD SPD DIR MIN PSBL S-S WX SPD DR
================================================================================
1 81 45 63 13 2 0 0.00 0.0 0 11.6 31 190 M M 0 45 190
2 73 47 60 10 5 0 0.00 0.0 0 11.2 25 170 M M 0 35 190
3 74 40 57 7 8 0 T 0.0 0 8.2 37 160 M M 1 54 170
4 60 41 51 1 14 0 0.17 0.0 0 9.4 31 170 M M 5 1 47 180
5 47 37 42 -9 23 0 0.15 T 0 9.3 24 250 M M 9 1 31 240
6 49 32 41 -10 24 0 0.23 T 0 6.9 26 250 M M 6 1 33 190
7 59 32 46 -6 19 0 0.00 0.0 0 6.7 20 240 M M 4 29 260
8 66 34 50 -2 15 0 0.00 0.0 0 6.9 26 270 M M 2 43 260
9 62 30 46 -6 19 0 0.00 0.0 0 3.6 14 260 M M 2 20 10
10 65 35 50 -2 15 0 T 0.0 0 5.4 22 60 M M 2 30 50
11 67 34 51 -2 14 0 0.00 0.0 0 3.3 13 340 M M 4 16 330
12 74 36 55 2 10 0 0.00 0.0 0 5.8 18 50 M M 1 23 60
13 73 39 56 2 9 0 0.11 0.0 0 10.8 33 40 M M 3 47 40
14 69 47 58 4 7 0 0.03 0.0 0 7.0 26 150 M M 5 8 41 150
15 75 48 62 8 3 0 0.08 T 0 6.9 30 170 M M 4 3 44 150
16 81 44 63 9 2 0 0.00 0.0 0 4.1 16 270 M M 2 22 280
17 82 46 64 9 1 0 0.00 0.0 0 6.4 24 270 M M 1 8 33 250
18 77 49 63 8 2 0 T 0.0 0 5.1 35 310 M M 2 38 45 310
19 82 44 63 8 2 0 0.00 0.0 0 3.3 12 20 M M 0 17 10
20 83 45 64 8 1 0 0.00 0.0 0 3.9 16 60 M M 0 23 50
21 85 44 65 9 0 0 0.00 0.0 0 4.7 21 330 M M 0 33 280
22 82 53 68 12 0 3 0.00 0.0 0 6.8 18 270 M M 3 28 240
23 78 50 64 8 1 0 0.22 0.0 0 4.7 25 230 M M 3 3 35 240
24 69 45 57 0 8 0 0.14 0.0 0 4.4 26 270 M M 4 3 36 300
25 70 42 56 -1 9 0 0.08 0.0 0 4.0 26 180 M M 2 123 42 180
26 71 43 57 0 8 0 0.43 0.0 0 4.1 33 220 M M 3 13 46 200
27 71 45 58 0 7 0 T 0.0 0 5.5 23 300 M M 5 33 290
28 69 45 57 -1 8 0 T 0.0 0 5.0 23 170 M M 4 1 34 160
29 78 48 63 5 2 0 0.00 0.0 0 5.4 18 350 M M 2 26 340
30 79 50 65 7 0 0 T 0.0 0 5.2 22 150 M M 1 3 32 150
31 79 47 63 5 2 0 0.00 0.0 0 6.6 30 290 M M 1 42 290
================================================================================
SM 2230 1317 240 3 1.64 T 192.2 M 81
================================================================================
AV 71.9 42.5 6.2 FASTST M M 3 MAX(MPH)
MISC ----> 37 160 54 170
================================================================================
NOTES:
# LAST OF SEVERAL OCCURRENCES
COLUMN 17 PEAK WIND IN M.P.H.
PRELIMINARY LOCAL CLIMATOLOGICAL DATA (WS FORM: F-6) , PAGE 2
STATION: ELKO AIRPORT NV
MONTH: MAY
YEAR: 2023
LATITUDE: 40 49 N
LONGITUDE: 115 47 W
[TEMPERATURE DATA] [PRECIPITATION DATA] SYMBOLS USED IN COLUMN 16
AVERAGE MONTHLY: 57.2 TOTAL FOR MONTH: 1.64 1 = FOG OR MIST
DPTR FM NORMAL: 3.0 DPTR FM NORMAL: 0.42 2 = FOG REDUCING VISIBILITY
HIGHEST: 85 ON 21 GRTST 24HR 0.45 ON 25-26 TO 1/4 MILE OR LESS
LOWEST: 30 ON 9 3 = THUNDER
SNOW, ICE PELLETS, HAIL 4 = ICE PELLETS
TOTAL MONTH: T 5 = HAIL
GRTST 24HR T ON 5- 5 6 = FREEZING RAIN OR DRIZZLE
GRTST DEPTH: 0 7 = DUSTSTORM OR SANDSTORM:
VSBY 1/2 MILE OR LESS
8 = SMOKE OR HAZE
[NO. OF DAYS WITH] [WEATHER - DAYS WITH] 9 = BLOWING SNOW
X = TORNADO
MAX 32 OR BELOW: 0 0.01 INCH OR MORE: 10
MAX 90 OR ABOVE: 0 0.10 INCH OR MORE: 7
MIN 32 OR BELOW: 3 0.50 INCH OR MORE: 0
MIN 0 OR BELOW: 0 1.00 INCH OR MORE: 0
[HDD (BASE 65) ]
TOTAL THIS MO. 240 CLEAR (SCALE 0-3) 19
DPTR FM NORMAL -100 PTCLDY (SCALE 4-7) 11
TOTAL FM JUL 1 7377 CLOUDY (SCALE 8-10) 1
DPTR FM NORMAL 749
[CDD (BASE 65) ]
TOTAL THIS MO. 3
DPTR FM NORMAL -3 [PRESSURE DATA]
TOTAL FM JAN 1 3 HIGHEST SLP 30.22 ON 15
DPTR FM NORMAL -3 LOWEST SLP 29.38 ON 1
[REMARKS]
#FINAL-05-23#