000
CXUS56 KLKN 120804
CF6EKO
PRELIMINARY LOCAL CLIMATOLOGICAL DATA (WS FORM: F-6)
STATION: ELKO AIRPORT NV
MONTH: DECEMBER
YEAR: 2021
LATITUDE: 40 49 N
LONGITUDE: 115 47 W
TEMPERATURE IN F: :PCPN: SNOW: WIND :SUNSHINE: SKY :PK WND
================================================================================
1 2 3 4 5 6A 6B 7 8 9 10 11 12 13 14 15 16 17 18
12Z AVG MX 2MIN
DY MAX MIN AVG DEP HDD CDD WTR SNW DPTH SPD SPD DIR MIN PSBL S-S WX SPD DR
================================================================================
1 58 20 39 9 26 0 0.00 0.0 0 2.2 8 60 M M 0 9 70
2 59 22 41 11 24 0 0.00 0.0 0 2.7 8 100 M M 0 11 240
3 57 18 38 9 27 0 0.00 0.0 0 2.0 8 60 M M 0 10 90
4 58 17 38 9 27 0 0.00 0.0 0 6.0 22 250 M M 0 27 270
5 55 24 40 11 25 0 0.00 0.0 0 4.9 20 250 M M 0 24 230
6 39 19 29 1 36 0 0.00 0.0 0 1.2 8 110 M M 7 10 100
7 51 21 36 8 29 0 0.00 0.0 0 2.9 9 210 M M 2 13 210
8 47 16 32 4 33 0 0.00 0.0 0 3.7 13 220 M M 4 17 240
9 38 17 28 0 37 0 0.05 T 0 5.0 17 330 M M 8 1 21 320
10 34 12 23 -4 42 0 T T T 5.9 16 250 M M 5 22 230
11 39 13 26 -1 39 0 T T 0 5.7 15 250 M M 4 24 240
12 48 30 39 12 26 0 0.00 0.0 0 12.9 28 160 M M 10 39 150
13 49 40 45 18 20 0 0.00 0.0 0 17.7 33 170 M M 9 49 160
14 43 20 32 6 33 0 0.22 3.1 0 13.6 38 170 M M 9 12 55 170
15 29 7 18 -8 47 0 0.02 0.2 2 6.9 21 170 M M 5 32 170
16 32 23 28 2 37 0 0.34 4.0 4 5.8 18 170 M M 9 18 25 170
17 31 4 18 -8 47 0 T T 4 4.2 10 260 M M 4 128 12 90
18 20 -1 10 -16 55 0 T 0.0 4 4.1 8 90 M M 3 18 11 80
19 27 2 15 -11 50 0 0.00 0.0 4 3.2 8 80 M M 5 11 80
20 35 6 21 -5 44 0 0.00 0.0 4 4.3 9 70 M M 0 12 50
21 32 0 16 -10 49 0 0.00 0.0 4 3.8 8 60 M M 0 11 80
22 34 11 23 -3 42 0 0.00 0.0 4 2.3 12 220 M M 9 13 220
23 42 19 31 5 34 0 0.20 0.4 3 6.4 26 240 M M 8 1 35 250
24 38 25 32 6 33 0 0.41 1.3 3 11.3 29 240 M M 8 13 41 240
25 44 20 32 6 33 0 0.00 0.0 4 9.7 22 190 M M 6 33 180
26 35 22 29 4 36 0 0.30 4.5 7 16.9 45 260 M M 9 128 59 240
27 32 15 24 -2 41 0 0.11 1.5 6 9.6 28 290 M M 10 128 39 220
28 22 12 17 -9 48 0 0.01 0.2 7 3.7 14 260 M M 10 18 17 250
29 30 14 22 -4 43 0 0.19 3.0 6 5.3 14 210 M M 10 18 21 210
30 34 19 27 1 38 0 0.06 2.4 9 9.3 25 240 M M 10 18 35 220
31 29 6 18 -8 47 0 T T 9 5.4 15 260 M M 9 18 230
================================================================================
SM 1221 493 1148 0 1.91 20.6 198.6 M 173
================================================================================
AV 39.4 15.9 6.4 FASTST M M 6 MAX(MPH)
MISC ----> 45 260 59 240
================================================================================
NOTES:
# LAST OF SEVERAL OCCURRENCES
COLUMN 17 PEAK WIND IN M.P.H.
PRELIMINARY LOCAL CLIMATOLOGICAL DATA (WS FORM: F-6) , PAGE 2
STATION: ELKO AIRPORT NV
MONTH: DECEMBER
YEAR: 2021
LATITUDE: 40 49 N
LONGITUDE: 115 47 W
[TEMPERATURE DATA] [PRECIPITATION DATA] SYMBOLS USED IN COLUMN 16
AVERAGE MONTHLY: 27.6 TOTAL FOR MONTH: 1.91 1 = FOG OR MIST
DPTR FM NORMAL: 0.9 DPTR FM NORMAL: 0.71 2 = FOG REDUCING VISIBILITY
HIGHEST: 59 ON 2 GRTST 24HR 0.41 ON 24-24 TO 1/4 MILE OR LESS
LOWEST: -1 ON 18 3 = THUNDER
SNOW, ICE PELLETS, HAIL 4 = ICE PELLETS
TOTAL MONTH: 20.6 INCHES 5 = HAIL
GRTST 24HR 4.5 ON 26-26 6 = FREEZING RAIN OR DRIZZLE
GRTST DEPTH: 9 ON 31,30 7 = DUSTSTORM OR SANDSTORM:
VSBY 1/2 MILE OR LESS
8 = SMOKE OR HAZE
[NO. OF DAYS WITH] [WEATHER - DAYS WITH] 9 = BLOWING SNOW
X = TORNADO
MAX 32 OR BELOW: 10 0.01 INCH OR MORE: 11
MAX 90 OR ABOVE: 0 0.10 INCH OR MORE: 7
MIN 32 OR BELOW: 30 0.50 INCH OR MORE: 0
MIN 0 OR BELOW: 2 1.00 INCH OR MORE: 0
[HDD (BASE 65) ]
TOTAL THIS MO. 1148 CLEAR (SCALE 0-3) 9
DPTR FM NORMAL -39 PTCLDY (SCALE 4-7) 10
TOTAL FM JUL 1 2541 CLOUDY (SCALE 8-10) 12
DPTR FM NORMAL -275
[CDD (BASE 65) ]
TOTAL THIS MO. 0
DPTR FM NORMAL 0 [PRESSURE DATA]
TOTAL FM JAN 1 810 HIGHEST SLP 30.62 ON 18
DPTR FM NORMAL 317 LOWEST SLP 29.37 ON 26
[REMARKS]
#FINAL-12-21#