000
CXUS56 KLKN 021347
CF6EKO
PRELIMINARY LOCAL CLIMATOLOGICAL DATA (WS FORM: F-6)
STATION: ELKO AIRPORT NV
MONTH: MARCH
YEAR: 2021
LATITUDE: 40 49 N
LONGITUDE: 115 47 W
TEMPERATURE IN F: :PCPN: SNOW: WIND :SUNSHINE: SKY :PK WND
================================================================================
1 2 3 4 5 6A 6B 7 8 9 10 11 12 13 14 15 16 17 18
12Z AVG MX 2MIN
DY MAX MIN AVG DEP HDD CDD WTR SNW DPTH SPD SPD DIR MIN PSBL S-S WX SPD DR
================================================================================
1 52 14 33 -2 32 0 0.00 0.0 T 4.7 13 150 M M 0 17 170
2 56 20 38 3 27 0 0.00 0.0 0 3.5 9 190 M M 0 13 180
3 59 21 40 5 25 0 0.00 0.0 0 4.7 12 350 M M 0 14 50
4 58 21 40 4 25 0 0.00 0.0 0 5.1 17 270 M M 0 21 260
5 64 22 43 7 22 0 0.00 0.0 0 5.5 17 180 M M 0 22 180
6 55 25 40 4 25 0 0.00 0.0 0 12.0 33 260 M M 1 40 270
7 60 18 39 2 26 0 0.00 0.0 0 2.6 10 360 M M 0 13 300
8 57 22 40 3 25 0 0.00 0.0 0 7.8 25 290 M M 4 32 290
9 41 17 29 -8 36 0 0.00 0.0 0 2.3 12 260 M M 1 17 260
10 45 15 30 -8 35 0 0.02 0.1 0 6.6 20 170 M M 5 1 27 160
11 43 29 36 -2 29 0 0.16 2.2 T 7.6 23 50 M M 7 18 30 50
12 50 19 35 -3 30 0 0.00 0.0 T 10.9 26 30 M M 1 35 50
13 53 12 33 -5 32 0 0.00 0.0 0 5.3 18 290 M M 0 29 330
14 59 17 38 -1 27 0 0.00 0.0 0 5.1 16 250 M M 0 21 250
15 60 31 46 7 19 0 T T 0 9.1 29 260 M M 6 35 220
16 49 33 41 2 24 0 T T 0 10.3 21 260 M M 8 1 27 220
17 58 23 41 1 24 0 T T 0 4.7 14 190 M M 4 1 21 220
18 65 32 49 9 16 0 0.00 0.0 0 6.9 18 170 M M 3 26 170
19 64 37 51 11 14 0 0.21 0.0 0 7.0 26 290 M M 5 1 31 300
20 44 26 35 -5 30 0 0.26 0.3 0 7.1 25 250 M M 8 18 32 290
21 45 23 34 -6 31 0 0.00 0.0 0 5.0 18 310 M M 4 23 310
22 44 26 35 -5 30 0 0.08 0.3 0 6.9 22 290 M M 8 18 27 300
23 42 23 33 -8 32 0 0.00 0.0 0 11.1 22 350 M M 8 28 350
24 46 19 33 -8 32 0 0.00 0.0 0 6.3 18 240 M M 3 23 230
25 44 29 37 -4 28 0 0.12 1.2 0 8.2 18 300 M M 9 1 23 310
26 49 27 38 -3 27 0 T T 0 5.3 17 320 M M 6 20 310
27 59 22 41 0 24 0 0.00 0.0 0 3.5 15 220 M M 0 21 230
28 69 25 47 5 18 0 0.00 0.0 0 8.2 25 250 M M 0 30 210
29 50 17 34 -8 31 0 0.00 0.0 0 8.7 25 330 M M 3 33 340
30 49 13 31 -11 34 0 0.00 0.0 0 4.6 16 310 M M 0 22 240
31 61 15 38 -4 27 0 0.00 0.0 0 3.2 9 30 M M 0 11 60
================================================================================
SM 1650 693 837 0 0.85 4.1 199.8 M 94
================================================================================
AV 53.2 22.4 6.4 FASTST M M 3 MAX(MPH)
MISC ----> 33 260 40 270
================================================================================
NOTES:
# LAST OF SEVERAL OCCURRENCES
COLUMN 17 PEAK WIND IN M.P.H.
PRELIMINARY LOCAL CLIMATOLOGICAL DATA (WS FORM: F-6) , PAGE 2
STATION: ELKO AIRPORT NV
MONTH: MARCH
YEAR: 2021
LATITUDE: 40 49 N
LONGITUDE: 115 47 W
[TEMPERATURE DATA] [PRECIPITATION DATA] SYMBOLS USED IN COLUMN 16
AVERAGE MONTHLY: 37.8 TOTAL FOR MONTH: 0.85 1 = FOG OR MIST
DPTR FM NORMAL: -1.1 DPTR FM NORMAL: -0.15 2 = FOG REDUCING VISIBILITY
HIGHEST: 69 ON 28 GRTST 24HR 0.39 ON 19-20 TO 1/4 MILE OR LESS
LOWEST: 12 ON 13 3 = THUNDER
SNOW, ICE PELLETS, HAIL 4 = ICE PELLETS
TOTAL MONTH: 4.1 INCHES 5 = HAIL
GRTST 24HR 2.2 ON 11-11 6 = FREEZING RAIN OR DRIZZLE
GRTST DEPTH: T 7 = DUSTSTORM OR SANDSTORM:
VSBY 1/2 MILE OR LESS
8 = SMOKE OR HAZE
[NO. OF DAYS WITH] [WEATHER - DAYS WITH] 9 = BLOWING SNOW
X = TORNADO
MAX 32 OR BELOW: 0 0.01 INCH OR MORE: 6
MAX 90 OR ABOVE: 0 0.10 INCH OR MORE: 4
MIN 32 OR BELOW: 29 0.50 INCH OR MORE: 0
MIN 0 OR BELOW: 0 1.00 INCH OR MORE: 0
[HDD (BASE 65) ]
TOTAL THIS MO. 837 CLEAR (SCALE 0-3) 17
DPTR FM NORMAL 28 PTCLDY (SCALE 4-7) 10
TOTAL FM JUL 1 5444 CLOUDY (SCALE 8-10) 4
DPTR FM NORMAL -534
[CDD (BASE 65) ]
TOTAL THIS MO. 0
DPTR FM NORMAL 0 [PRESSURE DATA]
TOTAL FM JAN 1 0 HIGHEST SLP 30.54 ON 31
DPTR FM NORMAL 0 LOWEST SLP 29.51 ON 15
[REMARKS]
#FINAL-03-21#