000
CXUS56 KLKN 302310
CF6EKO
PRELIMINARY LOCAL CLIMATOLOGICAL DATA (WS FORM: F-6)
STATION: ELKO AIRPORT NV
MONTH: APRIL
YEAR: 2020
LATITUDE: 40 49 N
LONGITUDE: 115 47 W
TEMPERATURE IN F: :PCPN: SNOW: WIND :SUNSHINE: SKY :PK WND
================================================================================
1 2 3 4 5 6A 6B 7 8 9 10 11 12 13 14 15 16 17 18
12Z AVG MX 2MIN
DY MAX MIN AVG DEP HDD CDD WTR SNW DPTH SPD SPD DIR MIN PSBL S-S WX SPD DR
================================================================================
1 49 23 36 -6 29 0 T T 0 7.3 21 250 M M 9 28 250
2 43 14 29 -13 36 0 0.00 0.0 0 3.8 12 270 M M 3 15 280
3 52 15 34 -8 31 0 0.00 0.0 0 4.1 23 260 M M 1 29 250
4 60 17 39 -4 26 0 0.03 0.0 0 6.0 26 260 M M 4 31 270
5 58 33 46 3 19 0 0.07 0.0 0 7.9 37 210 M M 7 1 46 210
6 57 31 44 1 21 0 0.05 0.0 0 5.9 20 260 M M 5 24 240
7 61 27 44 1 21 0 0.00 0.0 0 5.3 15 160 M M 5 18 160
8 65 30 48 5 17 0 0.00 0.0 0 10.0 23 40 M M 0 28 40
9 62 29 46 2 19 0 0.01 0.0 0 7.8 28 180 M M 4 1 36 190
10 63 24 44 0 21 0 0.00 0.0 0 2.6 13 250 M M 1 1 17 240
11 65 32 49 5 16 0 T 0.0 0 9.0 26 250 M M 4 35 240
12 52 22 37 -7 28 0 0.00 0.0 0 5.2 20 310 M M 0 26 330
13 49 22 36 -8 29 0 0.00 0.0 0 6.0 20 10 M M 2 26 20
14 56 15 36 -9 29 0 0.00 0.0 0 7.0 21 270 M M 1 32 320
15 61 34 48 3 17 0 0.01 0.0 0 10.6 29 310 M M 7 36 270
16 54 29 42 -3 23 0 0.00 0.0 0 8.6 18 40 M M 4 26 30
17 61 18 40 -5 25 0 0.00 0.0 0 3.2 12 40 M M 1 22 170
18 65 29 47 1 18 0 0.00 0.0 0 6.5 20 270 M M 1 26 270
19 60 32 46 0 19 0 T 0.0 0 8.1 26 280 M M 6 31 280
20 66 27 47 1 18 0 0.00 0.0 0 3.3 16 50 M M 2 20 60
21 70 31 51 5 14 0 0.00 0.0 0 5.0 20 20 M M 4 24 330
22 70 33 52 5 13 0 0.01 0.0 0 8.1 29 310 M M 5 37 260
23 66 37 52 5 13 0 0.01 0.0 0 12.6 30 270 M M 4 35 280
24 66 29 48 1 17 0 0.00 0.0 0 5.5 21 280 M M 5 28 260
25 74 34 54 7 11 0 0.00 0.0 0 4.5 18 270 M M 0 25 250
26 75 40 58 10 7 0 0.00 0.0 0 4.2 18 300 M M 0 29 240
27 74 34 54 6 11 0 0.00 0.0 0 8.7 24 280 M M 1 29 270
28 77 39 58 10 7 0 0.00 0.0 0 2.7 12 210 M M 0 15 200
29 88 40 64 15 1 0 0.00 0.0 0 5.0 21 270 M M 1 25 270
30 79 55 67 18 0 2 0.03 0.0 0 13.8 33 260 M M 4 8 41 260
================================================================================
SM 1898 875 556 2 0.22 T 198.3 M 91
================================================================================
AV 63.3 29.2 6.6 FASTST M M 3 MAX(MPH)
MISC ----> # 37 210 # 46 210
================================================================================
NOTES:
# LAST OF SEVERAL OCCURRENCES
COLUMN 17 PEAK WIND IN M.P.H.
PRELIMINARY LOCAL CLIMATOLOGICAL DATA (WS FORM: F-6) , PAGE 2
STATION: ELKO AIRPORT NV
MONTH: APRIL
YEAR: 2020
LATITUDE: 40 49 N
LONGITUDE: 115 47 W
[TEMPERATURE DATA] [PRECIPITATION DATA] SYMBOLS USED IN COLUMN 16
AVERAGE MONTHLY: 46.2 TOTAL FOR MONTH: 0.22 1 = FOG OR MIST
DPTR FM NORMAL: 1.0 DPTR FM NORMAL: -0.75 2 = FOG REDUCING VISIBILITY
HIGHEST: 88 ON 29 GRTST 24HR 0.07 ON 5- 5 TO 1/4 MILE OR LESS
LOWEST: 14 ON 2 3 = THUNDER
SNOW, ICE PELLETS, HAIL 4 = ICE PELLETS
TOTAL MONTH: T 5 = HAIL
GRTST 24HR T ON 1- 1 6 = FREEZING RAIN OR DRIZZLE
GRTST DEPTH: 0 7 = DUSTSTORM OR SANDSTORM:
VSBY 1/2 MILE OR LESS
8 = SMOKE OR HAZE
[NO. OF DAYS WITH] [WEATHER - DAYS WITH] 9 = BLOWING SNOW
X = TORNADO
MAX 32 OR BELOW: 0 0.01 INCH OR MORE: 8
MAX 90 OR ABOVE: 0 0.10 INCH OR MORE: 0
MIN 32 OR BELOW: 20 0.50 INCH OR MORE: 0
MIN 0 OR BELOW: 0 1.00 INCH OR MORE: 0
[HDD (BASE 65) ]
TOTAL THIS MO. 556 CLEAR (SCALE 0-3) 15
DPTR FM NORMAL -38 PTCLDY (SCALE 4-7) 14
TOTAL FM JUL 1 5997 CLOUDY (SCALE 8-10) 1
DPTR FM NORMAL -574
[CDD (BASE 65) ]
TOTAL THIS MO. 2
DPTR FM NORMAL 2 [PRESSURE DATA]
TOTAL FM JAN 1 2 HIGHEST SLP 30.39 ON 14
DPTR FM NORMAL 2 LOWEST SLP 29.50 ON 5
[REMARKS]
#FINAL-04-20#