000
CXUS54 KEPZ 011030
CF6ELP
PRELIMINARY LOCAL CLIMATOLOGICAL DATA (WS FORM: F-6)
STATION: EL PASO
MONTH: JUNE
YEAR: 2023
LATITUDE: 31 47 N
LONGITUDE: 106 24 W
TEMPERATURE IN F: :PCPN: SNOW: WIND :SUNSHINE: SKY :PK WND
================================================================================
1 2 3 4 5 6A 6B 7 8 9 10 11 12 13 14 15 16 17 18
12Z AVG MX 2MIN
DY MAX MIN AVG DEP HDD CDD WTR SNW DPTH SPD SPD DIR MIN PSBL S-S WX SPD DR
================================================================================
1 89 73 81 0 0 16 0.00 0.0 0 11.6 22 240 M M 4 31 260
2 90 74 82 1 0 17 0.00 0.0 0 10.7 25 250 M M 3 34 230
3 93 64 79 -3 0 14 0.00 0.0 0 6.1 17 300 M M 1 24 300
4 94 69 82 0 0 17 0.00 0.0 0 7.7 24 80 M M 5 32 70
5 92 67 80 -2 0 15 0.00 0.0 0 10.1 31 20 M M 3 8 39 30
6 94 65 80 -2 0 15 0.03 0.0 0 11.4 37 200 M M 7 38 52 190
7 93 61 77 -6 0 12 0.00 0.0 0 9.7 22 260 M M 3 30 260
8 95 67 81 -2 0 16 0.00 0.0 0 7.7 21 270 M M 3 29 270
9 90 71 81 -2 0 16 0.00 0.0 0 11.1 23 310 M M 6 31 330
10 97 62 80 -3 0 15 0.00 0.0 0 8.9 23 230 M M 3 35 250
11 100 67 84 0 0 19 0.00 0.0 0 12.7 28 250 M M 2 39 230
12 96 77 87 3 0 22 0.00 0.0 0 16.2 29 250 M M 1 42 240
13 95 63 79 -5 0 14 0.00 0.0 0 11.0 26 260 M M 3 39 250
14 98 64 81 -3 0 16 0.00 0.0 0 10.8 30 260 M M 3 44 260
15 99 75 87 3 0 22 0.00 0.0 0 15.4 38 270 M M 3 50 270
16 101 78 90 6 0 25 0.00 0.0 0 13.0 31 270 M M 4 47 190
17 101 71 86 2 0 21 0.00 0.0 0 10.4 30 260 M M 6 42 260
18 102 73 88 3 0 23 0.00 0.0 0 8.5 24 240 M M 5 37 240
19 103 80 92 7 0 27 0.00 0.0 0 11.2 28 260 M M 5 39 270
20 102 77 90 5 0 25 0.00 0.0 0 7.4 20 240 M M 7 26 240
21 105 76 91 6 0 26 0.00 0.0 0 8.2 22 260 M M 6 27 240
22 107 77 92 7 0 27 0.00 0.0 0 10.7 24 250 M M 3 32 250
23 107 74 91 6 0 26 0.00 0.0 0 10.4 23 270 M M 3 33 250
24 107 76 92 7 0 27 0.00 0.0 0 9.7 26 270 M M 2 36 270
25 108 75 92 7 0 27 0.00 0.0 0 5.3 21 260 M M 0 29 270
26 110 73 92 7 0 27 0.00 0.0 0 6.6 31 170 M M 3 46 110
27 109 79 94 9 0 29 0.00 0.0 0 7.6 21 250 M M 4 26 290
28 107 80 94 9 0 29 0.00 0.0 0 8.4 32 280 M M 4 8 45 270
29 104 80 92 7 0 27 T 0.0 0 8.9 28 180 M M 7 37 200
30 101 85 93 8 0 28 T 0.0 0 8.3 22 260 M M 7 29 250
================================================================================
SM 2989 2173 0 640 0.03 0.0 295.7 M 116
================================================================================
AV 99.6 72.4 9.9 FASTST M M 4 MAX(MPH)
MISC ----> 38 270 52 190
================================================================================
NOTES:
# LAST OF SEVERAL OCCURRENCES
COLUMN 17 PEAK WIND IN M.P.H.
PRELIMINARY LOCAL CLIMATOLOGICAL DATA (WS FORM: F-6) , PAGE 2
STATION: EL PASO
MONTH: JUNE
YEAR: 2023
LATITUDE: 31 47 N
LONGITUDE: 106 24 W
[TEMPERATURE DATA] [PRECIPITATION DATA] SYMBOLS USED IN COLUMN 16
AVERAGE MONTHLY: 86.0 TOTAL FOR MONTH: 0.03 1 = FOG OR MIST
DPTR FM NORMAL: 2.1 DPTR FM NORMAL: -0.70 2 = FOG REDUCING VISIBILITY
HIGHEST: 110 ON 26 GRTST 24HR 0.03 ON 6- 6 TO 1/4 MILE OR LESS
LOWEST: 61 ON 7 3 = THUNDER
SNOW, ICE PELLETS, HAIL 4 = ICE PELLETS
TOTAL MONTH: 0.0 INCH 5 = HAIL
GRTST 24HR 0.0 6 = FREEZING RAIN OR DRIZZLE
GRTST DEPTH: 0 7 = DUSTSTORM OR SANDSTORM:
VSBY 1/2 MILE OR LESS
8 = SMOKE OR HAZE
[NO. OF DAYS WITH] [WEATHER - DAYS WITH] 9 = BLOWING SNOW
X = TORNADO
MAX 32 OR BELOW: 0 0.01 INCH OR MORE: 1
MAX 90 OR ABOVE: 29 0.10 INCH OR MORE: 0
MIN 32 OR BELOW: 0 0.50 INCH OR MORE: 0
MIN 0 OR BELOW: 0 1.00 INCH OR MORE: 0
[HDD (BASE 65) ]
TOTAL THIS MO. 0 CLEAR (SCALE 0-3) 12
DPTR FM NORMAL 0 PTCLDY (SCALE 4-7) 18
TOTAL FM JUL 1 2103 CLOUDY (SCALE 8-10) 0
DPTR FM NORMAL -103
[CDD (BASE 65) ]
TOTAL THIS MO. 640
DPTR FM NORMAL 75 [PRESSURE DATA]
TOTAL FM JAN 1 1186 HIGHEST SLP 29.89 ON 5
DPTR FM NORMAL 159 LOWEST SLP 29.56 ON 27
[REMARKS]
#FINAL-06-23#