000
CXUS54 KEPZ 011130
CF6ELP
PRELIMINARY LOCAL CLIMATOLOGICAL DATA (WS FORM: F-6)
STATION: EL PASO
MONTH: DECEMBER
YEAR: 2021
LATITUDE: 31 47 N
LONGITUDE: 106 24 W
TEMPERATURE IN F: :PCPN: SNOW: WIND :SUNSHINE: SKY :PK WND
================================================================================
1 2 3 4 5 6A 6B 7 8 9 10 11 12 13 14 15 16 17 18
12Z AVG MX 2MIN
DY MAX MIN AVG DEP HDD CDD WTR SNW DPTH SPD SPD DIR MIN PSBL S-S WX SPD DR
================================================================================
1 64 41 53 4 12 0 0.00 0.0 0 3.6 13 10 M M 5 16 20
2 73 42 58 10 7 0 0.00 0.0 0 4.5 10 240 M M 3 14 230
3 73 41 57 9 8 0 0.00 0.0 0 4.5 15 240 M M 1 20 240
4 69 39 54 6 11 0 0.00 0.0 0 3.4 8 160 M M 5 11 140
5 73 43 58 10 7 0 0.00 0.0 0 4.0 14 180 M M 2 17 280
6 56 39 48 0 17 0 0.00 0.0 0 5.0 18 60 M M 1 8 25 60
7 70 39 55 8 10 0 0.00 0.0 0 6.9 17 160 M M 5 25 170
8 68 37 53 6 12 0 0.00 0.0 0 5.6 20 250 M M 6 27 240
9 69 46 58 11 7 0 T 0.0 0 10.5 28 250 M M 6 38 230
10 64 51 58 11 7 0 0.01 0.0 0 17.9 40 250 M M 6 56 280
11 56 36 46 0 19 0 0.00 0.0 0 8.7 20 360 M M 1 28 10
12 64 33 49 3 16 0 0.00 0.0 0 4.3 12 10 M M 0 15 10
13 68 33 51 5 14 0 0.00 0.0 0 5.6 14 240 M M 5 18 260
14 72 39 56 10 9 0 T 0.0 0 3.0 10 160 M M 7 14 190
15 71 46 59 13 6 0 0.00 0.0 0 12.8 32 250 M M 5 40 230
16 62 36 49 3 16 0 0.00 0.0 0 3.3 8 180 M M 5 12 180
17 65 40 53 7 12 0 0.00 0.0 0 4.2 15 240 M M 7 20 240
18 56 39 48 3 17 0 0.00 0.0 0 11.4 17 80 M M 6 23 350
19 53 36 45 0 20 0 0.00 0.0 0 3.4 12 160 M M 5 14 170
20 60 29 45 0 20 0 0.00 0.0 0 3.0 12 90 M M 0 8 14 90
21 64 27 46 1 19 0 0.00 0.0 0 3.4 13 230 M M 6 15 240
22 69 40 55 10 10 0 0.00 0.0 0 3.1 9 210 M M 6 14 200
23 73 39 56 11 9 0 0.00 0.0 0 6.3 15 260 M M 4 21 220
24 76 50 63 18 2 0 0.00 0.0 0 15.8 40 240 M M 4 53 240
25 73 42 58 13 7 0 0.00 0.0 0 7.2 20 260 M M 4 28 200
26 73 50 62 17 3 0 0.00 0.0 0 12.4 29 260 M M 6 42 250
27 68 42 55 10 10 0 0.00 0.0 0 10.6 29 250 M M 6 37 260
28 61 44 53 8 12 0 0.00 0.0 0 10.2 29 250 M M 5 39 250
29 60 39 50 5 15 0 0.00 0.0 0 13.2 30 260 M M 2 39 240
30 59 32 46 1 19 0 T 0.0 0 7.1 21 260 M M 6 29 260
31 50 45 48 3 17 0 0.58 0.0 0 10.2 38 250 M M 9 1 48 260
================================================================================
SM 2032 1235 370 0 0.59 0.0 225.1 M 139
================================================================================
AV 65.5 39.8 7.3 FASTST M M 4 MAX(MPH)
MISC ----> # 40 250 56 280
================================================================================
NOTES:
# LAST OF SEVERAL OCCURRENCES
COLUMN 17 PEAK WIND IN M.P.H.
PRELIMINARY LOCAL CLIMATOLOGICAL DATA (WS FORM: F-6) , PAGE 2
STATION: EL PASO
MONTH: DECEMBER
YEAR: 2021
LATITUDE: 31 47 N
LONGITUDE: 106 24 W
[TEMPERATURE DATA] [PRECIPITATION DATA] SYMBOLS USED IN COLUMN 16
AVERAGE MONTHLY: 52.7 TOTAL FOR MONTH: 0.59 1 = FOG OR MIST
DPTR FM NORMAL: 6.6 DPTR FM NORMAL: -0.04 2 = FOG REDUCING VISIBILITY
HIGHEST: 76 ON 24 GRTST 24HR 0.58 ON 31-31 TO 1/4 MILE OR LESS
LOWEST: 27 ON 21 3 = THUNDER
SNOW, ICE PELLETS, HAIL 4 = ICE PELLETS
TOTAL MONTH: 0.0 INCH 5 = HAIL
GRTST 24HR 0.0 6 = FREEZING RAIN OR DRIZZLE
GRTST DEPTH: 0 7 = DUSTSTORM OR SANDSTORM:
VSBY 1/2 MILE OR LESS
8 = SMOKE OR HAZE
[NO. OF DAYS WITH] [WEATHER - DAYS WITH] 9 = BLOWING SNOW
X = TORNADO
MAX 32 OR BELOW: 0 0.01 INCH OR MORE: 2
MAX 90 OR ABOVE: 0 0.10 INCH OR MORE: 1
MIN 32 OR BELOW: 3 0.50 INCH OR MORE: 1
MIN 0 OR BELOW: 0 1.00 INCH OR MORE: 0
[HDD (BASE 65) ]
TOTAL THIS MO. 370 CLEAR (SCALE 0-3) 8
DPTR FM NORMAL -216 PTCLDY (SCALE 4-7) 22
TOTAL FM JUL 1 616 CLOUDY (SCALE 8-10) 1
DPTR FM NORMAL -357
[CDD (BASE 65) ]
TOTAL THIS MO. 0
DPTR FM NORMAL 0 [PRESSURE DATA]
TOTAL FM JAN 1 2679 HIGHEST SLP 30.23 ON 19
DPTR FM NORMAL 18 LOWEST SLP 29.57 ON 31
[REMARKS]
#FINAL-12-21#