000
CXUS56 KLKN 042156
CF6ELY
PRELIMINARY LOCAL CLIMATOLOGICAL DATA (WS FORM: F-6)
STATION: ELY AIRPORT NV
MONTH: JUNE
YEAR: 2023
LATITUDE: 39 16 N
LONGITUDE: 114 51 W
TEMPERATURE IN F: :PCPN: SNOW: WIND :SUNSHINE: SKY :PK WND
================================================================================
1 2 3 4 5 6A 6B 7 8 9 10 11 12 13 14 15 16 17 18
12Z AVG MX 2MIN
DY MAX MIN AVG DEP HDD CDD WTR SNW DPTH SPD SPD DIR MIN PSBL S-S WX SPD DR
================================================================================
1 69 40 55 -1 10 0 0.02 0.0 0 7.9 25 180 M M 5 3 33 190
2 72 40 56 -1 9 0 T 0.0 0 7.0 21 240 M M 2 30 320
3 70 36 53 -4 12 0 0.00 0.0 0 7.4 23 30 M M 3 29 10
4 72 37 55 -2 10 0 T 0.0 0 6.3 22 320 M M 3 30 320
5 74 37 56 -2 9 0 0.06 0.0 0 7.8 25 180 M M 2 3 36 250
6 77 42 60 2 5 0 T 0.0 0 8.6 30 160 M M 2 3 44 170
7 73 36 55 -3 10 0 T 0.0 0 8.1 22 150 M M 2 33 230
8 66 36 51 -8 14 0 T 0.0 0 10.0 24 70 M M 4 3 30 70
9 67 39 53 -6 12 0 0.01 0.0 0 6.3 22 150 M M 6 3 30 180
10 71 39 55 -4 10 0 0.00 0.0 0 5.4 31 150 M M 3 3 41 160
11 66 38 52 -8 13 0 0.30 0.0 0 8.6 26 190 M M 2 13 34 20
12 67 32 50 -10 15 0 T 0.0 0 6.4 20 250 M M 3 3 26 250
13 70 44 57 -3 8 0 T 0.0 0 5.9 22 320 M M 6 3 29 310
14 70 47 59 -2 6 0 0.48 0.0 0 7.4 21 40 M M 7 13 30 30
15 70 41 56 -5 9 0 0.10 0.0 0 7.6 24 260 M M 2 13 33 260
16 72 36 54 -7 11 0 0.00 0.0 0 7.0 14 340 M M 0 19 20
17 76 40 58 -4 7 0 0.00 0.0 0 8.8 15 190 M M 1 23 230
18 80 51 66 4 0 1 T 0.0 0 15.7 29 210 M M 5 45 210
19 76 50 63 1 2 0 T 0.0 0 16.2 32 180 M M 4 48 220
20 70 40 55 -8 10 0 0.00 0.0 0 10.6 22 220 M M 1 31 190
21 73 31 52 -11 13 0 0.00 0.0 0 8.6 20 150 M M 0 27 160
22 77 35 56 -8 9 0 0.00 0.0 0 11.1 24 160 M M 0 34 170
23 74 42 58 -6 7 0 0.00 0.0 0 8.4 18 230 M M 2 27 190
24 74 36 55 -9 10 0 0.00 0.0 0 7.9 16 170 M M 0 24 140
25 79 35 57 -7 8 0 0.00 0.0 0 10.5 22 220 M M 0 37 240
26 78 39 59 -6 6 0 0.00 0.0 0 10.9 25 360 M M 0 3 35 180
27 75 42 59 -6 6 0 0.00 0.0 0 6.7 23 320 M M 2 34 220
28 71 42 57 -9 8 0 0.03 0.0 0 8.3 29 20 M M 3 3 38 20
29 78 36 57 -9 8 0 0.00 0.0 0 8.4 17 30 M M 1 26 40
30 83 41 62 -4 3 0 0.00 0.0 0 7.6 15 180 M M 0 20 10
================================================================================
SM 2190 1180 260 1 1.00 0.0 257.4 M 71
================================================================================
AV 73.0 39.3 8.6 FASTST M M 2 MAX(MPH)
MISC ----> 32 180 48 220
================================================================================
NOTES:
# LAST OF SEVERAL OCCURRENCES
COLUMN 17 PEAK WIND IN M.P.H.
PRELIMINARY LOCAL CLIMATOLOGICAL DATA (WS FORM: F-6) , PAGE 2
STATION: ELY AIRPORT NV
MONTH: JUNE
YEAR: 2023
LATITUDE: 39 16 N
LONGITUDE: 114 51 W
[TEMPERATURE DATA] [PRECIPITATION DATA] SYMBOLS USED IN COLUMN 16
AVERAGE MONTHLY: 56.2 TOTAL FOR MONTH: 1.00 1 = FOG OR MIST
DPTR FM NORMAL: -5.1 DPTR FM NORMAL: 0.44 2 = FOG REDUCING VISIBILITY
HIGHEST: 83 ON 30 GRTST 24HR 0.58 ON 14-15 TO 1/4 MILE OR LESS
LOWEST: 31 ON 21 3 = THUNDER
SNOW, ICE PELLETS, HAIL 4 = ICE PELLETS
TOTAL MONTH: 0.0 INCH 5 = HAIL
GRTST 24HR 0.0 6 = FREEZING RAIN OR DRIZZLE
GRTST DEPTH: 0 7 = DUSTSTORM OR SANDSTORM:
VSBY 1/2 MILE OR LESS
8 = SMOKE OR HAZE
[NO. OF DAYS WITH] [WEATHER - DAYS WITH] 9 = BLOWING SNOW
X = TORNADO
MAX 32 OR BELOW: 0 0.01 INCH OR MORE: 7
MAX 90 OR ABOVE: 0 0.10 INCH OR MORE: 3
MIN 32 OR BELOW: 2 0.50 INCH OR MORE: 0
MIN 0 OR BELOW: 0 1.00 INCH OR MORE: 0
[HDD (BASE 65) ]
TOTAL THIS MO. 260 CLEAR (SCALE 0-3) 22
DPTR FM NORMAL 112 PTCLDY (SCALE 4-7) 8
TOTAL FM JUL 1 8192 CLOUDY (SCALE 8-10) 0
DPTR FM NORMAL 1024
[CDD (BASE 65) ]
TOTAL THIS MO. 1
DPTR FM NORMAL -35 [PRESSURE DATA]
TOTAL FM JAN 1 1 HIGHEST SLP 30.07 ON 30
DPTR FM NORMAL -37 LOWEST SLP 29.45 ON 18
[REMARKS]
#FINAL-06-23#