571
CXUS53 KTOP 010800
CF6EMP
PRELIMINARY LOCAL CLIMATOLOGICAL DATA (WS FORM: F-6)
STATION: Emporia KS
MONTH: AUGUST
YEAR: 2020
LATITUDE: 38 19 N
LONGITUDE: 96 12 W
TEMPERATURE IN F: :PCPN: SNOW: WIND :SUNSHINE: SKY :PK WND
================================================================================
1 2 3 4 5 6A 6B 7 8 9 10 11 12 13 14 15 16 17 18
12Z AVG MX 2MIN
DY MAX MIN AVG DEP HDD CDD WTR SNW DPTH SPD SPD DIR MIN PSBL S-S WX SPD DR
================================================================================
1 85 64 75 -5 0 10 0.00 M M 4.5 13 320 M M 1 1 18 320
2 81 65 73 -6 0 8 0.00 M M 8.1 18 330 M M 1 24 310
3 80 59 70 -9 0 5 0.00 M M 6.7 16 40 M M 0 24 360
4 78 53 66 -13 0 1 0.00 M M 5.4 13 80 M M 0 17 40
5 84 58 71 -8 0 6 0.00 M M 6.6 14 160 M M 2 18 160
6 87 64 76 -3 0 11 0.00 M M 9.2 17 180 M M 1 8 23 140
7 88 70 79 0 0 14 T M M 15.0 28 160 M M 4 13 39 170
8 96 75 86 7 0 21 0.00 M M 14.5 22 210 M M 3 13 32 170
9 88 75 82 3 0 17 0.23 M M 13.9 38 180 M M 1 138 54 170
10 88 73 81 2 0 16 0.01 M M 9.2 24 190 M M 1 13 36 190
11 90 69 80 1 0 15 0.00 M M 5.4 12 190 M M 1 17 150
12 88 69 79 1 0 14 T M M 8.1 17 110 M M 2 1 24 110
13 88 69 79 1 0 14 0.07 M M 7.3 22 170 M M 3 13 30 170
14 92 67 80 2 0 15 0.00 M M 7.0 23 190 M M 3 12 29 180
15 94 65 80 2 0 15 0.00 M M 6.4 17 30 M M 1 1 21 30
16 82 61 72 -6 0 7 0.01 M M 5.8 29 330 M M 2 3 43 330
17 90 63 77 -1 0 12 T M M 6.6 15 360 M M 0 22 10
18 85 61 73 -5 0 8 0.00 M M 5.3 13 30 M M 0 18 50
19 85 57 71 -6 0 6 0.00 M M 5.4 13 110 M M 0 1 20 90
20 88 57 73 -4 0 8 0.00 M M 6.1 12 170 M M 0 17 140
21 90 60 75 -2 0 10 0.00 M M 7.6 16 190 M M 0 24 240
22 92 63 78 1 0 13 0.00 M M 6.3 14 220 M M 0 18 150
23 94 66 80 3 0 15 0.00 M M 8.9 16 220 M M 0 20 220
24 95 66 81 5 0 16 0.00 M M 8.0 15 220 M M 0 24 230
25 95 66 81 5 0 16 0.00 M M 7.8 16 190 M M 0 29 190
26 94 70 82 6 0 17 0.00 M M 11.1 23 160 M M 1 31 170
27 93 66 80 4 0 15 0.00 M M 7.7 16 180 M M 1 27 170
28 96 67 82 7 0 17 0.00 M M 3.7 10 160 M M 0 14 160
29 77 64 71 -4 0 6 0.36 M M 7.5 22 30 M M 4 13 35 10
30 83 62 73 -2 0 8 0.00 M M 6.2 13 130 M M 4 12 18 150
31 76 66 71 -4 0 6 T M M 9.7 23 360 M M 7 1 39 10
================================================================================
SM 2722 2010 0 362 0.68 M 241.0 M 43
================================================================================
AV 87.8 64.8 7.8 FASTST M M 1 MAX(MPH)
MISC ----> # 38 180 # 54 170
================================================================================
NOTES:
# LAST OF SEVERAL OCCURRENCES
COLUMN 17 PEAK WIND IN M.P.H.
PRELIMINARY LOCAL CLIMATOLOGICAL DATA (WS FORM: F-6) , PAGE 2
STATION: Emporia KS
MONTH: AUGUST
YEAR: 2020
LATITUDE: 38 19 N
LONGITUDE: 96 12 W
[TEMPERATURE DATA] [PRECIPITATION DATA] SYMBOLS USED IN COLUMN 16
AVERAGE MONTHLY: 76.3 TOTAL FOR MONTH: 0.68 1 = FOG OR MIST
DPTR FM NORMAL: -1.3 DPTR FM NORMAL: -3.14 2 = FOG REDUCING VISIBILITY
HIGHEST: 96 ON 28, 8 GRTST 24HR 0.36 ON 29-29 TO 1/4 MILE OR LESS
LOWEST: 53 ON 4 3 = THUNDER
SNOW, ICE PELLETS, HAIL 4 = ICE PELLETS
TOTAL MONTH: M 5 = HAIL
GRTST 24HR M ON M 6 = FREEZING RAIN OR DRIZZLE
GRTST DEPTH: M ON M 7 = DUSTSTORM OR SANDSTORM:
VSBY 1/2 MILE OR LESS
8 = SMOKE OR HAZE
[NO. OF DAYS WITH] [WEATHER - DAYS WITH] 9 = BLOWING SNOW
X = TORNADO
MAX 32 OR BELOW: 0 0.01 INCH OR MORE: 5
MAX 90 OR ABOVE: 13 0.10 INCH OR MORE: 2
MIN 32 OR BELOW: 0 0.50 INCH OR MORE: 0
MIN 0 OR BELOW: 0 1.00 INCH OR MORE: 0
[HDD (BASE 65) ]
TOTAL THIS MO. 0 CLEAR (SCALE 0-3) 26
DPTR FM NORMAL -1 PTCLDY (SCALE 4-7) 5
TOTAL FM JUL 1 0 CLOUDY (SCALE 8-10) 0
DPTR FM NORMAL -1
[CDD (BASE 65) ]
TOTAL THIS MO. 362
DPTR FM NORMAL -30 [PRESSURE DATA]
TOTAL FM JAN 1 1335 HIGHEST SLP 0.00 ON 18
DPTR FM NORMAL 127 LOWEST SLP 29.65 ON 31
[REMARKS]
#FINAL-08-20#