000
CXUS51 KCLE 010800
CF6ERI
PRELIMINARY LOCAL CLIMATOLOGICAL DATA (WS FORM: F-6)
STATION: ERIE PA
MONTH: JULY
YEAR: 2020
LATITUDE: 42 4 N
LONGITUDE: 80 11 W
TEMPERATURE IN F: :PCPN: SNOW: WIND :SUNSHINE: SKY :PK WND
================================================================================
1 2 3 4 5 6A 6B 7 8 9 10 11 12 13 14 15 16 17 18
12Z AVG MX 2MIN
DY MAX MIN AVG DEP HDD CDD WTR SNW DPTH SPD SPD DIR MIN PSBL S-S WX SPD DR
================================================================================
1 83 63 73 2 0 8 0.00 0.0 0 6.2 17 50 M M 0 8 22 60
2 85 65 75 4 0 10 0.00 0.0 0 6.2 14 250 M M 2 8 18 260
3 86 68 77 6 0 12 0.00 0.0 0 6.6 17 280 M M 0 8 25 10
4 84 66 75 4 0 10 0.00 0.0 0 3.9 10 360 M M 0 18 14 10
5 85 62 74 3 0 9 0.00 0.0 0 3.7 10 340 M M 0 8 12 340
6 88 67 78 7 0 13 0.00 0.0 0 3.3 9 30 M M 1 8 14 300
7 92 68 80 8 0 15 0.00 0.0 0 8.0 16 200 M M 0 20 200
8 88 72 80 8 0 15 0.00 0.0 0 5.5 13 310 M M 0 8 16 290
9 92 73 83 11 0 18 T 0.0 0 7.3 22 160 M M 0 3 29 160
10 96 71 84 12 0 19 0.25 0.0 0 9.5 22 280 M M 2 13 34 270
11 80 69 75 3 0 10 1.26 0.0 0 10.1 31 320 M M 6 13 45 310
12 80 66 73 1 0 8 0.00 0.0 0 6.3 15 280 M M 2 19 320
13 78 61 70 -2 0 5 0.00 0.0 0 7.8 15 260 M M 3 21 290
14 78 59 69 -3 0 4 0.00 0.0 0 4.7 9 290 M M 1 14 270
15 85 62 74 2 0 9 0.00 0.0 0 6.2 13 30 M M 0 17 20
16 87 73 80 8 0 15 0.70 0.0 0 11.0 20 150 M M 6 138 27 160
17 83 72 78 6 0 13 0.00 0.0 0 6.2 12 320 M M 2 17 260
18 88 69 79 7 0 14 0.00 0.0 0 6.9 14 240 M M 0 21 230
19 90 72 81 9 0 16 0.33 0.0 0 11.1 23 300 M M 3 13 35 300
20 84 70 77 5 0 12 T 0.0 0 8.6 17 280 M M 2 22 260
21 85 67 76 4 0 11 0.00 0.0 0 3.5 12 200 M M 1 8 14 200
22 85 72 79 7 0 14 0.22 0.0 0 7.8 15 220 M M 6 1 20 220
23 82 71 77 5 0 12 T 0.0 0 7.3 13 280 M M 6 17 280
24 82 68 75 3 0 10 0.00 0.0 0 5.2 13 10 M M 1 18 360
25 83 67 75 3 0 10 0.00 0.0 0 5.8 12 320 M M 1 14 320
26 87 68 78 6 0 13 0.00 0.0 0 8.1 16 270 M M 0 22 260
27 87 76 82 10 0 17 0.00 0.0 0 11.5 21 250 M M 2 29 260
28 84 73 79 7 0 14 T 0.0 0 8.1 18 260 M M 3 24 260
29 86 69 78 6 0 13 0.45 0.0 0 8.1 22 280 M M 5 3 34 270
30 80 66 73 1 0 8 0.00 0.0 0 4.9 12 30 M M 4 14 40
31 83 63 73 1 0 8 0.00 0.0 0 6.2 17 30 M M 0 23 50
================================================================================
SM 2636 2108 0 365 3.21 0.0 215.6 M 59
================================================================================
AV 85.0 68.0 7.0 FASTST M M 2 MAX(MPH)
MISC ----> 31 320 45 310
================================================================================
NOTES:
# LAST OF SEVERAL OCCURRENCES
COLUMN 17 PEAK WIND IN M.P.H.
PRELIMINARY LOCAL CLIMATOLOGICAL DATA (WS FORM: F-6) , PAGE 2
STATION: ERIE PA
MONTH: JULY
YEAR: 2020
LATITUDE: 42 4 N
LONGITUDE: 80 11 W
[TEMPERATURE DATA] [PRECIPITATION DATA] SYMBOLS USED IN COLUMN 16
AVERAGE MONTHLY: 76.5 TOTAL FOR MONTH: 3.21 1 = FOG OR MIST
DPTR FM NORMAL: 4.8 DPTR FM NORMAL: -0.33 2 = FOG REDUCING VISIBILITY
HIGHEST: 96 ON 10 GRTST 24HR 1.51 ON 10-11 TO 1/4 MILE OR LESS
LOWEST: 59 ON 14 3 = THUNDER
SNOW, ICE PELLETS, HAIL 4 = ICE PELLETS
TOTAL MONTH: 0.0 INCH 5 = HAIL
GRTST 24HR 0.0 6 = FREEZING RAIN OR DRIZZLE
GRTST DEPTH: 0 7 = DUSTSTORM OR SANDSTORM:
VSBY 1/2 MILE OR LESS
8 = SMOKE OR HAZE
[NO. OF DAYS WITH] [WEATHER - DAYS WITH] 9 = BLOWING SNOW
X = TORNADO
MAX 32 OR BELOW: 0 0.01 INCH OR MORE: 6
MAX 90 OR ABOVE: 4 0.10 INCH OR MORE: 6
MIN 32 OR BELOW: 0 0.50 INCH OR MORE: 2
MIN 0 OR BELOW: 0 1.00 INCH OR MORE: 1
[HDD (BASE 65) ]
TOTAL THIS MO. 0 CLEAR (SCALE 0-3) 23
DPTR FM NORMAL -7 PTCLDY (SCALE 4-7) 8
TOTAL FM JUL 1 0 CLOUDY (SCALE 8-10) 0
DPTR FM NORMAL -2
[CDD (BASE 65) ]
TOTAL THIS MO. 365
DPTR FM NORMAL 152 [PRESSURE DATA]
TOTAL FM JAN 1 599 HIGHEST SLP 30.16 ON 25
DPTR FM NORMAL 224 LOWEST SLP 29.56 ON 11
[REMARKS]
#FINAL-07-20#