000
CXUS54 KEWX 011110
CF6ERV
PRELIMINARY LOCAL CLIMATOLOGICAL DATA (WS FORM: F-6)
STATION: KERRVILLE
MONTH: JANUARY
YEAR: 2022
LATITUDE: 29 58 N
LONGITUDE: 99 5 W
TEMPERATURE IN F: :PCPN: SNOW: WIND :SUNSHINE: SKY :PK WND
================================================================================
1 2 3 4 5 6A 6B 7 8 9 10 11 12 13 14 15 16 17 18
12Z AVG MX 2MIN
DY MAX MIN AVG DEP HDD CDD WTR SNW DPTH SPD SPD DIR MIN PSBL S-S WX SPD DR
================================================================================
1 84 35 60 M 5 0 M M M 7.0 18 360 M M 4 1 30 0
2 46 22 34 M 31 0 M M M 15.0 26 340 M M 0 33 340
3 56 18 37 M 28 0 M M M 3.6 8 190 M M 0 M M
4 63 32 48 M 17 0 M M M 6.7 16 190 M M 0 23 190
5 77 30 54 M 11 0 M M M 3.7 10 330 M M 0 M M
6 62 28 45 M 20 0 M M M 7.5 20 340 M M 0 22 360
7 49 24 37 M 28 0 M M M 2.7 8 170 M M 7 1 M M
8 63 42 53 M 12 0 M M M 3.8 12 190 M M 10 1 16 190
9 63 43 53 M 12 0 M M M 10.0 21 360 M M 5 12 26 350
10 58 37 48 M 17 0 M M M 9.5 17 350 M M 1 23 360
11 48 36 42 M 23 0 M M M 2.5 6 30 M M 7 4 M M
12 65 34 50 M 15 0 M M M 2.0 9 220 M M 2 M M
13 76 28 52 M 13 0 M M M 2.8 10 330 M M 0 M M
14 76 29 53 M 12 0 M M M 5.5 20 330 M M 0 29 330
15 61 35 48 M 17 0 M M M 21.9 33 320 M M 0 43 350
16 69 23 46 M 19 0 M M M 4.4 10 260 M M 0 16 340
17 70 24 47 M 18 0 M M M 3.6 14 160 M M 0 18 180
18 72 44 58 M 7 0 M M M 7.5 16 170 M M 1 21 210
19 80 39 60 M 5 0 M M M 7.9 22 350 M M 3 1 29 360
20 38 28 33 M 32 0 M M M 16.2 24 350 M M 8 35 360
21 52 27 40 M 25 0 M M M 5.2 14 360 M M 5 20 350
22 53 19 36 M 29 0 M M M 2.5 9 110 M M 7 M M
23 53 44 49 M 16 0 M M M 2.0 9 180 M M 10 M M
24 62 37 50 M 15 0 0.02 M M 2.3 6 130 M M 7 2 M M
25 60 28 44 M 21 0 M M M 4.4 10 60 M M 3 16 80
26 50 43 47 M 18 0 M M M 5.1 9 70 M M 10 1 M M
27 59 32 46 M 19 0 M M M 2.6 10 30 M M 8 M M
28 56 28 42 M 23 0 M M M 8.5 14 30 M M 3 21 10
29 64 21 43 M 22 0 M M M 3.9 12 200 M M 0 16 210
30 67 23 45 M 20 0 M M M 5.5 14 170 M M 1 18 170
31 61 48 55 M 10 0 0.46 M M 3.6 13 160 M M 8 1 M M
================================================================================
SM 1913 981 560 0 0.48 M 189.4 M 110
================================================================================
AV 61.7 31.6 6.1 FASTST M M 4 MAX(MPH)
MISC ----> 33 320 43 350
================================================================================
NOTES:
# LAST OF SEVERAL OCCURRENCES
COLUMN 17 PEAK WIND IN M.P.H.
PRELIMINARY LOCAL CLIMATOLOGICAL DATA (WS FORM: F-6) , PAGE 2
STATION: KERRVILLE
MONTH: JANUARY
YEAR: 2022
LATITUDE: 29 58 N
LONGITUDE: 99 5 W
[TEMPERATURE DATA] [PRECIPITATION DATA] SYMBOLS USED IN COLUMN 16
AVERAGE MONTHLY: 46.7 TOTAL FOR MONTH: 0.48 1 = FOG OR MIST
DPTR FM NORMAL: 0.0 DPTR FM NORMAL: M 2 = FOG REDUCING VISIBILITY
HIGHEST: 84 ON 1 GRTST 24HR 0.46 ON 31-31 TO 1/4 MILE OR LESS
LOWEST: 18 ON 3 3 = THUNDER
SNOW, ICE PELLETS, HAIL 4 = ICE PELLETS
TOTAL MONTH: M 5 = HAIL
GRTST 24HR M ON M 6 = FREEZING RAIN OR DRIZZLE
GRTST DEPTH: M ON M 7 = DUSTSTORM OR SANDSTORM:
VSBY 1/2 MILE OR LESS
8 = SMOKE OR HAZE
[NO. OF DAYS WITH] [WEATHER - DAYS WITH] 9 = BLOWING SNOW
X = TORNADO
MAX 32 OR BELOW: 0 0.01 INCH OR MORE: 2
MAX 90 OR ABOVE: 0 0.10 INCH OR MORE: 1
MIN 32 OR BELOW: 18 0.50 INCH OR MORE: 0
MIN 0 OR BELOW: 0 1.00 INCH OR MORE: 0
[HDD (BASE 65) ]
TOTAL THIS MO. 560 CLEAR (SCALE 0-3) 18
DPTR FM NORMAL M PTCLDY (SCALE 4-7) 9
TOTAL FM JUL 1 1037 CLOUDY (SCALE 8-10) 4
DPTR FM NORMAL M
[CDD (BASE 65) ]
TOTAL THIS MO. 0
DPTR FM NORMAL M [PRESSURE DATA]
TOTAL FM JAN 1 0 HIGHEST SLP M ON M
DPTR FM NORMAL M LOWEST SLP M ON M
[REMARKS]
#FINAL-01-22#