000
CXUS54 KEWX 011110
CF6ERV
PRELIMINARY LOCAL CLIMATOLOGICAL DATA (WS FORM: F-6)
STATION: KERRVILLE
MONTH: JANUARY
YEAR: 2024
LATITUDE: 29 58 N
LONGITUDE: 99 5 W
TEMPERATURE IN F: :PCPN: SNOW: WIND :SUNSHINE: SKY :PK WND
================================================================================
1 2 3 4 5 6A 6B 7 8 9 10 11 12 13 14 15 16 17 18
12Z AVG MX 2MIN
DY MAX MIN AVG DEP HDD CDD WTR SNW DPTH SPD SPD DIR MIN PSBL S-S WX SPD DR
================================================================================
1 60 36 48 M 17 0 M M M 4.8 10 30 M M 0 M M
2 47 36 42 M 23 0 0.55 M M 4.0 10 120 M M 10 1 M M
3 51 36 44 M 21 0 M M M 5.8 13 360 M M 8 17 360
4 51 38 45 M 20 0 0.01 M M 5.3 12 140 M M 10 12 M M
5 61 35 48 M 17 0 M M M 5.8 18 300 M M 2 12 29 300
6 65 28 47 M 18 0 M M M 5.4 18 300 M M 0 30 240
7 63 26 45 M 20 0 0.01 M M 10.7 24 140 M M 3 30 150
8 64 44 54 M 11 0 0.10 M M 17.2 30 310 M M 7 8 41 280
9 54 29 42 M 23 0 M M M 11.6 25 320 M M 0 37 320
10 65 26 46 M 19 0 M M M 4.3 15 220 M M 0 21 220
11 71 28 50 M 15 0 M M M 3.9 17 180 M M 0 33 0
12 60 29 45 M 20 0 M M M 13.6 24 310 M M 1 8 36 300
13 58 24 41 M 24 0 M M M 4.9 15 200 M M 0 18 190
14 42 19 31 M 34 0 M M M 8.3 12 360 M M 9 1 16 360
15 24 17 21 M 44 0 M M M 10.8 20 350 M M 8 1 27 10
16 32 15 24 M 41 0 M M M 9.4 17 340 M M 0 28 340
17 44 13 29 M 36 0 M M M 6.2 16 170 M M 0 21 190
18 79 26 53 M 12 0 M M M 4.4 14 310 M M 0 23 190
19 49 30 40 M 25 0 M M M 8.9 20 10 M M 0 28 360
20 42 23 33 M 32 0 M M M 5.4 8 120 M M 5 M M
21 41 35 38 M 27 0 0.02 M M 6.2 9 110 M M 10 18 M M
22 65 41 53 M 12 0 0.33 M M 3.0 10 100 M M 6 1 M M
23 64 53 59 M 6 0 0.06 M M 3.2 7 130 M M 10 12 M M
24 59 52 56 M 9 0 0.39 M M 2.7 13 100 M M 10 1 26 0
25 72 42 57 M 8 0 M M M 3.7 9 220 M M 1 1 9 230
26 70 47 59 M 6 0 M M M 5.8 14 180 M M 7 12 18 180
27 63 39 51 M 14 0 M M M 10.1 18 320 M M 4 25 340
28 66 33 50 M 15 0 M M M 3.3 8 340 M M 0 M M
29 68 32 50 M 15 0 M M M 3.4 10 270 M M 0 M M
30 69 34 52 M 13 0 M M M 1.9 5 170 M M 0 M M
31 70 33 52 M 13 0 M M M 3.6 13 160 M M 0 18 160
================================================================================
SM 1789 999 610 0 1.47 M 197.6 M 111
================================================================================
AV 57.7 32.2 6.4 FASTST M M 4 MAX(MPH)
MISC ----> 30 310 41 280
================================================================================
NOTES:
# LAST OF SEVERAL OCCURRENCES
COLUMN 17 PEAK WIND IN M.P.H.
PRELIMINARY LOCAL CLIMATOLOGICAL DATA (WS FORM: F-6) , PAGE 2
STATION: KERRVILLE
MONTH: JANUARY
YEAR: 2024
LATITUDE: 29 58 N
LONGITUDE: 99 5 W
[TEMPERATURE DATA] [PRECIPITATION DATA] SYMBOLS USED IN COLUMN 16
AVERAGE MONTHLY: 45.0 TOTAL FOR MONTH: 1.47 1 = FOG OR MIST
DPTR FM NORMAL: 0.0 DPTR FM NORMAL: M 2 = FOG REDUCING VISIBILITY
HIGHEST: 79 ON 18 GRTST 24HR 3.57 ON 21-22 TO 1/4 MILE OR LESS
LOWEST: 13 ON 17 3 = THUNDER
SNOW, ICE PELLETS, HAIL 4 = ICE PELLETS
TOTAL MONTH: M 5 = HAIL
GRTST 24HR M ON M 6 = FREEZING RAIN OR DRIZZLE
GRTST DEPTH: M ON M 7 = DUSTSTORM OR SANDSTORM:
VSBY 1/2 MILE OR LESS
8 = SMOKE OR HAZE
[NO. OF DAYS WITH] [WEATHER - DAYS WITH] 9 = BLOWING SNOW
X = TORNADO
MAX 32 OR BELOW: 2 0.01 INCH OR MORE: 8
MAX 90 OR ABOVE: 0 0.10 INCH OR MORE: 4
MIN 32 OR BELOW: 15 0.50 INCH OR MORE: 1
MIN 0 OR BELOW: 0 1.00 INCH OR MORE: 0
[HDD (BASE 65) ]
TOTAL THIS MO. 610 CLEAR (SCALE 0-3) 18
DPTR FM NORMAL M PTCLDY (SCALE 4-7) 5
TOTAL FM JUL 1 1336 CLOUDY (SCALE 8-10) 8
DPTR FM NORMAL M
[CDD (BASE 65) ]
TOTAL THIS MO. 0
DPTR FM NORMAL M [PRESSURE DATA]
TOTAL FM JAN 1 0 HIGHEST SLP M ON M
DPTR FM NORMAL M LOWEST SLP M ON M
[REMARKS]
#FINAL-01-24#