194
CXUS53 KDMX 051654
CF6EST
PRELIMINARY LOCAL CLIMATOLOGICAL DATA (WS FORM: F-6)
STATION: ESTHERVILLE IA
MONTH: FEBRUARY
YEAR: 2021
LATITUDE: 43 24 N
LONGITUDE: 94 45 W
TEMPERATURE IN F: :PCPN: SNOW: WIND :SUNSHINE: SKY :PK WND
================================================================================
1 2 3 4 5 6A 6B 7 8 9 10 11 12 13 14 15 16 17 18
12Z AVG MX 2MIN
DY MAX MIN AVG DEP HDD CDD WTR SNW DPTH SPD SPD DIR MIN PSBL S-S WX SPD DR
================================================================================
1 24 19 22 5 43 0 0.00 0.0 M 7.4 17 350 M M 10 1 23 350
2 22 17 20 3 45 0 0.00 0.0 M 10.8 17 170 M M 10 12 21 140
3 34 17 26 9 39 0 0.00 0.0 M 17.6 26 180 M M 7 1 35 170
4 31 8 20 2 45 0 M M M 20.3 32 320 M M 8 1289 41 340
5 12 2 7 -11 58 0 M M M 18.5 29 310 M M 4 18 34 300
6 4 -13 -4 -22 69 0 M M M 13.4 23 310 M M 4 8 27 320
7 -4 -15 -9 -27 74 0 M M M 5.4 12 360 M M 6 8 13 360
8 -2 -15 -8 -26 73 0 0.00 0.0 M 6.7 13 360 M M 3 15 10
9 8 -15 -3 -22 68 0 0.00 0.0 M 8.7 16 280 M M 0 20 270
10 9 -7 1 -18 64 0 0.00 0.0 M 6.4 13 360 M M 4 16 360
11 -3 -10 -6 -25 71 0 M M M 11.2 18 30 M M 8 8 23 20
12 -7 -16 -11 -31 76 0 M M M 9.5 15 360 M M 2 19 10
13 -2 -19 -10 -30 75 0 M M M 7.2 18 340 M M 6 18 25 340
14 -11 -20 -15 -35 80 0 0.00 0.0 M 13.1 23 350 M M 3 8 30 350
15 -8 -22 -15 -35 80 0 0.00 0.0 M 6.8 13 360 M M 0 15 10
16 3 -22 -9 -30 74 0 0.00 0.0 M 5.0 9 180 M M 2 11 180
17 8 -3 3 -18 62 0 M M M 11.6 17 180 M M 9 18 21 190
18 12 -4 4 -17 61 0 0.00 0.0 M 6.8 12 240 M M 7 1 14 240
19 18 -9 5 -17 60 0 0.00 0.0 M 4.4 9 240 M M 2 128 11 190
20 21 -9 6 -16 59 0 0.00 0.0 M 10.5 21 160 M M 5 128 24 160
21 24 16 20 -2 45 0 M M M 9.4 17 180 M M 9 12 21 190
22 40 16 28 5 37 0 0.00 0.0 M 18.1 26 260 M M 3 12 32 250
23 37 21 29 6 36 0 0.00 0.0 M 11.1 22 160 M M 2 31 300
24 35 22 29 5 36 0 0.00 0.0 M 13.0 28 350 M M 5 1 35 350
25 33 17 25 1 40 0 0.00 0.0 M 9.4 15 240 M M 4 1 18 250
26 36 22 29 5 36 0 0.00 0.0 M 15.1 26 190 M M 0 1 38 190
27 40 23 32 7 33 0 0.01 M M 9.0 21 40 M M 3 1 26 20
28 34 19 27 2 38 0 M M M 16.6 32 340 M M 5 1 41 330
================================================================================
SM 448 20 1577 0 0.01 0.0 303.0 M 131
================================================================================
AV 16.0 0.7 10.8 FASTST M M 5 MAX(MPH)
MISC ----> # 32 320 # 41 340
================================================================================
NOTES:
# LAST OF SEVERAL OCCURRENCES
COLUMN 17 PEAK WIND IN M.P.H.
PRELIMINARY LOCAL CLIMATOLOGICAL DATA (WS FORM: F-6) , PAGE 2
STATION: ESTHERVILLE IA
MONTH: FEBRUARY
YEAR: 2021
LATITUDE: 43 24 N
LONGITUDE: 94 45 W
[TEMPERATURE DATA] [PRECIPITATION DATA] SYMBOLS USED IN COLUMN 16
AVERAGE MONTHLY: 8.4 TOTAL FOR MONTH: 0.01 1 = FOG OR MIST
DPTR FM NORMAL: -12.2 DPTR FM NORMAL: -0.34 2 = FOG REDUCING VISIBILITY
HIGHEST: 40 ON 27,22 GRTST 24HR 0.02 ON 27-28 TO 1/4 MILE OR LESS
LOWEST: -22 ON 16,15 3 = THUNDER
SNOW, ICE PELLETS, HAIL 4 = ICE PELLETS
TOTAL MONTH: 0.0 INCH 5 = HAIL
GRTST 24HR 0.0 6 = FREEZING RAIN OR DRIZZLE
GRTST DEPTH: M ON M 7 = DUSTSTORM OR SANDSTORM:
VSBY 1/2 MILE OR LESS
8 = SMOKE OR HAZE
[NO. OF DAYS WITH] [WEATHER - DAYS WITH] 9 = BLOWING SNOW
X = TORNADO
MAX 32 OR BELOW: 20 0.01 INCH OR MORE: 1
MAX 90 OR ABOVE: 0 0.10 INCH OR MORE: 0
MIN 32 OR BELOW: 28 0.50 INCH OR MORE: 0
MIN 0 OR BELOW: 15 1.00 INCH OR MORE: 0
[HDD (BASE 65) ]
TOTAL THIS MO. 1577 CLEAR (SCALE 0-3) 11
DPTR FM NORMAL 333 PTCLDY (SCALE 4-7) 12
TOTAL FM JUL 1 6045 CLOUDY (SCALE 8-10) 5
DPTR FM NORMAL 127
[CDD (BASE 65) ]
TOTAL THIS MO. 0
DPTR FM NORMAL 0 [PRESSURE DATA]
TOTAL FM JAN 1 0 HIGHEST SLP 30.82 ON 14
DPTR FM NORMAL 0 LOWEST SLP 29.61 ON 23
[REMARKS]
#FINAL-02-21#