000
CXUS56 KPQR 011155
CF6EUG
PRELIMINARY LOCAL CLIMATOLOGICAL DATA (WS FORM: F-6)
STATION: EUGENE OR
MONTH: MAY
YEAR: 2022
LATITUDE: 44 7 N
LONGITUDE: 123 13 W
TEMPERATURE IN F: :PCPN: SNOW: WIND :SUNSHINE: SKY :PK WND
================================================================================
1 2 3 4 5 6A 6B 7 8 9 10 11 12 13 14 15 16 17 18
12Z AVG MX 2MIN
DY MAX MIN AVG DEP HDD CDD WTR SNW DPTH SPD SPD DIR MIN PSBL S-S WX SPD DR
================================================================================
1 66 41 54 0 11 0 0.00 0.0 0 3.2 20 270 M M 8 25 260
2 52 45 49 -5 16 0 0.27 0.0 0 13.5 24 220 M M 9 1 32 210
3 63 44 54 0 11 0 0.00 0.0 0 4.9 12 340 M M 7 14 340
4 72 38 55 1 10 0 0.00 0.0 0 4.4 14 210 M M 5 1 16 230
5 60 46 53 -1 12 0 0.96 0.0 0 6.5 23 220 M M 10 1 26 220
6 64 51 58 4 7 0 0.19 0.0 0 12.4 35 220 M M 9 1 44 220
7 56 39 48 -7 17 0 0.29 0.0 0 11.4 21 270 M M 9 1 26 270
8 52 38 45 -10 20 0 0.17 0.0 0 9.8 23 230 M M 9 1 28 230
9 55 36 46 -9 19 0 0.08 0.0 0 7.9 23 240 M M 7 30 240
10 62 38 50 -5 15 0 T 0.0 0 4.1 14 310 M M 7 18 300
11 63 36 50 -5 15 0 0.00 0.0 0 7.1 18 280 M M 7 1 24 280
12 52 39 46 -10 19 0 0.45 0.0 0 9.7 24 190 M M 10 1 31 160
13 57 37 47 -9 18 0 0.46 0.0 0 4.4 12 170 M M 10 12 13 170
14 69 55 62 6 3 0 0.27 0.0 0 7.5 16 200 M M 9 1 21 190
15 72 50 61 5 4 0 T 0.0 0 7.4 20 240 M M 7 12 26 240
16 63 46 55 -1 10 0 0.00 0.0 0 5.8 12 270 M M 8 16 250
17 69 40 55 -1 10 0 0.00 0.0 0 3.0 10 220 M M 6 12 13 220
18 64 45 55 -1 10 0 0.03 0.0 0 9.0 16 250 M M 9 21 210
19 60 36 48 -9 17 0 0.06 0.0 0 6.4 24 340 M M 6 5 33 330
20 62 33 48 -9 17 0 0.00 0.0 0 5.4 17 20 M M 3 1 21 10
21 71 36 54 -3 11 0 0.00 0.0 0 6.6 17 10 M M 2 1 22 10
22 73 41 57 0 8 0 T 0.0 0 3.2 10 280 M M 6 1 14 20
23 75 46 61 4 4 0 0.00 0.0 0 4.4 14 20 M M 5 17 30
24 79 41 60 3 5 0 0.00 0.0 0 3.2 12 240 M M 5 1 16 290
25 79 51 65 8 0 0 0.00 0.0 0 4.5 13 20 M M 7 15 20
26 74 51 63 5 2 0 T 0.0 0 6.0 17 230 M M 7 22 220
27 66 51 59 1 6 0 0.00 0.0 0 5.1 10 280 M M 9 14 250
28 61 45 53 -5 12 0 0.34 0.0 0 12.0 33 210 M M 9 1 46 210
29 60 49 55 -3 10 0 0.03 0.0 0 8.8 20 300 M M 8 24 300
30 65 45 55 -3 10 0 T 0.0 0 4.7 16 350 M M 8 20 360
31 74 40 57 -1 8 0 0.00 0.0 0 3.6 10 340 M M 4 1 16 10
================================================================================
SM 2010 1329 337 0 3.60 0.0 205.9 M 225
================================================================================
AV 64.8 42.9 6.6 FASTST M M 7 MAX(MPH)
MISC ----> 35 220 46 210
================================================================================
NOTES:
# LAST OF SEVERAL OCCURRENCES
COLUMN 17 PEAK WIND IN M.P.H.
PRELIMINARY LOCAL CLIMATOLOGICAL DATA (WS FORM: F-6) , PAGE 2
STATION: EUGENE OR
MONTH: MAY
YEAR: 2022
LATITUDE: 44 7 N
LONGITUDE: 123 13 W
[TEMPERATURE DATA] [PRECIPITATION DATA] SYMBOLS USED IN COLUMN 16
AVERAGE MONTHLY: 53.9 TOTAL FOR MONTH: 3.60 1 = FOG OR MIST
DPTR FM NORMAL: -2.2 DPTR FM NORMAL: 1.14 2 = FOG REDUCING VISIBILITY
HIGHEST: 79 ON 25,24 GRTST 24HR 1.00 ON 5- 6 TO 1/4 MILE OR LESS
LOWEST: 33 ON 20 3 = THUNDER
SNOW, ICE PELLETS, HAIL 4 = ICE PELLETS
TOTAL MONTH: 0.0 INCH 5 = HAIL
GRTST 24HR 0.0 6 = FREEZING RAIN OR DRIZZLE
GRTST DEPTH: 0 7 = DUSTSTORM OR SANDSTORM:
VSBY 1/2 MILE OR LESS
8 = SMOKE OR HAZE
[NO. OF DAYS WITH] [WEATHER - DAYS WITH] 9 = BLOWING SNOW
X = TORNADO
MAX 32 OR BELOW: 0 0.01 INCH OR MORE: 13
MAX 90 OR ABOVE: 0 0.10 INCH OR MORE: 9
MIN 32 OR BELOW: 0 0.50 INCH OR MORE: 1
MIN 0 OR BELOW: 0 1.00 INCH OR MORE: 0
[HDD (BASE 65) ]
TOTAL THIS MO. 337 CLEAR (SCALE 0-3) 1
DPTR FM NORMAL 56 PTCLDY (SCALE 4-7) 17
TOTAL FM JUL 1 4263 CLOUDY (SCALE 8-10) 13
DPTR FM NORMAL -206
[CDD (BASE 65) ]
TOTAL THIS MO. 0
DPTR FM NORMAL -4 [PRESSURE DATA]
TOTAL FM JAN 1 0 HIGHEST SLP 30.34 ON 3
DPTR FM NORMAL -4 LOWEST SLP 29.63 ON 28
[REMARKS]
#FINAL-05-22#