000
CXUS56 KPQR 011604
CLMEUG
CLIMATE REPORT
NATIONAL WEATHER SERVICE PORTLAND OREGON
904 AM PDT FRI SEP 01 2023
...................................
...THE EUGENE OR CLIMATE SUMMARY FOR THE MONTH OF AUGUST 2023...
CLIMATE NORMAL PERIOD 1991 TO 2020
CLIMATE RECORD PERIOD 1892 TO 2023
WEATHER OBSERVED NORMAL DEPART LAST YEAR`S
VALUE DATE(S) VALUE FROM VALUE DATE(S)
NORMAL
................................................................
TEMPERATURE (F)
HIGHEST 105 99 08/07
LOWEST 45 47 08/04
AVG. MAXIMUM 87.9 84.3 3.6 88.3
AVG. MINIMUM 57.1 51.5 5.6 54.7
MEAN 72.5 67.9 4.6 71.5
DAYS MAX >= 90 12 7.0 5.0 14
DAYS MAX <= 32 0 0.0 0.0 0
DAYS MIN <= 32 0 0.0 0.0 0
DAYS MIN <= 0 0 0.0 0.0 0
PRECIPITATION (INCHES)
RECORD
MAXIMUM 5.79 1968
MINIMUM 0.00 2006
TOTALS 0.26 0.39 -0.13 0.06
DAYS >= .01 4 2.8 1.2 1
DAYS >= .10 1 1.0 0.0 0
DAYS >= .50 0 0.2 -0.2 0
DAYS >= 1.00 0 0.0 0.0 0
GREATEST
24 HR. TOTAL 0.15 08/31 TO 08/31
DEGREE DAYS
HEATING TOTAL 6 24 -18 0
SINCE 7/1 6 47 -41 MM
COOLING TOTAL 246 114 132 210
SINCE 1/1 540 254 286 MM
................................................................
WIND (MPH)
AVERAGE WIND SPEED 6.0
RESULTANT WIND SPEED/DIRECTION 2/290
HIGHEST WIND SPEED/DIRECTION 20/330 DATE 08/04
20/300 08/12
20/300 08/13
HIGHEST GUST SPEED/DIRECTION 28/310 DATE 08/04
SKY COVER
POSSIBLE SUNSHINE (PERCENT) MM
AVERAGE SKY COVER 0.42
NUMBER OF DAYS FAIR 11
NUMBER OF DAYS PC 17
NUMBER OF DAYS CLOUDY 3
AVERAGE RH (PERCENT) 56
WEATHER CONDITIONS. NUMBER OF DAYS WITH
THUNDERSTORM 1 MIXED PRECIP 0
HEAVY RAIN 0 RAIN 0
LIGHT RAIN 2 FREEZING RAIN 0
LT FREEZING RAIN 0 HAIL 0
HEAVY SNOW 0 SNOW 0
LIGHT SNOW 0 SLEET 0
FOG 4 FOG W/VIS <= 1/4 MILE 0
HAZE 8
- INDICATES NEGATIVE NUMBERS.
R INDICATES RECORD WAS SET OR TIED.
MM INDICATES DATA IS MISSING.
T INDICATES TRACE AMOUNT.
$$